Vremenska postaja Dobravšce

 

46.0659 N| 13.5588 E| 812 m | Prikaži na zemljevidu

 

Vreme na kratko
15,3°C 91% 1016,7 mbar 2 km/h 3 km/h 0,0 mm
-0,6°C/h 2%/h 0,3 mbar/h JJZ (202°) JJZ (202°) 0,0 mm/h

18. 06. 2024 00:00:00 CEST

Vremenska statistika za 09-2023

Vremenska postaja:Vantage Pro2
Programska oprema:weewx v3.9.1
WeeWX aktiven:43 dni, 22 ure, 32 minute
Strežnik aktiven:42 dni, 3 ure, 9 minute
                   MONTHLY CLIMATOLOGICAL SUMMARY for sep 2023


NAME: Dobravšce                  
ELEV: 453 m    LAT: 46-05.63 S    LONG: 014-08.82 V


                   TEMPERATURE (°C), RAIN (mm), WIND SPEED (km/h)

                                         HEAT   COOL         AVG
      MEAN                               DEG    DEG          WIND                   DOM
DAY   TEMP   HIGH   TIME    LOW   TIME   DAYS   DAYS   RAIN  SPEED   HIGH   TIME    DIR
---------------------------------------------------------------------------------------
 01   17,7   24,6  16:11   13,7  02:11    0,1    0,0    0,2    2,0   19,3  15:30    249
 02   18,4   26,4  14:20   12,4  04:30    0,0    0,2    0,0    1,6   14,5  17:53    241
 03   19,1   25,3  16:35   15,2  00:55    0,0    0,6    0,0    1,5   20,9  13:50    133
 04   18,0   23,6  16:10   11,6  23:54    0,0    0,0    0,0    2,6   22,5  13:32    151
 05   15,1   23,2  16:14    8,3  05:17    1,6    0,0    0,0    4,3   30,6  15:30     52
 06   16,0   24,6  17:04    9,8  06:56    1,1    0,0    0,0    3,5   25,7  14:39     52
 07   16,9   25,1  15:46   10,8  07:00    0,6    0,0    0,0    3,6   30,6  11:58     56
 08   16,7   25,5  16:42   10,1  05:34    0,7    0,0    0,0    3,0   24,1  12:24     69
 09   16,8   25,7  16:31   10,6  06:27    0,6    0,0    0,2    2,9   25,7  14:51     69
 10   17,0   27,4  14:42   10,1  06:12    0,6    0,0    0,0    1,6   17,7  13:26    122
 11   17,7   29,1  16:00   11,3  07:15    0,2    0,0    0,2    1,4   11,3  14:21    253
 12   18,6   26,9  16:20   12,7  07:06    0,0    0,4    0,0    2,0   22,5  13:34    243
 13   18,8   25,1  12:50   15,1  02:24    0,0    0,5    0,0    3,0   33,8  11:10    245
 14   17,8   24,7  13:30   15,7  02:10    0,1    0,0    8,6    1,2   17,7  13:20    190
 15   16,9   23,2  14:57   12,0  23:58    0,6    0,0    0,0    2,0   19,3  15:11     69
 16   16,0   22,9  17:10   11,5  06:06    1,1    0,0    0,0    1,9   12,9  18:30    252
 17   17,8   24,3  14:29   13,1  03:35    0,1    0,0    0,0    2,3   22,5  14:45    257
 18   18,5   23,1  14:49   14,3  01:35    0,0    0,3    9,4    2,1   17,7  12:07    247
 19   17,2   22,9  16:07   13,3  23:11    0,5    0,0    2,0    1,4   14,5  15:18    224
 20   16,9   23,4  14:44   13,2  06:56    0,6    0,0    0,0    1,1   11,3  11:05    317
 21   16,6   20,3  16:41   14,4  07:40    0,8    0,0    7,8    1,2   16,1  17:03    246
 22   18,0   23,2  13:09   14,3  06:56    0,0    0,0    9,2    2,1   25,7  13:36    232
 23   15,9   18,2  12:54   13,4  23:17    1,2    0,0    9,6    2,5   20,9  17:32    116
 24   12,1   14,8  10:30   10,2  06:49    3,3    0,0    2,6    2,3   20,9  11:38    224
 25   13,2   20,3  16:31    7,9  06:06    2,7    0,0    0,0    1,9   20,9  14:45    142
 26   15,4   22,9  17:21   10,8  02:34    1,4    0,0    0,0    2,6   22,5  16:18     42
 27   15,3   23,7  15:12    9,4  07:02    1,5    0,0    0,0    4,0   30,6  13:23     44
 28   14,1   23,7  15:37    7,9  06:50    2,2    0,0    0,2    2,8   24,1  13:01     52
 29   13,5   23,7  16:02    7,1  06:53    2,5    0,0    0,0    1,9   19,3  12:28     90
 30   13,7   23,2  16:12    8,1  06:13    2,4    0,0    0,2    1,1   17,7  14:48    242
---------------------------------------------------------------------------------------
      16,5   29,1     11    7,1     29   26,5    1,9   50,2    2,3   33,8     13     65
    
Tropske noči (Tmin >= 20): 0
Vroči dnevi (Tmax >= 30): 0
Topli dnevi (Tmax >= 25): 9
Hladni dnevi (Tmin < 0): 0
Ledeni dnevi (Tmax < 0): 0