Vremenska postaja Dobravšce

 

46.0659 N| 13.5588 E| 812 m | Prikaži na zemljevidu

 

Vreme na kratko
14,4°C 93% 1016,8 mbar 0 km/h 2 km/h 0,0 mm
-0,2°C/h 1%/h -0,0 mbar/h N/A ( N/A) N/A ( N/A) 0,0 mm/h

18. 06. 2024 01:40:00 CEST

Vremenska statistika za 01-2023

Vremenska postaja:Vantage Pro2
Programska oprema:weewx v3.9.1
WeeWX aktiven:44 dni, 0 ure, 12 minute
Strežnik aktiven:42 dni, 4 ure, 49 minute
                   MONTHLY CLIMATOLOGICAL SUMMARY for jan 2023


NAME: Dobravšce                  
ELEV: 453 m    LAT: 46-05.63 S    LONG: 014-08.82 V


                   TEMPERATURE (°C), RAIN (mm), WIND SPEED (km/h)

                                         HEAT   COOL         AVG
      MEAN                               DEG    DEG          WIND                   DOM
DAY   TEMP   HIGH   TIME    LOW   TIME   DAYS   DAYS   RAIN  SPEED   HIGH   TIME    DIR
---------------------------------------------------------------------------------------
 01   10,9   11,6  12:46   10,3  08:29    3,9    0,0    0,0    5,1   25,7  01:55    251
 02   10,0   10,8  00:00    9,3  08:59    4,4    0,0    0,0    2,8   20,9  00:08    254
 03    8,5   10,1  01:28    7,4  22:29    5,3    0,0    1,8    0,9   16,1  00:10    248
 04    7,6    9,2  14:18    6,2  19:13    5,8    0,0    0,2    0,6   17,7  23:51    268
 05    8,3    9,1  10:53    5,4  23:59    5,4    0,0    0,0    4,2   25,7  03:10    252
 06    6,1   10,1  14:47    2,3  06:06    6,6    0,0    0,0    1,9   19,3  18:51    250
 07    7,7    8,7  14:26    6,1  07:47    5,7    0,0    0,0    3,7   29,0  18:14    251
 08    6,9    8,3  23:59    5,9  05:01    6,1    0,0    7,6    3,5   24,1  02:09    251
 09    6,2    8,3  00:00    3,6  23:54    6,5    0,0   39,0    2,2   20,9  15:18    196
 10    4,6   11,1  13:08   -1,9  23:45    7,4    0,0    0,0    5,0   43,5  13:46     29
 11    0,4    6,8  13:50   -4,1  03:45    9,8    0,0    0,0    0,5    9,7  11:07    340
 12    2,6   10,3  13:29   -1,1  22:59    8,6    0,0    0,0    0,7   29,0  01:19    250
 13    2,4    8,7  13:57   -0,9  01:38    8,6    0,0    0,0    1,0   16,1  14:36    242
 14    2,7    9,3  14:48   -0,6  06:52    8,5    0,0    0,4    1,1   20,9  01:07    238
 15    5,3    7,9  12:17    0,4  02:46    7,1    0,0   17,6    2,1   20,9  07:03    249
 16    1,0    5,7  00:00    0,0  06:00    9,4    0,0   35,0    0,8   35,4  00:14     46
 17    0,4    1,1  00:20   -0,1  19:44    9,8    0,0   10,0    0,0    6,4  20:52     68
 18    0,5    1,8  13:34   -0,1  00:22    9,7    0,0   12,8    0,2    6,4  09:31    263
 19    0,4    1,2  12:02   -0,1  05:02    9,8    0,0    6,4    2,2   20,9  10:39     95
 20   -1,0    0,7  14:02   -4,8  23:46   10,6    0,0    1,2    4,5   20,9  02:07    143
 21   -3,0    1,8  12:55   -8,1  06:55   11,7    0,0    0,2    3,8   25,7  12:56    178
 22   -0,7    0,9  15:00   -3,6  08:07   10,4    0,0    0,4    3,1   19,3  00:36    142
 23    1,0    2,7  11:48   -0,4  01:42    9,4    0,0   53,8    3,7   33,8  03:10    126
 24    0,8    2,3  13:55    0,0  00:01    9,6    0,0    5,8    0,1    6,4  07:10    248
 25    1,3    2,6  10:10    0,4  00:00    9,3    0,0    5,8    4,8   20,9  10:33     57
 26    0,3    0,9  00:05   -0,3  21:29    9,9    0,0    0,0    7,1   25,7  00:13     91
 27   -0,5    1,5  14:35   -1,8  22:38   10,3    0,0    0,0    7,0   25,7  11:56     71
 28   -2,1   -0,6  12:05   -4,4  05:58   11,2    0,0    0,0    1,4   11,3  12:42     73
 29   -0,7    1,0  13:40   -1,7  01:15   10,4    0,0    0,0    2,4   14,5  16:37     70
 30   -1,7    5,6  14:44   -4,6  08:17   10,9    0,0    0,2    3,3   12,9  15:44    242
 31   -1,2    7,8  14:48   -6,8  08:06   10,6    0,0    0,2    2,8   20,9  14:47    247
---------------------------------------------------------------------------------------
       2,8   11,6     01   -8,1     21  262,8    0,0  198,4    2,7   43,5     10    188
    
Tropske noči (Tmin >= 20): 0
Vroči dnevi (Tmax >= 30): 0
Topli dnevi (Tmax >= 25): 0
Hladni dnevi (Tmin < 0): 18
Ledeni dnevi (Tmax < 0): 1