Vremenska postaja Dobravšce

 

46.0659 N| 13.5588 E| 812 m | Prikaži na zemljevidu

 

Vreme na kratko
14,7°C 92% 1016,8 mbar 0 km/h 3 km/h 0,0 mm
-0,9°C/h 1%/h 0,0 mbar/h N/A ( N/A) N/A ( N/A) 0,0 mm/h

18. 06. 2024 00:30:00 CEST

Vremenska statistika za 12-2022

Vremenska postaja:Vantage Pro2
Programska oprema:weewx v3.9.1
WeeWX aktiven:43 dni, 23 ure, 2 minute
Strežnik aktiven:42 dni, 3 ure, 39 minute
                   MONTHLY CLIMATOLOGICAL SUMMARY for dec 2022


NAME: Dobravšce                  
ELEV: 453 m    LAT: 46-05.63 S    LONG: 014-08.82 V


                   TEMPERATURE (°C), RAIN (mm), WIND SPEED (km/h)

                                         HEAT   COOL         AVG
      MEAN                               DEG    DEG          WIND                   DOM
DAY   TEMP   HIGH   TIME    LOW   TIME   DAYS   DAYS   RAIN  SPEED   HIGH   TIME    DIR
---------------------------------------------------------------------------------------
 01    2,4    3,3  12:12    1,8  23:51    8,7    0,0    2,4    3,4   17,7  23:46     48
 02    1,2    2,2  14:22    0,1  07:24    9,3    0,0    5,8    0,6   16,1  00:15     40
 03    2,0    2,6  14:03    1,6  02:47    8,9    0,0    3,4    1,5   14,5  18:49     65
 04    2,5    3,3  12:52    1,7  18:52    8,6    0,0    8,6    2,6   19,3  08:30     64
 05    3,4    4,4  21:19    2,2  02:24    8,1    0,0   19,2    0,3   20,9  16:46    216
 06    4,2    6,3  14:08    2,1  22:55    7,7    0,0    0,0    1,4    9,7  05:45    217
 07    3,3    6,3  14:23    2,1  16:50    8,2    0,0    0,4    1,4   12,9  13:05      4
 08    2,9    4,2  14:25    2,1  07:27    8,4    0,0    0,8    0,4    9,7  01:45    300
 09    3,0    4,0  23:57    2,6  00:00    8,3    0,0   37,8    0,3    8,0  14:10    282
 10    3,4    5,1  10:18    0,3  20:40    8,1    0,0    5,2    2,5   19,3  10:48     47
 11   -0,1    1,3  10:10   -1,6  23:54   10,0    0,0    1,4    2,0   20,9  12:27     54
 12   -4,3   -1,0  12:46   -8,2  20:19   12,4    0,0    0,2    1,3    9,7  14:35    230
 13   -4,7   -2,4  13:10   -8,8  02:42   12,6    0,0    0,0    1,1   16,1  17:36     47
 14   -2,8   -0,2  13:56   -5,0  22:47   11,5    0,0    0,0    0,2    6,4  09:30    251
 15   -1,5    1,4  12:21   -5,7  04:39   10,8    0,0    0,2    0,3   11,3  23:04    211
 16    2,1    3,9  15:16    0,7  00:00    8,8    0,0   34,6    0,3    8,0  00:13     31
 17    1,0    3,2  00:00    0,1  05:25    9,4    0,0    7,0    2,6   16,1  14:40     49
 18   -0,3    1,0  12:35   -1,6  06:48   10,2    0,0    0,0    4,1   24,1  21:05    125
 19   -0,6    0,6  13:25   -1,4  06:46   10,3    0,0    0,0    2,6   17,7  01:21     57
 20    1,5    5,3  13:32   -2,3  07:53    9,1    0,0    0,0    1,6   14,5  22:32    244
 21    5,3    7,7  12:56    2,4  00:29    7,1    0,0    0,0    2,9   29,0  07:52    245
 22    5,7    8,1  11:13    3,9  05:26    6,8    0,0    0,0    2,4   19,3  11:44    245
 23    7,3    9,1  12:40    5,4  01:24    5,9    0,0    0,0    3,0   17,7  11:51    247
 24    7,7   11,3  14:43    4,8  23:15    5,7    0,0    0,0    0,8   12,9  05:03    235
 25    7,9   11,1  14:48    4,9  00:09    5,6    0,0    0,0    2,1   19,3  17:14    252
 26    9,1    9,8  19:12    8,5  00:00    5,0    0,0    0,0    3,9   29,0  00:08    246
 27    7,8   11,0  13:03    4,8  08:51    5,6    0,0    0,0    2,4   20,9  22:03     96
 28    3,6    7,2  14:31   -0,2  05:52    8,0    0,0    0,0    0,9   16,1  00:00     58
 29    7,0    9,3  14:24    3,3  00:12    6,1    0,0    0,6    2,6   16,1  10:38    240
 30    8,1   10,3  23:53    6,7  05:02    5,5    0,0    4,2    0,9   19,3  23:33    250
 31   10,8   12,5  12:40    9,4  01:51    4,0    0,0    0,0    4,3   22,5  03:15    247
---------------------------------------------------------------------------------------
       3,2   12,5     31   -8,8     13  255,0    0,0  131,8    1,8   29,0     21    262
    
Tropske noči (Tmin >= 20): 0
Vroči dnevi (Tmax >= 30): 0
Topli dnevi (Tmax >= 25): 0
Hladni dnevi (Tmin < 0): 9
Ledeni dnevi (Tmax < 0): 3