Vremenska postaja Dobravšce

 

46.0659 N| 13.5588 E| 812 m | Prikaži na zemljevidu

 

Vreme na kratko
-2,8°C 89% 1023,5 mbar 8 km/h 10 km/h 0,0 mm
-0,5°C/h 1%/h -0,6 mbar/h ZJZ (248°) ZJZ (248°) 0,0 mm/h

30. 01. 2023 03:00:00 CET

Vremenska statistika za 11-2022

Vremenska postaja:Vantage Pro2
Programska oprema:weewx v3.9.1
WeeWX aktiven:0 dni, 15 ure, 43 minute
Strežnik aktiven:0 dni, 14 ure, 59 minute
                   MONTHLY CLIMATOLOGICAL SUMMARY for nov 2022


NAME: Dobravšce                  
ELEV: 453 m    LAT: 46-05.63 S    LONG: 014-08.82 V


                   TEMPERATURE (°C), RAIN (mm), WIND SPEED (km/h)

                                         HEAT   COOL         AVG
      MEAN                               DEG    DEG          WIND                   DOM
DAY   TEMP   HIGH   TIME    LOW   TIME   DAYS   DAYS   RAIN  SPEED   HIGH   TIME    DIR
---------------------------------------------------------------------------------------
 01   12,8   21,2  12:26    4,4  06:50    2,9    0,0    0,0    3,6   25,7  11:58    248
 02   13,4   19,8  14:31    7,9  06:40    2,5    0,0    2,6    1,3   11,3  00:00    260
 03   12,2   13,4  14:57   11,6  04:02    3,2    0,0    4,4    0,0    6,4  09:44    347
 04   10,8   13,9  12:49    6,9  19:56    4,0    0,0   10,4    2,0   37,0  12:11    248
 05    8,2   13,6  14:57    1,7  23:35    5,5    0,0    0,0    2,8   24,1  13:54    189
 06    4,2   11,1  13:51   -0,9  07:15    7,7    0,0    0,0    1,4   16,1  14:34     72
 07    6,4   15,9  14:14    1,6  07:21    6,5    0,0    0,0    0,8    9,7  13:00    273
 08    7,4   15,7  12:48    1,3  07:19    5,9    0,0    0,2    1,8   24,1  13:27    251
 09   12,3   14,3  13:44    9,3  02:38    3,2    0,0    0,0    2,0   19,3  03:55    239
 10   10,5   11,7  04:31    7,7  23:09    4,2    0,0   15,6    0,7   12,9  10:14    211
 11    7,7   11,0  15:07    6,1  17:58    5,7    0,0    0,0    1,0   11,3  02:27    286
 12    6,4   11,6  14:25    3,7  08:02    6,5    0,0    0,0    0,6    8,0  01:37     75
 13    7,6   10,4  12:12    4,3  06:02    5,8    0,0    0,6    3,3   22,5  09:08     67
 14    8,1    9,9  15:01    6,9  05:40    5,5    0,0    4,2    0,1    9,7  00:00     29
 15    9,5   12,1  13:24    8,0  07:10    4,7    0,0    0,2    1,5   19,3  21:34    248
 16    9,4   11,1  14:35    8,4  07:14    4,8    0,0    5,0    0,4   12,9  00:11    237
 17    9,0   11,8  14:38    6,7  23:35    5,0    0,0    0,0    0,6    9,7  15:05    230
 18    7,1    9,6  11:54    3,8  23:18    6,1    0,0    4,0    1,3   17,7  15:05    230
 19    4,0    5,6  18:18    2,2  06:00    7,8    0,0    1,0    3,5   17,7  17:58     58
 20    3,7    5,3  14:09    1,6  23:21    8,0    0,0    2,0    1,9   14,5  02:17    104
 21    2,5    7,7  14:31    1,0  05:54    8,6    0,0    0,0    1,4   11,3  15:15    281
 22    3,5    5,3  22:27    2,1  00:15    8,1    0,0   23,2    4,0   35,4  17:53     68
 23    4,1    6,4  13:55    2,5  07:26    7,7    0,0    0,6    1,7   20,9  00:32    193
 24    3,6   11,1  14:09    0,8  08:27    8,0    0,0    0,0    1,2    9,7  00:52    254
 25    2,1    5,4  15:07    0,3  07:38    8,8    0,0    0,2    0,3    8,0  13:28     54
 26    1,5    6,7  14:39   -0,6  23:39    9,2    0,0    0,0    0,8    9,7  15:44    269
 27    0,5    7,3  14:14   -2,4  21:29    9,7    0,0    0,2    0,7    9,7  14:01    228
 28    1,6    5,0  13:56   -2,3  00:38    9,1    0,0    0,0    1,1   16,1  22:12    143
 29    2,5    3,7  15:14    1,6  05:41    8,6    0,0    0,0    5,9   20,9  11:49     55
 30    2,9    4,1  11:50    1,9  01:06    8,4    0,0    0,4    5,1   20,9  06:11     63
---------------------------------------------------------------------------------------
       6,5   21,2     01   -2,4     27  191,6    0,0   74,8    1,8   37,0     04     83
    
Tropske noči (Tmin >= 20): 0
Vroči dnevi (Tmax >= 30): 0
Topli dnevi (Tmax >= 25): 0
Hladni dnevi (Tmin < 0): 4
Ledeni dnevi (Tmax < 0): 0