Vremenska postaja Dobravšce

 

46.0659 N| 13.5588 E| 812 m | Prikaži na zemljevidu

 

Vreme na kratko
-2,3°C 88% 1024,1 mbar 5 km/h 8 km/h 0,0 mm
-0,4°C/h 1%/h -0,7 mbar/h ZJZ (248°) ZJZ (248°) 0,0 mm/h

30. 01. 2023 02:00:00 CET

Vremenska statistika za 06-2022

Vremenska postaja:Vantage Pro2
Programska oprema:weewx v3.9.1
WeeWX aktiven:0 dni, 14 ure, 43 minute
Strežnik aktiven:0 dni, 13 ure, 59 minute
                   MONTHLY CLIMATOLOGICAL SUMMARY for jun 2022


NAME: Dobravšce                  
ELEV: 453 m    LAT: 46-05.63 S    LONG: 014-08.82 V


                   TEMPERATURE (°C), RAIN (mm), WIND SPEED (km/h)

                                         HEAT   COOL         AVG
      MEAN                               DEG    DEG          WIND                   DOM
DAY   TEMP   HIGH   TIME    LOW   TIME   DAYS   DAYS   RAIN  SPEED   HIGH   TIME    DIR
---------------------------------------------------------------------------------------
 01   17,5   25,9  16:29    9,6  03:30    0,3    0,0    0,0    3,1   24,1  19:21    262
 02   19,1   26,5  18:11   10,6  05:16    0,0    0,6    6,4    2,6   20,9  14:27     77
 03   19,0   26,1  15:21   14,5  05:11    0,0    0,5    1,0    2,2   19,3  17:49    179
 04   21,7   29,2  14:45   13,8  05:43    0,0    2,1    0,0    4,5   25,7  17:37    243
 05   21,9   30,4  16:20   13,7  05:12    0,0    2,2    0,0    4,2   29,0  19:22    251
 06   20,3   26,7  16:16   13,6  06:02    0,0    1,3    0,6    4,1   20,9  10:19    138
 07   17,5   24,4  14:15   11,8  04:44    0,3    0,0    4,8    3,4   19,3  12:50     54
 08   16,3   22,7  16:30   12,3  23:45    0,9    0,0    6,0    2,7   16,1  01:01    219
 09   15,9   19,1  10:16   11,3  03:52    1,2    0,0    0,2    4,0   22,5  22:10     66
 10   19,2   23,4  14:39   13,1  23:57    0,0    0,7    0,0   11,1   45,1  15:12     54
 11   17,9   25,6  13:26    9,3  05:41    0,0    0,0    0,0    4,0   25,7  10:36     61
 12   19,5   29,1  17:50    9,4  05:27    0,0    0,8    0,0    3,1   22,5  09:52    128
 13   18,9   28,5  14:54   11,9  05:07    0,0    0,5    0,0    2,6   33,8  16:14    307
 14   18,9   25,4  17:52   13,2  23:58    0,0    0,5    0,2    5,1   24,1  11:23     66
 15   19,6   28,7  16:36   10,1  05:03    0,0    0,9    0,0    3,3   25,7  14:49    260
 16   20,6   30,1  14:09   12,8  05:24    0,0    1,4    3,4    4,1   24,1  16:33     21
 17   20,2   28,3  16:47   14,3  06:15    0,0    1,2    0,0    3,3   22,5  13:08    103
 18   20,5   28,4  17:24   12,2  05:19    0,0    1,4    0,0    2,8   17,7  11:44    182
 19   21,2   30,7  15:15   11,7  05:29    0,0    1,8    0,0    3,7   25,7  16:47    278
 20   22,9   29,1  16:55   14,7  05:47    0,0    2,7    0,0    5,6   38,6  11:20    253
 21   23,4   30,7  14:55   15,7  04:48    0,0    3,0    0,2    4,2   33,8  19:01    244
 22   22,5   27,8  17:06   17,8  05:28    0,0    2,5    2,4    3,3   22,5  12:11    248
 23   22,2   27,8  14:32   15,9  05:42    0,0    2,3    6,8    4,0   24,1  14:57     85
 24   21,6   28,5  15:10   15,9  23:01    0,0    2,0   13,2    4,1   32,2  16:39    240
 25   19,7   27,3  17:23   15,1  05:25    0,0    1,0    6,2    2,9   17,7  14:34    245
 26   22,0   30,4  16:47   13,5  05:03    0,0    2,2    0,0    3,1   32,2  14:48    268
 27   23,4   32,6  15:35   14,5  05:17    0,0    3,0    0,0    2,8   25,7  16:11    267
 28   21,7   30,7  14:57   15,0  05:40    0,0    2,1    6,6    3,1   30,6  16:41     73
 29   22,7   28,2  16:58   18,4  23:58    0,0    2,6    1,8    3,0   30,6  14:14    295
 30   23,0   30,4  15:36   16,6  03:29    0,0    2,8    0,0    3,1   22,5  19:05    255
---------------------------------------------------------------------------------------
      20,4   32,6     27    9,3     11    2,7   42,1   59,8    3,8   45,1     10    170
    
Tropske noči (Tmin >= 20): 0
Vroči dnevi (Tmax >= 30): 8
Topli dnevi (Tmax >= 25): 26
Hladni dnevi (Tmin < 0): 0
Ledeni dnevi (Tmax < 0): 0