MONTHLY CLIMATOLOGICAL SUMMARY for maj 2022 NAME: Dobravšce ELEV: 453 m LAT: 46-05.63 S LONG: 014-08.82 V TEMPERATURE (°C), RAIN (mm), WIND SPEED (km/h) HEAT COOL AVG MEAN DEG DEG WIND DOM DAY TEMP HIGH TIME LOW TIME DAYS DAYS RAIN SPEED HIGH TIME DIR --------------------------------------------------------------------------------------- 01 9,4 15,1 12:20 5,3 01:44 4,8 0,0 14,6 2,8 25,7 11:00 51 02 12,0 17,8 17:19 8,1 05:35 3,3 0,0 1,2 4,4 35,4 15:42 53 03 13,3 21,7 15:54 6,6 04:47 2,6 0,0 0,0 3,1 20,9 13:51 147 04 13,1 22,1 15:40 3,9 06:02 2,7 0,0 0,0 3,4 35,4 12:14 260 05 12,9 19,9 13:41 4,2 05:26 2,8 0,0 0,0 2,8 20,9 13:57 247 06 11,6 13,6 17:12 10,1 06:12 3,6 0,0 1,0 1,5 16,1 12:18 328 07 12,0 14,6 16:08 10,5 05:35 3,3 0,0 4,2 2,2 17,7 11:50 51 08 13,4 18,3 15:48 7,9 23:50 2,6 0,0 4,6 4,8 32,2 16:00 54 09 12,9 20,9 16:31 6,1 04:25 2,8 0,0 0,0 4,0 29,0 16:46 54 10 14,7 24,1 16:07 5,9 05:18 1,9 0,0 0,0 2,4 19,3 16:44 74 11 16,9 25,8 15:50 6,9 05:50 0,6 0,0 0,0 4,0 29,0 16:41 251 12 19,4 27,1 16:09 10,7 06:09 0,0 0,8 0,0 4,0 24,1 14:53 252 13 18,0 25,9 15:25 10,1 05:52 0,0 0,0 0,8 2,6 32,2 20:22 8 14 17,2 24,7 15:16 14,2 03:33 0,4 0,0 2,2 3,1 25,7 10:49 68 15 17,9 26,8 17:30 11,8 06:37 0,1 0,0 0,2 3,4 24,1 17:14 278 16 18,9 26,7 16:32 9,8 05:26 0,0 0,5 0,0 3,9 29,0 14:55 253 17 18,4 25,1 16:36 13,1 23:58 0,0 0,2 0,0 2,9 20,9 16:56 262 18 15,8 22,1 16:11 8,8 23:56 1,2 0,0 0,0 4,3 25,7 16:11 99 19 15,1 25,6 15:38 4,4 06:03 1,6 0,0 0,0 3,5 20,9 16:27 248 20 18,3 26,3 14:57 9,2 03:56 0,0 0,1 0,0 4,3 37,0 11:07 248 21 20,7 28,7 16:32 13,5 04:25 0,0 1,5 0,0 3,8 24,1 00:36 282 22 19,3 26,4 16:19 13,5 03:57 0,0 0,7 1,2 3,9 20,9 08:30 50 23 18,6 23,2 15:21 15,5 05:15 0,0 0,3 1,6 1,9 11,3 10:38 38 24 19,1 26,2 14:32 12,5 05:31 0,0 0,6 0,0 3,9 24,1 11:21 248 25 19,0 26,7 14:44 13,2 03:43 0,0 0,6 0,0 3,7 32,2 14:23 251 26 18,2 24,4 17:24 14,5 23:59 0,0 0,1 0,0 4,8 20,9 09:14 60 27 19,7 28,6 15:51 11,5 05:31 0,0 0,9 0,4 3,1 20,9 16:37 242 28 12,7 16,9 00:00 10,0 22:42 2,9 0,0 13,2 5,4 24,1 07:16 59 29 9,4 10,6 10:31 6,3 23:52 4,8 0,0 3,0 6,5 20,9 01:39 51 30 10,0 14,7 14:50 5,1 01:37 4,4 0,0 0,2 2,1 16,1 11:07 138 31 15,0 24,1 16:57 8,6 01:31 1,6 0,0 0,0 2,8 20,9 18:37 264 --------------------------------------------------------------------------------------- 15,6 28,7 21 3,9 04 48,1 6,4 48,4 3,5 37,0 20 24 Tropske noči (Tmin >= 20): 0 Vroči dnevi (Tmax >= 30): 0 Topli dnevi (Tmax >= 25): 13 Hladni dnevi (Tmin < 0): 0 Ledeni dnevi (Tmax < 0): 0