Vremenska postaja Dobravšce

 

46.0659 N| 13.5588 E| 812 m | Prikaži na zemljevidu

 

Vreme na kratko
11,2°C 95% 1023,4 mbar 0 km/h 0 km/h 0,0 mm
-0,7°C/h 1%/h 0,4 mbar/h N/A ( N/A) N/A ( N/A) 0,0 mm/h

29. 09. 2023 21:50:00 CEST

Vremenska statistika za 03-2022

Vremenska postaja:Vantage Pro2
Programska oprema:weewx v3.9.1
WeeWX aktiven:16 dni, 11 ure, 7 minute
Strežnik aktiven:15 dni, 5 ure, 46 minute
                   MONTHLY CLIMATOLOGICAL SUMMARY for mar 2022


NAME: Dobravšce                  
ELEV: 453 m    LAT: 46-05.63 S    LONG: 014-08.82 V


                   TEMPERATURE (°C), RAIN (mm), WIND SPEED (km/h)

                                         HEAT   COOL         AVG
      MEAN                               DEG    DEG          WIND                   DOM
DAY   TEMP   HIGH   TIME    LOW   TIME   DAYS   DAYS   RAIN  SPEED   HIGH   TIME    DIR
---------------------------------------------------------------------------------------
 01    1,1    7,7  15:16   -4,9  23:54    9,4    0,0    0,0    4,0   22,5  00:04    111
 02    0,0   10,4  15:28   -7,2  06:04   10,0    0,0    0,0    1,7   12,9  13:52    153
 03    1,5   12,7  15:01   -6,6  06:11    9,2    0,0    0,0    2,6   24,1  15:32    238
 04    1,5    7,8  15:53   -5,6  06:52    9,1    0,0    0,0    4,7   32,2  19:59     81
 05    0,3    3,8  13:49   -5,8  06:41    9,8    0,0    0,0    6,7   38,6  13:59     61
 06    0,5    4,1  14:56   -4,6  23:56    9,7    0,0    0,0    7,4   29,0  14:25     54
 07   -1,3    5,2  14:54   -7,3  06:55   10,7    0,0    0,0    3,9   24,1  11:59     77
 08   -0,9    7,1  16:15   -7,1  06:19   10,5    0,0    0,0    4,0   29,0  12:27     62
 09    0,5   10,9  15:10   -7,3  06:18    9,7    0,0    0,0    2,6   19,3  14:21    158
 10    2,4   11,7  14:00   -5,9  06:36    8,7    0,0    0,0    3,6   24,1  17:56    141
 11    1,0    5,1  14:45   -5,8  23:55    9,4    0,0    0,0    4,9   24,1  14:09     63
 12   -2,4    6,7  16:34   -9,2  06:00   11,3    0,0    0,0    4,2   25,7  11:10     39
 13    0,0    9,1  14:21   -9,4  06:07   10,0    0,0    0,0    3,4   29,0  10:46    248
 14    4,2   11,8  15:22   -3,3  04:34    7,6    0,0    0,0    5,3   35,4  08:52    249
 15    4,3    9,1  13:03   -2,4  05:45    7,6    0,0    0,0    4,7   30,6  08:38    253
 16    7,7   12,9  15:16    4,4  21:07    5,7    0,0    0,0    5,2   32,2  06:36    248
 17    7,2   12,3  14:56    2,4  23:59    6,0    0,0    0,0    3,2   30,6  11:23     71
 18    5,2   11,1  14:37   -0,2  06:15    7,1    0,0    0,0    6,5   37,0  09:53     79
 19    3,0   10,3  15:19   -4,5  06:34    8,3    0,0    0,0    4,6   35,4  13:40     81
 20    2,9    9,7  14:21   -3,6  06:38    8,4    0,0    0,0    4,9   35,4  13:19    103
 21    1,7   11,7  15:02   -6,4  05:42    9,1    0,0    0,0    4,4   25,7  11:48     40
 22    2,8   13,4  15:11   -6,6  05:44    8,5    0,0    0,0    4,5   32,2  12:57     48
 23    5,7   18,6  14:17   -5,2  05:25    6,8    0,0    0,0    3,3   22,5  15:21     41
 24    7,5   22,7  14:46   -3,9  06:03    5,9    0,0    0,0    2,5   20,9  15:46    253
 25    7,8   19,2  15:08   -2,5  05:44    5,7    0,0    0,0    3,2   20,9  11:30     49
 26    8,8   20,9  15:59   -2,1  06:05    5,1    0,0    0,0    2,5   16,1  14:28    193
 27    9,2   20,9  16:30   -1,4  06:51    4,9    0,0    0,0    3,0   22,5  11:35    142
 28    9,7   20,6  15:03   -1,0  07:27    4,6    0,0    0,0    4,8   41,8  17:36    256
 29   10,9   16,5  14:48    5,3  07:42    4,0    0,0    0,0    6,6   38,6  11:52    257
 30    8,0   11,3  12:53    4,0  06:58    5,6    0,0    0,0    2,7   19,3  12:53    249
 31    6,3    7,3  15:51    5,5  00:42    6,5    0,0   23,4    0,8   12,9  13:35    275
---------------------------------------------------------------------------------------
       3,8   22,7     24   -9,4     13  244,9    0,0   23,4    4,1   41,8     28     67
    
Tropske noči (Tmin >= 20): 0
Vroči dnevi (Tmax >= 30): 0
Topli dnevi (Tmax >= 25): 0
Hladni dnevi (Tmin < 0): 26
Ledeni dnevi (Tmax < 0): 0