Vremenska postaja Dobravšce

 

46.0659 N| 13.5588 E| 812 m | Prikaži na zemljevidu

 

Vreme na kratko
-2,6°C 88% 1023,8 mbar 8 km/h 11 km/h 0,0 mm
-0,6°C/h 1%/h -0,7 mbar/h JZ (225°) JZ (225°) 0,0 mm/h

30. 01. 2023 02:30:00 CET

Vremenska statistika za 01-2022

Vremenska postaja:Vantage Pro2
Programska oprema:weewx v3.9.1
WeeWX aktiven:0 dni, 15 ure, 13 minute
Strežnik aktiven:0 dni, 14 ure, 29 minute
                   MONTHLY CLIMATOLOGICAL SUMMARY for jan 2022


NAME: Dobravšce                  
ELEV: 453 m    LAT: 46-05.63 S    LONG: 014-08.82 V


                   TEMPERATURE (°C), RAIN (mm), WIND SPEED (km/h)

                                         HEAT   COOL         AVG
      MEAN                               DEG    DEG          WIND                   DOM
DAY   TEMP   HIGH   TIME    LOW   TIME   DAYS   DAYS   RAIN  SPEED   HIGH   TIME    DIR
---------------------------------------------------------------------------------------
 01    1,7    9,4  14:41   -2,2  07:51    9,0    0,0    0,0    0,6    9,7  01:02    248
 02    3,5   13,2  14:48   -2,9  07:53    8,0    0,0    0,2    1,6   16,1  18:17    245
 03    5,7    8,1  13:31    1,7  01:52    6,9    0,0    0,0    2,1   29,0  06:05    242
 04    6,6    7,4  17:55    5,7  06:52    6,3    0,0    1,2    2,5   24,1  08:25    241
 05    7,1   10,2  07:10    0,7  21:27    6,0    0,0   23,6    6,3   35,4  22:39    134
 06   -0,1    2,4  14:55   -2,4  22:44   10,0    0,0    3,2    1,9   29,0  00:00    191
 07   -3,7    0,3  13:35   -8,0  23:38   12,1    0,0    0,0    1,8   14,5  13:29    222
 08   -5,8   -0,2  13:04   -9,1  08:14   13,2    0,0    0,0    1,4   11,3  14:49    227
 09   -3,8   -0,6  15:01   -7,1  02:42   12,1    0,0    0,0    0,4   11,3  15:50    333
 10   -1,0    3,6  13:07   -4,3  08:15   10,6    0,0    0,0    2,2   17,7  16:35    205
 11   -2,3    2,1  14:58   -6,1  07:42   11,3    0,0    0,0    3,4   20,9  16:41    197
 12   -4,2    0,7  14:50   -8,1  23:59   12,3    0,0    0,0    3,6   20,9  12:50     99
 13   -5,4    1,8  14:19  -10,4  07:28   13,0    0,0    0,0    1,0   11,3  14:51    251
 14   -1,6    6,6  15:03   -6,8  07:13   10,9    0,0    0,0    0,9    8,0  13:10    235
 15   -1,5    5,4  14:38   -5,1  07:55   10,8    0,0    0,2    0,9   11,3  17:04    231
 16   -1,9    5,2  14:40   -6,4  07:08   11,0    0,0    0,0    0,6    9,7  14:50    269
 17   -0,3    9,0  14:51   -3,8  04:04   10,1    0,0    0,0    1,5   17,7  14:56    237
 18   -1,4    5,7  13:19   -5,3  07:31   10,8    0,0    0,0    1,7   11,3  03:38    245
 19   -0,4    7,3  14:30   -7,0  07:32   10,2    0,0    0,2    2,7   25,7  18:24    248
 20    1,5    6,5  14:48   -2,3  21:01    9,2    0,0    0,8    1,9   16,1  05:08    234
 21   -1,4    3,2  15:20   -5,6  23:41   10,8    0,0    0,0    2,2   19,3  10:58    193
 22    1,0    7,0  15:14   -6,0  02:07    9,4    0,0    0,0    4,7   29,0  07:27    238
 23   -0,7    6,3  13:32   -4,8  07:41   10,4    0,0    0,0    1,4   11,3  14:50    268
 24   -1,5    0,2  11:14   -4,7  05:00   10,9    0,0    0,0    1,8   17,7  11:02    156
 25   -0,1    7,7  14:32   -4,9  07:50   10,1    0,0    0,0    1,7   19,3  13:32    239
 26   -2,3    3,1  15:07   -5,1  03:01   11,3    0,0    0,0    1,9   14,5  10:43     35
 27   -0,8    5,3  14:59   -5,7  07:01   10,5    0,0    0,0    1,2   17,7  23:07    249
 28    3,0    9,7  12:57   -2,7  07:47    8,3    0,0    0,0    4,8   38,6  12:43     19
 29    1,0    8,1  14:51   -4,7  07:33    9,4    0,0    0,0    3,6   30,6  14:52    249
 30    2,5   11,6  15:00   -3,7  23:51    8,6    0,0    0,0    2,9   29,0  02:30    247
 31   -1,8    0,3  15:37   -4,8  03:40   11,0    0,0    1,2    0,7    8,0  11:48     44
---------------------------------------------------------------------------------------
      -0,3   13,2     02  -10,4     13  314,5    0,0   30,6    2,1   38,6     28    233
    
Tropske noči (Tmin >= 20): 0
Vroči dnevi (Tmax >= 30): 0
Topli dnevi (Tmax >= 25): 0
Hladni dnevi (Tmin < 0): 28
Ledeni dnevi (Tmax < 0): 2