Vremenska postaja Dobravšce

 

46.0659 N| 13.5588 E| 812 m | Prikaži na zemljevidu

 

Vreme na kratko
-1,9°C 87% 1024,5 mbar 0 km/h 3 km/h 0,0 mm
-0,1°C/h 0%/h -0,5 mbar/h N/A ( N/A) N/A ( N/A) 0,0 mm/h

30. 01. 2023 01:30:00 CET

Vremenska statistika za 12-2021

Vremenska postaja:Vantage Pro2
Programska oprema:weewx v3.9.1
WeeWX aktiven:0 dni, 14 ure, 13 minute
Strežnik aktiven:0 dni, 13 ure, 29 minute
                   MONTHLY CLIMATOLOGICAL SUMMARY for dec 2021


NAME: Dobravšce                  
ELEV: 453 m    LAT: 46-05.63 S    LONG: 014-08.82 V


                   TEMPERATURE (°C), RAIN (mm), WIND SPEED (km/h)

                                         HEAT   COOL         AVG
      MEAN                               DEG    DEG          WIND                   DOM
DAY   TEMP   HIGH   TIME    LOW   TIME   DAYS   DAYS   RAIN  SPEED   HIGH   TIME    DIR
---------------------------------------------------------------------------------------
 01    2,0    5,8  12:48   -2,4  04:04    8,9    0,0   11,0    3,4   25,7  00:39    235
 02    1,6    3,0  01:03    0,0  20:19    9,1    0,0   21,4    0,3   12,9  16:15    309
 03    0,5    2,4  14:03   -0,7  23:44    9,7    0,0    5,4    0,5   11,3  14:15    159
 04    0,8    3,3  12:37   -1,5  07:06    9,5    0,0    1,0    2,7   20,9  14:23    234
 05    0,6    1,6  00:00    0,0  17:51    9,7    0,0    8,0    0,3   11,3  09:34     23
 06   -0,5    0,3  13:55   -2,2  23:34   10,3    0,0    2,8    0,9    8,0  11:36    219
 07   -2,7   -0,7  14:41   -4,1  07:52   11,5    0,0    0,2    2,5   11,3  07:37    203
 08   -2,3    0,2  22:51   -5,4  08:04   11,3    0,0    2,6    0,8    8,0  01:01     91
 09    0,2    1,6  14:22   -1,3  20:35    9,9    0,0   17,8    0,1    9,7  16:30     40
 10   -1,0    0,4  14:11   -2,2  08:52   10,6    0,0    1,2    0,4    8,0  22:39     77
 11   -2,4    0,2  13:02   -5,8  23:28   11,3    0,0    0,2    1,4   20,9  11:04     39
 12   -3,8    0,9  12:45   -7,9  06:09   12,1    0,0    0,4    1,7   14,5  10:23    259
 13   -0,9    2,1  13:23   -2,3  00:00   10,5    0,0    2,4    0,3    8,0  12:44    247
 14   -1,5    0,8  13:38   -4,7  08:22   10,8    0,0    1,8    0,1    6,4  01:35     98
 15    0,6    1,7  14:09   -0,6  02:05    9,7    0,0    2,4    0,0    3,2  13:57     90
 16    0,4    2,3  14:19   -1,1  23:08    9,8    0,0    1,0    0,3    6,4  02:40    108
 17   -1,3    2,1  14:29   -3,4  07:42   10,7    0,0    0,0    1,1   14,5  14:07    147
 18   -2,6   -0,8  13:47   -5,5  23:58   11,4    0,0    0,0    0,6    8,0  12:36    213
 19   -2,3    3,8  14:40   -6,7  05:48   11,3    0,0    0,2    1,8   16,1  17:27    244
 20   -3,4    4,0  13:36   -7,0  23:42   11,9    0,0    0,0    1,1   17,7  12:53    229
 21   -2,5    0,7  14:30   -7,3  00:38   11,4    0,0    0,0    0,1    6,4  04:10    292
 22   -1,1   -0,1  14:14   -2,0  23:56   10,6    0,0    0,0    2,2   14,5  10:59     42
 23    0,7    4,7  12:18   -3,9  07:36    9,6    0,0    0,2    4,2   32,2  15:02    248
 24    3,7    5,1  11:51    2,1  05:30    8,0    0,0    0,2    4,1   20,9  00:42    243
 25    3,0    4,4  00:47    2,3  22:53    8,3    0,0    2,4    1,2   14,5  00:41    234
 26    2,2    3,0  13:16    1,3  23:47    8,8    0,0    2,2    0,8   14,5  09:11     79
 27    1,8    3,3  15:17    0,9  07:16    9,0    0,0    0,0    0,1    6,4  00:40     40
 28    4,2    7,4  14:24    0,9  06:16    7,6    0,0    0,2    1,6   17,7  16:01    242
 29    2,3    5,2  14:35    0,9  05:04    8,7    0,0    0,0    1,1    9,7  01:01    234
 30    2,5    8,3  14:41   -0,4  08:24    8,6    0,0    0,0    0,6    9,7  12:32    241
 31    2,1   10,2  14:49   -2,2  06:52    8,8    0,0    0,2    0,6    9,7  13:33    235
---------------------------------------------------------------------------------------
       0,0   10,2     31   -7,9     12  309,4    0,0   85,2    1,2   32,2     23    239
    
Tropske noči (Tmin >= 20): 0
Vroči dnevi (Tmax >= 30): 0
Topli dnevi (Tmax >= 25): 0
Hladni dnevi (Tmin < 0): 23
Ledeni dnevi (Tmax < 0): 3