Vremenska postaja Dobravšce

 

46.0659 N| 13.5588 E| 812 m | Prikaži na zemljevidu

 

Vreme na kratko
14,4°C 92% 1016,9 mbar 0 km/h 3 km/h 0,0 mm
-0,9°C/h 1%/h 0,1 mbar/h N/A ( N/A) N/A ( N/A) 0,0 mm/h

18. 06. 2024 01:10:00 CEST

Vremenska statistika za 11-2021

Vremenska postaja:Vantage Pro2
Programska oprema:weewx v3.9.1
WeeWX aktiven:43 dni, 23 ure, 42 minute
Strežnik aktiven:42 dni, 4 ure, 19 minute
                   MONTHLY CLIMATOLOGICAL SUMMARY for nov 2021


NAME: Dobravšce                  
ELEV: 453 m    LAT: 46-05.63 S    LONG: 014-08.82 V


                   TEMPERATURE (°C), RAIN (mm), WIND SPEED (km/h)

                                         HEAT   COOL         AVG
      MEAN                               DEG    DEG          WIND                   DOM
DAY   TEMP   HIGH   TIME    LOW   TIME   DAYS   DAYS   RAIN  SPEED   HIGH   TIME    DIR
---------------------------------------------------------------------------------------
 01    8,0   10,8  12:37    3,2  01:00    5,5    0,0   18,4    0,9   20,9  22:56     44
 02    8,4   11,5  13:29    6,2  21:15    5,3    0,0    7,2    1,7   17,7  00:33    201
 03    8,4    9,9  13:02    7,2  00:00    5,3    0,0   18,2    0,5   12,9  13:48     37
 04    9,6   13,8  13:16    4,0  23:42    4,7    0,0    7,4    4,1   41,8  06:02    240
 05    5,9    8,6  14:47    3,4  00:55    6,7    0,0    0,0    2,0   16,1  14:00     57
 06    7,2    9,3  11:59    4,4  05:29    6,0    0,0    0,0    6,4   30,6  12:09     50
 07    6,6   11,1  14:38    4,6  20:11    6,3    0,0    0,8    1,1   14,5  04:44    207
 08    6,1    7,0  05:34    2,9  23:57    6,6    0,0    9,0    5,3   29,0  10:12     54
 09    5,3    8,8  12:28    1,1  23:36    7,1    0,0    0,0    5,5   24,1  11:05     50
 10    3,4   11,0  14:14   -0,4  07:06    8,1    0,0    0,0    1,0   14,5  14:46    166
 11    3,7   11,1  14:00    0,6  08:17    7,9    0,0    0,2    1,0   11,3  12:47    343
 12    4,6    6,6  14:37    3,2  00:01    7,4    0,0    0,0    1,4   12,9  07:57     50
 13    8,2   12,8  13:46    4,7  01:09    5,4    0,0    1,4    1,2   14,5  11:40    257
 14    7,4    8,7  02:31    6,4  23:55    5,9    0,0    0,2    3,8   19,3  11:16     68
 15    7,0    8,8  14:53    5,7  05:13    6,1    0,0    0,0    6,0   20,9  07:27     62
 16    6,4    8,4  11:00    5,2  23:15    6,4    0,0    0,0    5,5   20,9  08:50    109
 17    6,2    8,2  13:44    4,6  07:04    6,6    0,0    0,0    0,9   11,3  13:55     68
 18    5,9    7,9  14:41    0,9  23:53    6,7    0,0    0,0    3,5   16,1  12:19     66
 19    3,6   10,4  14:12    0,8  23:42    8,0    0,0    0,0    0,8    8,0  06:58    274
 20    2,8   10,9  14:20   -1,0  07:15    8,4    0,0    0,2    1,0    9,7  12:38    263
 21    4,2    8,5  13:33    0,1  06:13    7,6    0,0    0,2    2,4   25,7  11:40    246
 22    5,8    7,9  01:23    4,2  23:58    6,8    0,0    0,8    1,7   19,3  17:04    109
 23    2,8    6,8  14:18   -3,4  23:00    8,4    0,0    0,0    3,4   22,5  12:17     50
 24   -2,0    5,1  14:08   -5,2  07:41   11,1    0,0    0,2    0,8    9,7  13:28    256
 25   -0,3    3,6  14:56   -4,8  00:11   10,2    0,0    2,6    0,4    8,0  19:30     12
 26    2,9    4,7  14:01    1,9  23:57    8,4    0,0   15,0    0,4    9,7  19:00    315
 27    0,7    1,9  00:00   -0,1  06:40    9,6    0,0   13,0    0,5   12,9  13:34    267
 28    0,6    1,4  19:38   -0,1  05:17    9,7    0,0   13,0    0,4    9,7  13:54    243
 29   -0,2    2,1  12:21   -3,0  23:44   10,1    0,0    7,0    1,2   12,9  11:44    143
 30   -1,8    3,3  12:35   -6,6  08:14   11,0    0,0    2,0    3,8   20,9  21:35    237
---------------------------------------------------------------------------------------
       4,6   13,8     04   -6,6     30  223,5    0,0  116,8    2,3   41,8     04     62
    
Tropske noči (Tmin >= 20): 0
Vroči dnevi (Tmax >= 30): 0
Topli dnevi (Tmax >= 25): 0
Hladni dnevi (Tmin < 0): 9
Ledeni dnevi (Tmax < 0): 0