Vremenska postaja Dobravšce

 

46.0659 N| 13.5588 E| 812 m | Prikaži na zemljevidu

 

Vreme na kratko
-2,9°C 89% 1023,2 mbar 5 km/h 10 km/h 0,0 mm
-0,4°C/h 1%/h -0,6 mbar/h ZJZ (248°) ZJZ (248°) 0,0 mm/h

30. 01. 2023 03:30:00 CET

Vremenska statistika za 10-2021

Vremenska postaja:Vantage Pro2
Programska oprema:weewx v3.9.1
WeeWX aktiven:0 dni, 16 ure, 13 minute
Strežnik aktiven:0 dni, 15 ure, 29 minute
                   MONTHLY CLIMATOLOGICAL SUMMARY for okt 2021


NAME: Dobravšce                  
ELEV: 453 m    LAT: 46-05.63 S    LONG: 014-08.82 V


                   TEMPERATURE (°C), RAIN (mm), WIND SPEED (km/h)

                                         HEAT   COOL         AVG
      MEAN                               DEG    DEG          WIND                   DOM
DAY   TEMP   HIGH   TIME    LOW   TIME   DAYS   DAYS   RAIN  SPEED   HIGH   TIME    DIR
---------------------------------------------------------------------------------------
 01   10,8   17,1  15:15    6,4  07:28    4,0    0,0    0,0    2,5   19,3  14:32    116
 02   11,6   17,1  15:18    8,0  01:01    3,6    0,0    0,0    1,3   12,9  11:33     43
 03   13,4   19,3  15:41    8,5  02:38    2,6    0,0    3,2    1,5   16,1  11:30    231
 04   14,8   19,6  16:00   12,7  05:35    1,8    0,0    1,0    1,2   12,9  02:40    241
 05   15,0   19,5  14:49   12,3  03:01    1,7    0,0    5,6    2,2   16,1  14:24    238
 06   11,1   13,1  00:00    8,2  21:37    3,8    0,0   34,2    2,0   14,5  19:33    235
 07   10,7   12,3  15:22    8,3  00:00    4,0    0,0    4,0   10,8   45,1  09:06     58
 08   10,8   11,8  08:30    8,9  00:00    4,0    0,0    0,0    6,2   30,6  12:40     59
 09    8,3   13,2  12:10    1,7  00:00    5,4    0,0    0,0    4,4   35,4  14:30    113
 10    4,9    9,3  11:10    0,5  04:00    7,3    0,0    2,2    2,5   25,7  13:46    115
 11    7,6   13,4  16:24    3,8  23:00    5,8    0,0    0,2    2,6   20,9  15:02    151
 12    5,7   11,0  16:38    2,9  07:18    6,8    0,0    0,0    0,9    9,7  18:10    159
 13    5,9   12,9  14:46    1,1  23:34    6,7    0,0    0,0    3,4   30,6  15:18     66
 14    4,6   12,9  15:10   -0,5  07:04    7,5    0,0    0,0    2,1   20,9  12:55    189
 15    5,0   13,3  15:07   -0,1  07:36    7,2    0,0    0,0    3,1   20,9  13:51     66
 16    6,0   15,2  14:49   -0,4  06:53    6,7    0,0    0,2    2,0   17,7  13:22     53
 17    7,1   15,8  15:32    2,2  23:51    6,0    0,0    0,0    1,9   14,5  13:52    288
 18    6,1   15,6  15:32    1,6  07:32    6,6    0,0    0,2    1,6   14,5  14:32    220
 19    8,1   16,3  16:20    3,4  00:02    5,5    0,0    0,0    1,0   17,7  16:07    282
 20   11,0   15,1  13:43    5,2  06:26    3,9    0,0    0,0    5,1   41,8  12:48    245
 21   12,9   14,2  06:51   11,8  11:42    2,8    0,0    3,6    3,8   30,6  06:50    227
 22   12,7   15,7  14:53   11,1  07:40    2,9    0,0    2,2    1,7   20,9  01:57    283
 23    8,9   11,4  10:21    2,9  21:52    5,0    0,0    0,0    3,9   38,6  11:55     57
 24    5,1   11,6  14:58    0,1  23:58    7,2    0,0    0,2    3,3   24,1  13:08     82
 25    2,9   10,9  15:28   -1,7  04:41    8,4    0,0    0,0    2,3   20,9  12:42     54
 26    3,8    7,7  15:37    0,4  00:43    7,9    0,0    1,0    0,5    8,0  10:32    311
 27    4,9   13,7  14:48    0,2  08:33    7,3    0,0    0,0    2,3   16,1  13:18     59
 28    5,7   12,9  14:44    1,7  07:28    6,8    0,0    0,2    1,9   19,3  12:01    181
 29    5,1    9,1  16:23    0,7  21:23    7,2    0,0    0,0    3,0   17,7  11:33     40
 30    4,2   14,2  16:21    0,5  08:41    7,7    0,0    0,0    1,2   11,3  16:17     97
 31    7,2   15,4  14:34    1,4  05:29    6,0    0,0    0,0    2,4   20,9  11:47    241
---------------------------------------------------------------------------------------
       8,1   19,6     04   -1,7     25  170,0    0,0   58,0    2,7   45,1     07     83
    
Tropske noči (Tmin >= 20): 0
Vroči dnevi (Tmax >= 30): 0
Topli dnevi (Tmax >= 25): 0
Hladni dnevi (Tmin < 0): 4
Ledeni dnevi (Tmax < 0): 0