Vremenska postaja Dobravšce

 

46.0659 N| 13.5588 E| 812 m | Prikaži na zemljevidu

 

Vreme na kratko
-2,8°C 89% 1023,4 mbar 8 km/h 10 km/h 0,0 mm
-0,4°C/h 1%/h -0,7 mbar/h ZJZ (248°) ZJZ (248°) 0,0 mm/h

30. 01. 2023 03:10:00 CET

Vremenska statistika za 09-2021

Vremenska postaja:Vantage Pro2
Programska oprema:weewx v3.9.1
WeeWX aktiven:0 dni, 15 ure, 53 minute
Strežnik aktiven:0 dni, 15 ure, 9 minute
                   MONTHLY CLIMATOLOGICAL SUMMARY for sep 2021


NAME: Dobravšce                  
ELEV: 453 m    LAT: 46-05.63 S    LONG: 014-08.82 V


                   TEMPERATURE (°C), RAIN (mm), WIND SPEED (km/h)

                                         HEAT   COOL         AVG
      MEAN                               DEG    DEG          WIND                   DOM
DAY   TEMP   HIGH   TIME    LOW   TIME   DAYS   DAYS   RAIN  SPEED   HIGH   TIME    DIR
---------------------------------------------------------------------------------------
 01   15,2   23,8  15:38   10,1  07:03    1,5    0,0    0,0    3,1   19,3  13:18     68
 02   14,2   23,4  16:10    6,8  06:11    2,1    0,0    0,0    1,9   17,7  16:14    185
 03   15,1   23,6  15:11    8,3  06:40    1,6    0,0    0,0    2,7   19,3  12:49     40
 04   15,2   24,3  16:14    8,8  06:54    1,6    0,0    0,0    2,2   16,1  12:02    116
 05   15,1   23,7  16:31    8,4  05:59    1,6    0,0    0,0    3,4   24,1  11:23     67
 06   14,7   24,2  16:40    7,1  06:36    1,8    0,0    0,0    2,7   19,3  13:47     68
 07   14,3   22,9  14:07    6,6  06:41    2,0    0,0    0,0    2,0   24,1  12:13     70
 08   14,5   23,2  16:36    7,7  07:02    1,9    0,0    0,0    4,0   30,6  12:58     51
 09   13,4   24,4  17:10    5,3  06:52    2,5    0,0    0,0    2,5   17,7  12:19     29
 10   15,3   26,3  14:40    6,7  04:30    1,5    0,0    0,0    1,6   14,5  15:20    285
 11   15,9   26,6  13:40    7,6  04:40    1,1    0,0    0,0    1,9   16,1  11:50     41
 12   16,7   26,2  14:40    8,8  04:40    0,7    0,0    0,0    2,5   20,9  12:20     30
 13   16,8   27,6  16:39    8,9  06:59    0,7    0,0    0,0    1,8   12,9  13:20     69
 14   17,7   28,2  15:15    9,7  06:51    0,2    0,0    0,0    1,9   22,5  15:17    264
 15   18,0   27,3  13:17    9,4  06:26    0,0    0,0    0,0    2,8   22,5  14:54    246
 16   18,9   23,4  09:20   16,1  05:20    0,0    0,5    7,8    2,8   22,5  11:20    243
 17   16,5   19,3  16:04   13,9  23:56    0,8    0,0   13,0    2,2   17,7  16:33    184
 18   14,9   21,5  16:56   11,2  22:13    1,7    0,0    0,6    2,9   20,9  13:46     57
 19   13,6   17,9  15:56    9,7  03:25    2,4    0,0   16,0    1,4   12,9  16:24     29
 20   11,9   14,2  00:01    9,5  23:58    3,4    0,0    4,2    5,0   19,3  04:23     55
 21   11,8   16,6  15:56    8,2  23:59    3,5    0,0    0,2    2,3   19,3  11:12     80
 22   11,1   19,3  15:35    6,3  03:26    3,9    0,0    0,0    1,6   12,9  12:31    285
 23   11,5   19,8  14:41    5,6  06:58    3,6    0,0    0,0    2,6   19,3  14:31    238
 24   15,4   20,9  16:00   10,1  23:32    1,4    0,0    0,0    5,0   32,2  09:44    242
 25   13,8   21,3  14:43    7,2  06:39    2,3    0,0    0,0    3,2   33,8  12:31    247
 26   17,6   21,4  13:43   12,6  00:17    0,2    0,0    0,4    4,2   30,6  01:50    250
 27   17,5   22,8  14:42   15,2  06:44    0,3    0,0   12,6    1,4   22,5  17:50    220
 28   16,4   24,5  15:31   12,4  22:57    0,9    0,0    0,2    2,3   16,1  15:00    230
 29   15,9   23,4  14:41   11,7  07:04    1,2    0,0   16,8    2,4   35,4  20:33     36
 30   13,3   17,2  15:02    9,0  23:37    2,6    0,0    0,4    2,9   22,5  16:04    156
---------------------------------------------------------------------------------------
      15,1   28,2     14    5,3     09   49,3    0,5   72,2    2,6   35,4     29    248
    
Tropske noči (Tmin >= 20): 0
Vroči dnevi (Tmax >= 30): 0
Topli dnevi (Tmax >= 25): 6
Hladni dnevi (Tmin < 0): 0
Ledeni dnevi (Tmax < 0): 0