Vremenska postaja Dobravšce

 

46.0659 N| 13.5588 E| 812 m | Prikaži na zemljevidu

 

Vreme na kratko
2,9°C 98% 1004,7 mbar 2 km/h 6 km/h 0,0 mm
0,8°C/h 1%/h -0,9 mbar/h JZ (225°) JZ (225°) 0,0 mm/h

02. 12. 2021 00:50:00 CET

Vremenska statistika za 08-2021

Vremenska postaja:Vantage Pro2
Programska oprema:weewx v3.9.1
WeeWX aktiven:16 dni, 1 ura, 48 minute
Strežnik aktiven:15 dni, 9 ure, 49 minute
                   MONTHLY CLIMATOLOGICAL SUMMARY for avg 2021


NAME: Dobravšce                  
ELEV: 453 m    LAT: 46-05.63 S    LONG: 014-08.82 V


                   TEMPERATURE (°C), RAIN (mm), WIND SPEED (km/h)

                                         HEAT   COOL         AVG
      MEAN                               DEG    DEG          WIND                   DOM
DAY   TEMP   HIGH   TIME    LOW   TIME   DAYS   DAYS   RAIN  SPEED   HIGH   TIME    DIR
---------------------------------------------------------------------------------------
 01   18,7   22,8  10:06   14,8  23:55    0,0    0,4   30,8    2,2   29,0  15:58    313
 02   16,7   20,9  16:49   14,4  00:26    0,7    0,0    1,0    2,8   16,1  12:22     45
 03   17,4   23,5  13:54   13,9  06:28    0,4    0,0    4,0    1,9   22,5  14:25    271
 04   18,3   23,4  17:01   14,9  05:48    0,0    0,1    1,2    2,3   14,5  14:17     33
 05   17,2   23,9  16:23   14,3  23:29    0,4    0,0   15,0    1,6   12,9  20:38    230
 06   18,5   26,8  14:49   13,2  06:11    0,0    0,3    0,0    2,2   19,3  16:14    269
 07   20,2   27,6  14:42   14,1  03:27    0,0    1,2    0,0    3,4   22,5  12:39    244
 08   21,2   28,3  15:12   15,6  06:34    0,0    1,8    0,0    2,5   24,1  17:20    241
 09   20,1   26,7  15:40   15,9  23:54    0,0    1,2    0,0    3,0   19,3  09:00     46
 10   20,7   30,4  17:25   14,9  06:59    0,0    1,5    0,0    2,1   16,1  12:36     15
 11   20,8   29,4  15:17   14,2  06:16    0,0    1,6    0,0    3,0   29,0  16:49     62
 12   21,6   31,2  16:40   14,9  04:12    0,0    2,0    0,0    2,4   19,3  11:14     29
 13   23,0   33,1  16:14   15,4  06:07    0,0    2,8    0,0    1,2    9,7  13:27    246
 14   23,5   33,9  15:08   16,4  06:07    0,0    3,1    0,0    2,5   22,5  16:50    252
 15   23,0   32,1  15:02   15,2  06:11    0,0    2,8    0,0    2,3   20,9  11:59    245
 16   23,0   31,6  14:33   16,5  06:21    0,0    2,8    0,8    3,1   25,7  23:59    232
 17   17,8   21,8  15:47   14,1  06:43    0,1    0,0   18,2    4,8   56,3  00:00     79
 18   16,9   23,0  17:00   12,0  23:54    0,6    0,0    0,0    6,1   24,1  09:40     44
 19   16,6   26,1  16:29    9,2  05:33    0,8    0,0    0,0    2,4   17,7  14:12     51
 20   18,1   26,7  17:27   11,3  05:44    0,0    0,1    0,0    2,3   16,1  14:21     53
 21   18,9   29,2  16:52   10,8  06:17    0,0    0,5    0,0    2,2   12,9  12:32     15
 22   18,8   28,6  14:00   12,1  05:54    0,0    0,4    0,0    1,7   16,1  12:40    247
 23   15,3   17,5  03:20   12,2  22:15    1,5    0,0   15,0    2,9   17,7  03:20    189
 24   16,7   23,2  16:52   11,9  00:18    0,7    0,0    0,0    2,8   38,6  17:39     78
 25   15,6   20,8  15:30    9,9  23:55    1,3    0,0    0,8    3,8   24,1  13:00     62
 26   14,4   22,0  15:17    8,2  02:52    2,0    0,0    4,6    2,7   22,5  13:24    247
 27   14,9   20,6  15:48   11,8  22:27    1,7    0,0    4,4    2,6   16,1  04:05     78
 28   13,7   19,3  16:51   11,3  23:57    2,4    0,0    2,0    2,3   29,0  19:02     67
 29   13,1   19,7  16:46    8,7  23:40    2,7    0,0    0,0    2,8   30,6  14:21    202
 30   13,6   19,7  14:23    8,6  05:48    2,5    0,0    0,0    1,8   17,7  12:54    255
 31   14,7   23,2  15:27    9,6  07:04    1,8    0,0    0,2    2,0   17,7  13:35    251
---------------------------------------------------------------------------------------
      18,2   33,9     14    8,2     26   19,7   22,5   98,0    2,6   56,3     17     48
    
Tropske noči (Tmin >= 20): 0
Vroči dnevi (Tmax >= 30): 6
Topli dnevi (Tmax >= 25): 15
Hladni dnevi (Tmin < 0): 0
Ledeni dnevi (Tmax < 0): 0