Vremenska postaja Dobravšce

 

46.0659 N| 13.5588 E| 812 m | Prikaži na zemljevidu

 

Vreme na kratko
2,8°C 98% 1004,3 mbar 2 km/h 8 km/h 0,2 mm
0,1°C/h 0%/h -0,6 mbar/h JZ (225°) JZ (225°) 0,0 mm/h

02. 12. 2021 01:40:00 CET

Vremenska statistika za 07-2021

Vremenska postaja:Vantage Pro2
Programska oprema:weewx v3.9.1
WeeWX aktiven:16 dni, 2 ure, 38 minute
Strežnik aktiven:15 dni, 10 ure, 39 minute
                   MONTHLY CLIMATOLOGICAL SUMMARY for jul 2021


NAME: Dobravšce                  
ELEV: 453 m    LAT: 46-05.63 S    LONG: 014-08.82 V


                   TEMPERATURE (°C), RAIN (mm), WIND SPEED (km/h)

                                         HEAT   COOL         AVG
      MEAN                               DEG    DEG          WIND                   DOM
DAY   TEMP   HIGH   TIME    LOW   TIME   DAYS   DAYS   RAIN  SPEED   HIGH   TIME    DIR
---------------------------------------------------------------------------------------
 01   16,9   22,1  17:29   12,3  23:45    0,6    0,0    0,0    5,0   25,7  16:00     84
 02   16,6   24,2  14:04   10,2  03:29    0,8    0,0    0,0    2,3   24,1  15:05    226
 03   19,5   27,9  15:58   10,8  04:21    0,0    0,8    0,0    3,5   24,1  13:40    245
 04   19,1   23,2  14:37   16,3  05:49    0,0    0,6   47,2    2,1   17,7  12:03     97
 05   19,5   25,1  16:11   14,6  05:56    0,0    0,8    3,8    3,6   20,9  10:12    170
 06   21,1   30,2  16:18   13,7  06:32    0,0    1,7    0,0    3,2   20,9  18:12    249
 07   23,4   31,3  15:19   15,4  05:20    0,0    3,0    0,0    3,7   32,2  16:14    234
 08   23,3   32,1  17:20   15,7  05:27    0,0    2,9    0,0    2,0   19,3  12:49    230
 09   23,1   28,5  17:52   16,3  23:54    0,0    2,8    0,0    3,9   22,5  00:10    245
 10   20,4   26,8  17:10   13,7  05:46    0,0    1,3    0,0    3,5   25,7  14:42     87
 11   20,4   28,9  15:07   14,6  06:19    0,0    1,3    3,0    3,2   22,5  11:01     82
 12   21,4   29,6  16:37   16,3  05:15    0,0    1,9    0,0    3,0   17,7  15:10    240
 13   21,5   29,6  13:42   15,1  05:36    0,0    2,0   21,0    2,5   56,3  23:36    245
 14   19,2   24,4  14:42   13,3  23:59    0,0    0,7   11,4    5,6   35,4  11:52    246
 15   17,8   24,5  15:33   11,2  05:16    0,1    0,0    0,0    2,5   17,7  14:07    283
 16   16,5   20,8  14:45   11,9  05:26    0,8    0,0    2,0    0,6    9,7  14:00    266
 17   19,0   22,9  17:28   15,4  05:24    0,0    0,6    1,0    4,4   25,7  16:20     85
 18   19,5   26,6  12:26   16,2  01:44    0,0    0,8    9,0    4,2   33,8  12:01     50
 19   21,3   28,6  16:44   15,3  03:14    0,0    1,9    0,0    4,3   30,6  12:25     52
 20   19,6   26,9  17:47   13,4  05:40    0,0    0,9    0,0    2,5   29,0  14:24    258
 21   20,3   26,9  16:21   15,6  00:48    0,0    1,3    0,0    2,8   19,3  12:36    115
 22   20,1   26,2  14:40   14,7  03:52    0,0    1,2    0,0    2,7   20,9  11:41     57
 23   20,9   28,2  17:08   15,7  05:59    0,0    1,6    0,0    2,8   22,5  19:17     85
 24   21,0   28,2  15:44   14,8  02:27    0,0    1,7    0,0    2,0   19,3  14:26    246
 25   22,2   29,7  14:13   15,2  05:36    0,0    2,3    0,0    3,1   35,4  15:29    238
 26   21,9   28,7  15:47   14,9  05:57    0,0    2,1    0,0    2,9   25,7  14:02    243
 27   21,6   28,0  16:52   16,2  23:10    0,0    2,0    0,8    2,9   24,1  20:41    254
 28   21,1   29,1  14:49   14,3  05:06    0,0    1,7    7,0    4,3   37,0  16:45    238
 29   20,8   29,5  17:33   15,7  06:20    0,0    1,6    0,0    2,4   17,7  10:52     21
 30   22,2   30,1  16:19   15,2  04:20    0,0    2,4    0,6    3,1   22,5  14:26    253
 31   21,4   27,9  15:57   16,3  05:17    0,0    1,9    0,2    2,2   29,0  10:47     43
---------------------------------------------------------------------------------------
      20,4   32,1     08   10,2     02    2,4   43,9  107,0    3,1   56,3     13    237
    
Tropske noči (Tmin >= 20): 0
Vroči dnevi (Tmax >= 30): 4
Topli dnevi (Tmax >= 25): 24
Hladni dnevi (Tmin < 0): 0
Ledeni dnevi (Tmax < 0): 0