Vremenska postaja Dobravšce

 

46.0659 N| 13.5588 E| 812 m | Prikaži na zemljevidu

 

Vreme na kratko
2,7°C 98% 1004,9 mbar 3 km/h 8 km/h 0,0 mm
0,3°C/h 1%/h -0,9 mbar/h JZ (225°) JZ (225°) 0,0 mm/h

02. 12. 2021 00:40:00 CET

Vremenska statistika za 06-2021

Vremenska postaja:Vantage Pro2
Programska oprema:weewx v3.9.1
WeeWX aktiven:16 dni, 1 ura, 38 minute
Strežnik aktiven:15 dni, 9 ure, 39 minute
                   MONTHLY CLIMATOLOGICAL SUMMARY for jun 2021


NAME: Dobravšce                  
ELEV: 453 m    LAT: 46-05.63 S    LONG: 014-08.82 V


                   TEMPERATURE (°C), RAIN (mm), WIND SPEED (km/h)

                                         HEAT   COOL         AVG
      MEAN                               DEG    DEG          WIND                   DOM
DAY   TEMP   HIGH   TIME    LOW   TIME   DAYS   DAYS   RAIN  SPEED   HIGH   TIME    DIR
---------------------------------------------------------------------------------------
 01   15,0   22,4  15:35    6,1  05:00    1,6    0,0    0,0    3,1   19,3  14:27    222
 02   15,9   23,7  15:53    7,1  05:34    1,2    0,0    0,0    3,4   22,5  16:19    255
 03   15,6   25,3  13:42    7,6  05:25    1,3    0,0    3,0    2,9   25,7  15:00    192
 04   18,2   26,5  16:35   10,8  05:26    0,0    0,1    0,2    2,6   20,9  16:53    249
 05   19,9   27,2  16:43   12,3  04:38    0,0    1,0    0,0    3,7   32,2  11:02    258
 06   17,1   21,3  16:24   15,1  06:45    0,5    0,0   14,0    3,2   22,5  17:07     67
 07   16,2   20,2  14:29   14,6  23:53    1,0    0,0   15,0    1,7   29,0  14:36     85
 08   18,0   25,6  16:33   12,6  05:31    0,0    0,0    0,0    2,5   17,7  13:29    202
 09   18,0   26,2  15:53   10,8  05:23    0,0    0,0    0,0    3,0   24,1  14:35     92
 10   17,5   24,2  13:53   12,9  02:20    0,3    0,0    0,4    2,5   22,5  17:40    142
 11   17,3   25,4  15:05   11,1  05:52    0,4    0,0    0,0    2,4   16,1  13:16    192
 12   19,8   27,7  16:35   11,8  05:42    0,0    1,0    0,0    3,0   22,5  17:13    268
 13   19,9   25,1  17:00   14,4  23:39    0,0    1,0    0,0    5,1   25,7  08:58    125
 14   16,8   22,8  16:43    9,8  05:52    0,7    0,0    0,0    5,0   20,9  13:49    121
 15   18,1   26,8  15:06    8,3  05:19    0,0    0,1    0,0    3,2   20,9  11:35    246
 16   20,2   28,6  14:58   12,8  05:32    0,0    1,2    0,0    2,7   17,7  12:22    141
 17   21,0   29,9  16:58   12,3  05:12    0,0    1,7    0,0    2,6   22,5  14:51    276
 18   21,5   28,3  15:05   13,7  05:27    0,0    2,0    0,0    3,2   22,5  13:20    257
 19   22,4   32,3  14:17   14,5  05:26    0,0    2,4    5,6    2,4   41,8  17:44    130
 20   23,2   30,1  14:47   18,0  06:31    0,0    2,9    0,0    2,8   19,3  18:38    252
 21   23,8   29,9  15:48   17,2  05:37    0,0    3,2    0,0    5,5   32,2  18:37    241
 22   22,4   29,6  14:58   15,5  05:11    0,0    2,5    0,0    4,7   29,0  12:51    247
 23   22,8   32,3  17:05   12,7  05:14    0,0    2,7    0,0    3,2   22,5  15:43    273
 24   24,0   30,8  13:47   16,2  05:10    0,0    3,4    0,0    4,8   32,2  18:14    247
 25   21,3   27,4  15:38   15,3  23:50    0,0    1,8   12,4    4,4   30,6  17:03    246
 26   19,9   28,9  16:36   12,7  05:24    0,0    1,0    0,0    3,1   20,9  12:26    198
 27   21,3   28,8  18:15   13,2  05:32    0,0    1,8    0,0    2,6   17,7  11:25     93
 28   22,8   32,6  15:47   13,6  05:19    0,0    2,7    0,0    3,2   22,5  15:08    237
 29   22,3   31,1  15:05   12,7  05:27    0,0    2,4    0,0    4,5   35,4  15:56    251
 30   21,6   27,9  16:13   14,6  23:42    0,0    2,0    4,2    6,0   48,3  17:10    253
---------------------------------------------------------------------------------------
      19,8   32,6     28    6,1     01    7,0   37,0   54,8    3,4   48,3     30    228
    
Tropske noči (Tmin >= 20): 0
Vroči dnevi (Tmax >= 30): 6
Topli dnevi (Tmax >= 25): 24
Hladni dnevi (Tmin < 0): 0
Ledeni dnevi (Tmax < 0): 0