Vremenska postaja Dobravšce

 

46.0659 N| 13.5588 E| 812 m | Prikaži na zemljevidu

 

Vreme na kratko
2,7°C 98% 1004,5 mbar 0 km/h 6 km/h 0,2 mm
0,3°C/h 0%/h -0,4 mbar/h N/A ( N/A) N/A ( N/A) 0,0 mm/h

02. 12. 2021 01:30:00 CET

Vremenska statistika za 05-2021

Vremenska postaja:Vantage Pro2
Programska oprema:weewx v3.9.1
WeeWX aktiven:16 dni, 2 ure, 28 minute
Strežnik aktiven:15 dni, 10 ure, 29 minute
                   MONTHLY CLIMATOLOGICAL SUMMARY for maj 2021


NAME: Dobravšce                  
ELEV: 453 m    LAT: 46-05.63 S    LONG: 014-08.82 V


                   TEMPERATURE (°C), RAIN (mm), WIND SPEED (km/h)

                                         HEAT   COOL         AVG
      MEAN                               DEG    DEG          WIND                   DOM
DAY   TEMP   HIGH   TIME    LOW   TIME   DAYS   DAYS   RAIN  SPEED   HIGH   TIME    DIR
---------------------------------------------------------------------------------------
 01   15,3   21,7  15:55    9,8  04:51    1,5    0,0    9,2    3,7   29,0  16:58    203
 02   11,9   15,1  15:10    5,8  23:59    3,4    0,0   34,4    5,5   41,8  02:56    225
 03    7,9   14,7  18:01    3,5  23:59    5,6    0,0   12,6    4,1   22,5  15:18    118
 04    9,4   17,4  16:59    1,9  06:15    4,8    0,0    0,0    5,0   35,4  15:37    245
 05   11,1   15,4  12:51    5,9  05:38    3,8    0,0   17,2    7,4   38,6  14:11    245
 06    4,2    6,5  00:00    1,2  08:37    7,6    0,0   24,0    2,0   17,7  00:00    224
 07    7,8   13,2  13:54    3,8  01:01    5,6    0,0   28,0    2,4   30,6  18:23    110
 08    9,5   17,1  18:15    4,6  04:14    4,7    0,0    0,0    4,0   20,9  12:08     74
 09   12,6   22,9  16:20    2,6  04:47    3,0    0,0    0,0    3,4   24,1  15:39    239
 10   15,4   23,3  16:23    7,7  03:33    1,5    0,0    0,0    4,2   29,0  11:22    260
 11   15,9   24,2  16:37    6,3  05:31    1,2    0,0    0,8    4,4   25,7  12:02    232
 12   12,3   15,3  12:39   10,0  23:56    3,2    0,0   20,8    1,9   24,1  13:17    255
 13   11,9   16,7  13:18    8,8  01:29    3,4    0,0    2,4    3,2   20,9  14:45    236
 14   11,5   14,8  17:46    9,0  04:28    3,6    0,0    7,6    1,8   12,9  09:37    218
 15   12,2   17,1  15:25    8,9  05:25    3,2    0,0    1,6    3,4   30,6  17:54    241
 16   12,7   16,4  16:27    9,4  04:16    2,9    0,0   15,4    2,1   22,5  17:29    238
 17   11,3   15,7  16:06    8,2  09:24    3,7    0,0   25,8    3,3   25,7  05:53    176
 18   12,9   20,7  13:21    6,3  06:02    2,8    0,0    0,0    4,0   29,0  17:13    240
 19    8,8   12,3  17:58    6,8  06:19    5,1    0,0   26,6    2,6   24,1  00:41    168
 20   11,4   18,5  13:57    5,7  06:08    3,7    0,0    0,2    5,0   51,5  11:52     41
 21   11,9   19,4  15:00    3,3  05:20    3,4    0,0    0,2    5,3   38,6  14:40    244
 22   13,0   16,6  14:48    8,7  01:30    2,8    0,0    1,6    4,9   37,0  06:20    252
 23   11,3   19,2  14:37    7,8  23:56    3,7    0,0   14,6    3,6   54,7  15:07     80
 24    8,7   10,1  17:08    7,2  03:25    5,2    0,0   20,6    1,8   19,3  11:56    349
 25   11,6   18,4  16:31    7,4  23:44    3,6    0,0    1,4    3,2   37,0  18:27    168
 26   11,9   19,8  18:43    5,8  05:43    3,4    0,0    0,0    3,9   22,5  11:37     53
 27   13,3   21,6  17:47    5,4  04:53    2,6    0,0    1,4    3,0   29,0  19:45     68
 28   13,3   21,1  16:20    7,8  06:06    2,6    0,0    0,0    3,6   17,7  11:51    111
 29   11,7   20,0  13:02    6,2  04:09    3,5    0,0    2,6    3,2   33,8  14:23     75
 30   11,6   18,3  13:40    4,9  00:00    3,5    0,0    0,0    4,3   25,7  17:00     87
 31   12,4   20,2  16:53    3,7  03:10    3,1    0,0    0,0    3,4   25,7  11:20    125
---------------------------------------------------------------------------------------
      11,5   24,2     11    1,2     06  111,7    0,0  269,0    3,7   54,7     23    224
    
Tropske noči (Tmin >= 20): 0
Vroči dnevi (Tmax >= 30): 0
Topli dnevi (Tmax >= 25): 0
Hladni dnevi (Tmin < 0): 0
Ledeni dnevi (Tmax < 0): 0