Vremenska postaja Dobravšce

 

46.0659 N| 13.5588 E| 812 m | Prikaži na zemljevidu

 

Vreme na kratko
2,2°C 98% 1004,0 mbar 0 km/h 0 km/h 0,4 mm
-0,4°C/h 1%/h -0,5 mbar/h N/A ( N/A) N/A ( N/A) 0,0 mm/h

02. 12. 2021 02:20:00 CET

Vremenska statistika za 04-2021

Vremenska postaja:Vantage Pro2
Programska oprema:weewx v3.9.1
WeeWX aktiven:16 dni, 3 ure, 18 minute
Strežnik aktiven:15 dni, 11 ure, 19 minute
                   MONTHLY CLIMATOLOGICAL SUMMARY for apr 2021


NAME: Dobravšce                  
ELEV: 453 m    LAT: 46-05.63 S    LONG: 014-08.82 V


                   TEMPERATURE (°C), RAIN (mm), WIND SPEED (km/h)

                                         HEAT   COOL         AVG
      MEAN                               DEG    DEG          WIND                   DOM
DAY   TEMP   HIGH   TIME    LOW   TIME   DAYS   DAYS   RAIN  SPEED   HIGH   TIME    DIR
---------------------------------------------------------------------------------------
 01   13,7   24,9  16:01    3,2  06:46    2,4    0,0    0,0    3,3   22,5  15:10    253
 02   12,5   22,4  15:31    6,6  06:50    3,0    0,0    1,6    3,1   24,1  16:47    248
 03    8,5   11,8  16:44    2,3  23:59    5,3    0,0   17,0    7,0   33,8  11:36    101
 04    4,0   10,5  15:00   -1,8  05:49    7,8    0,0    0,0    5,1   37,0  11:10    113
 05    4,8   11,4  15:31   -3,5  06:30    7,3    0,0    0,0    6,0   41,8  13:51    253
 06    0,5    6,8  00:19   -6,6  23:55    9,7    0,0    8,0    3,9   32,2  07:03    108
 07   -2,4    5,7  13:52   -9,2  05:57   11,3    0,0    0,0    2,4   32,2  14:43    154
 08    2,3   11,7  16:03   -5,8  06:22    8,7    0,0    0,2    3,9   25,7  11:45    248
 09    4,6   12,1  16:01   -4,6  06:30    7,4    0,0    0,0    4,4   32,2  14:26    251
 10    9,7   14,8  16:58    5,2  05:20    4,6    0,0    0,0    6,1   38,6  15:49    243
 11    7,9    8,7  03:00    6,9  01:52    5,6    0,0    5,8    2,5   25,7  03:42    248
 12    8,7   10,2  15:03    5,0  23:57    5,2    0,0   30,6    2,4   37,0  21:06     63
 13    3,8    6,6  15:33    1,5  06:45    7,9    0,0   10,8    7,6   33,8  00:23     81
 14    3,7    9,7  16:30   -2,3  05:31    7,9    0,0    0,0    5,4   30,6  12:57     41
 15    2,8    9,4  17:07   -3,9  06:20    8,4    0,0    0,0    2,6   22,5  10:52     87
 16    4,5   12,3  16:03   -2,1  05:18    7,5    0,0    0,0    3,0   22,5  16:55     87
 17    4,7   10,9  16:42   -2,4  06:24    7,4    0,0    0,0    5,3   30,6  12:52     82
 18    6,0    9,4  14:26    2,2  05:58    6,7    0,0    0,0    3,8   25,7  12:55    116
 19    6,1   12,8  14:27    0,3  06:37    6,6    0,0    1,6    3,1   35,4  17:08    102
 20    6,6   14,9  14:37    2,2  07:13    6,3    0,0    1,8    3,4   20,9  15:52    174
 21    7,7   15,6  15:04    1,0  06:55    5,7    0,0    0,2    4,3   30,6  10:21    249
 22   11,2   17,1  15:31    3,8  06:21    3,8    0,0    0,0    5,6   25,7  08:53    255
 23    9,8   17,7  16:07    3,9  04:18    4,6    0,0    0,0    3,8   19,3  15:56     48
 24    9,9   19,6  16:10   -0,1  06:19    4,5    0,0    0,0    3,4   19,3  11:47    125
 25   11,2   21,0  15:01    1,6  06:28    3,8    0,0    0,2    3,2   29,0  16:28    275
 26    7,8   11,7  01:14    3,3  23:58    5,7    0,0    0,2    7,0   25,7  09:46     57
 27    5,0    6,4  16:49    2,4  04:04    7,2    0,0    1,4    4,5   16,1  12:55     46
 28    8,5   12,4  16:10    5,5  03:52    5,3    0,0    0,0    2,2   16,1  10:34    101
 29   11,7   15,1  14:20    8,2  04:04    3,5    0,0    3,0    2,5   22,5  09:55    249
 30   14,2   19,5  16:31   10,8  03:47    2,1    0,0    3,8    4,4   38,6  16:21    247
---------------------------------------------------------------------------------------
       7,0   24,9     01   -9,2     07  183,3    0,0   86,2    4,2   41,8     05    138
    
Tropske noči (Tmin >= 20): 0
Vroči dnevi (Tmax >= 30): 0
Topli dnevi (Tmax >= 25): 0
Hladni dnevi (Tmin < 0): 11
Ledeni dnevi (Tmax < 0): 0