Vremenska postaja Dobravšce

 

46.0659 N| 13.5588 E| 812 m | Prikaži na zemljevidu

 

Vreme na kratko
2,6°C 97% 1004,5 mbar 0 km/h 2 km/h 0,2 mm
0,5°C/h -1%/h -0,6 mbar/h N/A ( N/A) N/A ( N/A) 0,0 mm/h

02. 12. 2021 01:20:00 CET

Vremenska statistika za 03-2021

Vremenska postaja:Vantage Pro2
Programska oprema:weewx v3.9.1
WeeWX aktiven:16 dni, 2 ure, 18 minute
Strežnik aktiven:15 dni, 10 ure, 19 minute
                   MONTHLY CLIMATOLOGICAL SUMMARY for mar 2021


NAME: Dobravšce                  
ELEV: 453 m    LAT: 46-05.63 S    LONG: 014-08.82 V


                   TEMPERATURE (°C), RAIN (mm), WIND SPEED (km/h)

                                         HEAT   COOL         AVG
      MEAN                               DEG    DEG          WIND                   DOM
DAY   TEMP   HIGH   TIME    LOW   TIME   DAYS   DAYS   RAIN  SPEED   HIGH   TIME    DIR
---------------------------------------------------------------------------------------
 01    2,6   13,2  14:24   -4,9  06:42    8,6    0,0    0,0    2,5   22,5  15:20     44
 02    3,2   14,3  15:13   -3,5  07:03    8,2    0,0    0,0    2,4   19,3  13:32     10
 03    5,4   17,8  15:17   -4,4  06:29    7,0    0,0    0,0    2,6   22,5  13:16    250
 04    7,9   13,2  13:14    2,8  04:21    5,6    0,0    0,0    5,6   35,4  14:04    247
 05    7,9   13,1  14:36    0,7  22:47    5,6    0,0   10,8    6,2   29,0  17:41    243
 06    0,2    4,4  16:38   -4,5  23:50    9,9    0,0    0,0    7,5   24,1  01:48    107
 07   -0,1   10,1  16:08   -7,2  06:08   10,0    0,0    0,0    2,5   19,3  15:10    213
 08    2,1   11,4  15:07   -4,7  06:32    8,8    0,0    0,0    3,0   20,9  11:45    223
 09    1,6    7,2  15:59   -2,9  23:55    9,1    0,0    0,0    5,6   29,0  10:56     49
 10    0,8    8,4  14:07   -5,3  06:28    9,5    0,0    0,0    2,3   20,9  11:42    215
 11    3,5    8,2  15:11   -2,4  05:26    8,0    0,0    0,0    3,3   33,8  12:37    255
 12    6,2    8,0  16:53    5,1  00:00    6,5    0,0    1,6    0,6   12,9  00:02    255
 13    7,2   12,7  14:21    2,9  06:50    6,0    0,0    0,0    4,1   41,8  14:31    235
 14    4,0    8,4  00:00   -0,6  23:56    7,8    0,0   10,2    3,7   38,6  10:56    136
 15    2,8   10,4  16:53   -2,6  05:30    8,5    0,0    0,0    2,9   19,3  12:20    194
 16    4,0   10,2  11:24   -2,0  06:19    7,8    0,0    0,2    6,2   41,8  10:36     39
 17    1,7    9,3  14:57   -3,9  05:21    9,0    0,0    0,0    4,2   37,0  17:09     45
 18    0,6    7,4  14:16   -5,0  06:05    9,7    0,0    0,0    4,2   38,6  15:06    112
 19   -0,0    6,8  14:30   -6,0  06:17   10,0    0,0    0,0    2,6   25,7  12:13    126
 20   -1,2    4,3  11:54   -6,3  06:00   10,7    0,0    0,0    4,2   37,0  14:33     88
 21   -0,5    5,8  15:59   -7,6  05:55   10,3    0,0    0,0    5,5   33,8  14:01     71
 22    2,4    8,5  13:26   -5,2  05:57    8,7    0,0    0,0    5,3   33,8  11:43     61
 23    4,6   11,3  14:42   -2,1  06:37    7,4    0,0    0,0    4,7   29,0  10:27     55
 24    4,7   15,7  15:18   -4,3  05:50    7,4    0,0    0,0    3,0   16,1  12:06    126
 25    6,2   17,7  15:27   -3,6  05:35    6,5    0,0    0,0    2,7   24,1  16:28    237
 26    8,3   17,9  13:53   -0,8  06:24    5,4    0,0    0,0    5,1   38,6  15:07    239
 27    9,1   12,5  09:58    3,1  04:17    4,9    0,0    0,0    4,6   25,7  00:00    254
 28    6,6    9,9  00:52    2,3  22:54    6,3    0,0    0,0    4,0   17,7  08:30     44
 29    8,8   20,2  17:25    0,7  05:26    5,1    0,0    0,2    2,6   20,9  17:43      5
 30   11,7   23,8  16:09    1,7  06:46    3,5    0,0    0,0    2,6   14,5  14:43    127
 31   12,5   23,9  15:35    2,3  06:50    3,0    0,0    0,0    2,8   19,3  15:02    162
---------------------------------------------------------------------------------------
       4,4   23,9     31   -7,6     21  235,0    0,0   23,0    3,9   41,8     13    132
    
Tropske noči (Tmin >= 20): 0
Vroči dnevi (Tmax >= 30): 0
Topli dnevi (Tmax >= 25): 0
Hladni dnevi (Tmin < 0): 22
Ledeni dnevi (Tmax < 0): 0