Vremenska postaja Dobravšce

 

46.0659 N| 13.5588 E| 812 m | Prikaži na zemljevidu

 

Vreme na kratko
-2,9°C 89% 1023,2 mbar 5 km/h 10 km/h 0,0 mm
-0,4°C/h 1%/h -0,6 mbar/h ZJZ (248°) ZJZ (248°) 0,0 mm/h

30. 01. 2023 03:30:00 CET

Vremenska statistika za 02-2021

Vremenska postaja:Vantage Pro2
Programska oprema:weewx v3.9.1
WeeWX aktiven:0 dni, 16 ure, 13 minute
Strežnik aktiven:0 dni, 15 ure, 29 minute
                   MONTHLY CLIMATOLOGICAL SUMMARY for feb 2021


NAME: Dobravšce                  
ELEV: 453 m    LAT: 46-05.63 S    LONG: 014-08.82 V


                   TEMPERATURE (°C), RAIN (mm), WIND SPEED (km/h)

                                         HEAT   COOL         AVG
      MEAN                               DEG    DEG          WIND                   DOM
DAY   TEMP   HIGH   TIME    LOW   TIME   DAYS   DAYS   RAIN  SPEED   HIGH   TIME    DIR
---------------------------------------------------------------------------------------
 01    0,1    3,9  14:49   -1,3  06:42    9,9    0,0    0,4    1,9   14,5  00:15    202
 02    2,8    7,9  13:43   -2,4  07:05    8,5    0,0    0,0    2,5   20,9  12:42    251
 03    6,7    9,4  23:29    5,4  00:00    6,3    0,0    1,2    3,8   20,9  14:32    245
 04    7,9   10,6  14:21    6,4  22:32    5,6    0,0    1,4    2,1   16,1  00:07    233
 05    8,3    9,9  15:07    6,4  00:32    5,4    0,0    0,4    2,6   17,7  18:09    250
 06    8,9    9,9  23:30    7,8  06:32    5,0    0,0    0,0    2,5   19,3  20:33    238
 07    9,1   10,2  01:40    7,7  07:02    5,0    0,0   22,6    1,7   25,7  22:34    238
 08    6,1    8,8  00:00    2,3  22:13    6,6    0,0    8,4    3,7   24,1  11:28    237
 09    4,6    6,0  14:09    2,9  00:30    7,5    0,0   14,2    0,6    8,0  09:41    329
 10    3,6    4,6  23:04    2,8  06:29    8,0    0,0   36,4    2,0   19,3  23:04    258
 11   -0,0    4,4  00:01   -4,2  23:58   10,0    0,0    1,0    8,0   29,0  13:37    117
 12   -5,6   -4,2  00:00   -7,5  06:56   13,1    0,0    0,0    8,2   29,0  10:03     95
 13   -5,3   -1,7  15:56   -8,8  07:07   12,9    0,0    0,0    9,7   43,5  14:41     78
 14   -2,2    3,2  14:37   -7,0  23:56   11,2    0,0    0,0    5,7   30,6  11:14     66
 15   -3,2    4,4  15:22  -10,7  07:23   11,8    0,0    0,0    2,8   30,6  14:53    240
 16    1,9    7,6  14:39   -2,9  06:50    8,9    0,0    0,0    5,2   22,5  10:08    244
 17    3,1    9,1  13:36   -2,1  23:46    8,3    0,0    0,0    4,6   22,5  02:36    242
 18    2,6    7,6  11:55   -2,6  02:57    8,6    0,0    0,0    2,2   29,0  21:57    252
 19    6,8    9,1  14:23    5,1  01:13    6,2    0,0    0,0    3,5   24,1  03:20    252
 20    7,4   11,0  14:50    3,7  06:31    5,9    0,0    0,0    3,0   22,5  10:02    245
 21    8,2   10,8  14:30    5,7  04:42    5,5    0,0    0,0    4,3   25,7  11:37    247
 22    8,9   11,9  15:07    5,9  01:50    5,1    0,0    0,0    7,2   35,4  14:24    254
 23    8,5   19,5  15:21    0,9  07:24    5,3    0,0    0,0    1,9   24,1  02:17    256
 24    7,3   20,0  14:17   -0,7  06:53    5,9    0,0    0,0    1,9   14,5  15:30    319
 25    7,7   20,5  14:52   -0,7  07:01    5,7    0,0    0,0    1,3   11,3  13:55    242
 26    8,1   21,9  14:42   -0,9  07:18    5,5    0,0    0,0    1,7   16,1  14:01    241
 27    4,6   10,2  16:01    0,3  04:56    7,5    0,0    0,0    5,3   25,7  14:47    110
 28    3,2   10,2  15:24   -2,7  23:35    8,2    0,0    0,0    5,5   25,7  12:46     45
---------------------------------------------------------------------------------------
       4,3   21,9     26  -10,7     15  213,2    0,0   86,0    3,8   43,5     13    213
    
Tropske noči (Tmin >= 20): 0
Vroči dnevi (Tmax >= 30): 0
Topli dnevi (Tmax >= 25): 0
Hladni dnevi (Tmin < 0): 14
Ledeni dnevi (Tmax < 0): 2