Vremenska postaja Dobravšce

 

46.0659 N| 13.5588 E| 812 m | Prikaži na zemljevidu

 

Vreme na kratko
2,9°C 98% 1004,5 mbar 2 km/h 5 km/h 0,2 mm
0,7°C/h 0%/h -0,7 mbar/h JZ (225°) JZ (225°) 0,0 mm/h

02. 12. 2021 01:10:00 CET

Vremenska statistika za 01-2021

Vremenska postaja:Vantage Pro2
Programska oprema:weewx v3.9.1
WeeWX aktiven:16 dni, 2 ure, 8 minute
Strežnik aktiven:15 dni, 10 ure, 9 minute
                   MONTHLY CLIMATOLOGICAL SUMMARY for jan 2021


NAME: Dobravšce                  
ELEV: 453 m    LAT: 46-05.63 S    LONG: 014-08.82 V


                   TEMPERATURE (°C), RAIN (mm), WIND SPEED (km/h)

                                         HEAT   COOL         AVG
      MEAN                               DEG    DEG          WIND                   DOM
DAY   TEMP   HIGH   TIME    LOW   TIME   DAYS   DAYS   RAIN  SPEED   HIGH   TIME    DIR
---------------------------------------------------------------------------------------
 01    0,6    2,3  13:38   -1,3  04:57    9,7    0,0    6,2    0,2    8,0  18:23    253
 02    1,0    3,1  19:36    0,1  07:55    9,4    0,0   18,4    0,8   12,9  19:26    237
 03    1,0    2,7  14:06   -0,1  02:13    9,5    0,0    6,0    0,2    8,0  00:00    328
 04    1,2    2,0  12:54    0,7  07:23    9,4    0,0    1,8    0,4    6,4  03:30    270
 05    1,4    3,2  13:42    0,0  22:58    9,2    0,0    3,2    0,7   12,9  16:46    184
 06    0,5    1,7  10:11   -1,7  23:58    9,7    0,0   16,2    0,0    3,2  22:05    259
 07   -0,3    1,7  14:16   -2,6  01:06   10,2    0,0    2,6    0,1    6,4  17:20    290
 08   -0,2    1,6  12:54   -2,6  21:26   10,1    0,0    2,2    0,5   14,5  15:13    217
 09   -2,3    0,7  12:46   -5,1  23:02   11,3    0,0    0,2    3,0   19,3  13:01     71
 10   -2,4   -1,1  06:55   -5,1  00:24   11,3    0,0    0,0    6,9   22,5  12:52     49
 11   -4,1   -0,1  12:53   -9,7  23:51   12,3    0,0    1,0    2,5   17,7  11:26    133
 12   -7,4   -1,9  14:03  -13,0  07:48   14,1    0,0    0,2    0,1    6,4  22:19    252
 13   -5,9    0,3  14:49  -10,4  07:57   13,3    0,0    0,4    1,8   12,9  12:11    235
 14   -1,2    5,6  14:12   -6,9  23:49   10,6    0,0    0,8    3,8   38,6  13:58    249
 15   -6,3    1,1  14:47  -11,3  08:14   13,5    0,0    0,0    2,0   17,7  14:08    241
 16   -8,2   -1,4  13:17  -12,8  08:13   14,6    0,0    0,0    1,5    9,7  15:13    236
 17   -6,8   -1,1  13:43  -10,6  08:14   13,8    0,0    0,0    1,0    9,7  18:57    256
 18   -2,6    3,9  15:09   -6,4  23:56   11,4    0,0    0,0    1,1   14,5  12:51    240
 19   -2,5    3,2  14:00   -9,3  07:11   11,4    0,0    0,0    3,6   30,6  12:52    250
 20    2,8    4,3  11:41    1,8  02:34    8,4    0,0    0,4    3,7   19,3  11:11    239
 21    3,1    5,9  08:33    1,6  21:18    8,3    0,0    9,0    3,2   19,3  08:30    235
 22    4,7    8,4  11:53    2,6  00:00    7,4    0,0   35,4    2,7   25,7  10:27    237
 23    3,2    4,6  01:55    1,7  23:38    8,2    0,0   19,0    1,1   12,9  00:43    250
 24    0,9    2,4  13:47   -0,8  23:58    9,5    0,0    2,4    0,8    9,7  18:41    242
 25   -0,7    2,1  14:28   -2,3  07:14   10,4    0,0    0,0    1,6   14,5  14:32     96
 26   -1,9    3,9  14:06   -4,7  23:31   11,1    0,0    0,0    1,7    9,7  05:06    140
 27   -2,6    3,0  13:57   -6,9  07:09   11,5    0,0    0,0    0,6    8,0  02:16    268
 28   -0,7    3,9  11:51   -6,5  07:11   10,4    0,0    0,2    3,3   29,0  20:21    251
 29    2,6    4,6  14:09    0,8  06:02    8,6    0,0    1,4    2,9   22,5  01:39    250
 30    2,4    8,7  14:38   -0,7  07:54    8,7    0,0    1,2    2,4   29,0  14:46    226
 31    0,7    3,2  00:00   -0,9  22:57    9,6    0,0   15,4    4,0   19,3  12:54     77
---------------------------------------------------------------------------------------
      -1,0    8,7     30  -13,0     12  326,8    0,0  143,6    1,9   38,6     14    237
    
Tropske noči (Tmin >= 20): 0
Vroči dnevi (Tmax >= 30): 0
Topli dnevi (Tmax >= 25): 0
Hladni dnevi (Tmin < 0): 23
Ledeni dnevi (Tmax < 0): 5