Vremenska postaja Dobravšce

 

46.0659 N| 13.5588 E| 812 m | Prikaži na zemljevidu

 

Vreme na kratko
2,2°C 97% 1004,2 mbar 0 km/h 0 km/h 0,4 mm
-0,7°C/h -1%/h -0,3 mbar/h N/A ( N/A) N/A ( N/A) 0,0 mm/h

02. 12. 2021 02:10:00 CET

Vremenska statistika za 12-2020

Vremenska postaja:Vantage Pro2
Programska oprema:weewx v3.9.1
WeeWX aktiven:16 dni, 3 ure, 8 minute
Strežnik aktiven:15 dni, 11 ure, 9 minute
                   MONTHLY CLIMATOLOGICAL SUMMARY for dec 2020


NAME: Dobravšce                  
ELEV: 453 m    LAT: 46-05.63 S    LONG: 014-08.82 V


                   TEMPERATURE (°C), RAIN (mm), WIND SPEED (km/h)

                                         HEAT   COOL         AVG
      MEAN                               DEG    DEG          WIND                   DOM
DAY   TEMP   HIGH   TIME    LOW   TIME   DAYS   DAYS   RAIN  SPEED   HIGH   TIME    DIR
---------------------------------------------------------------------------------------
 01   -2,6   -0,1  13:37   -6,6  05:23   11,4    0,0    0,0    4,0   22,5  12:55     56
 02   -2,2   -0,7  00:00   -3,3  23:23   11,2    0,0    0,2    5,0   25,7  02:07     93
 03   -2,4   -0,9  13:46   -3,7  03:24   11,3    0,0    0,0    0,0    6,4  14:25    315
 04   -1,3    0,2  15:14   -4,4  05:07   10,7    0,0    0,4    0,1    8,0  22:28    334
 05    0,3    0,7  23:17   -0,1  00:20    9,8    0,0   15,4    0,1    6,4  02:00    233
 06    2,0    4,4  19:25    0,5  00:04    8,9    0,0   46,0    1,3   16,1  09:51    253
 07    2,0    3,3  14:43    0,4  22:31    8,9    0,0    7,0    1,2   24,1  20:14    248
 08    1,2    2,6  13:34    0,0  21:47    9,3    0,0   14,8    1,6   19,3  13:22     83
 09    0,5    1,0  13:42    0,0  01:05    9,7    0,0   12,6    0,4    8,0  06:03    224
 10    1,3    2,9  14:30    0,3  02:49    9,3    0,0    1,8    0,1    8,0  16:30    238
 11    1,8    2,6  13:48    1,3  03:44    9,0    0,0    0,4    0,0    6,4  01:20      0
 12    2,0    3,4  15:12    1,0  03:50    8,9    0,0    1,6    0,2    6,4  01:42    202
 13    1,3    2,5  14:30   -0,1  08:01    9,3    0,0    0,0    2,1   12,9  12:47     35
 14   -0,3    0,8  13:51   -1,2  07:30   10,2    0,0    0,0    1,9    9,7  05:23    103
 15   -0,3    0,9  15:19   -1,5  07:16   10,2    0,0    0,0    1,1    8,0  02:16     82
 16    2,7    8,2  14:32   -1,3  03:51    8,5    0,0    0,0    2,1   16,1  12:24    239
 17    4,1    9,1  14:32   -0,2  23:57    7,7    0,0    0,0    1,6   17,7  11:24    243
 18    2,3    6,1  14:49   -0,4  00:14    8,7    0,0    0,0    0,4    8,0  15:42    319
 19    3,5    4,6  13:30    2,9  07:17    8,1    0,0    0,0    0,5    8,0  12:00    345
 20    3,9    4,6  12:14    3,6  00:00    7,8    0,0    0,4    0,4    8,0  13:34    286
 21    3,9    4,6  15:22    3,4  07:01    7,8    0,0    0,8    0,5    8,0  06:25    302
 22    6,3    7,9  10:43    3,9  00:18    6,5    0,0    0,2    1,6   16,1  11:29    268
 23    8,0    9,3  19:04    7,1  00:06    5,5    0,0    0,0    4,1   24,1  16:40    256
 24    8,4   10,4  14:03    6,9  23:47    5,3    0,0    9,2    2,8   25,7  13:22    264
 25    3,8    6,9  00:00    0,5  23:22    7,9    0,0   12,2    4,1   20,9  18:50     71
 26    0,8    2,3  14:42   -1,3  23:53    9,6    0,0    0,0    6,9   25,7  12:59     93
 27   -1,8   -0,6  13:02   -4,5  07:05   11,0    0,0    0,0    5,6   20,9  01:05     74
 28   -1,3    0,7  23:57   -3,6  03:21   10,7    0,0    7,2    0,4   17,7  23:44    239
 29    0,9    2,4  03:46    0,1  19:28    9,5    0,0   36,2    1,6   17,7  00:10    248
 30    1,2    3,7  15:06    0,2  04:15    9,3    0,0   11,2    0,3    9,7  13:51    242
 31    0,9    2,6  14:10   -0,2  23:59    9,5    0,0    2,4    0,3    6,4  14:50    207
---------------------------------------------------------------------------------------
       1,6   10,4     24   -6,6     01  281,6    0,0  180,0    1,7   25,7     02     79
    
Tropske noči (Tmin >= 20): 0
Vroči dnevi (Tmax >= 30): 0
Topli dnevi (Tmax >= 25): 0
Hladni dnevi (Tmin < 0): 15
Ledeni dnevi (Tmax < 0): 4