Vremenska postaja Dobravšce

 

46.0659 N| 13.5588 E| 812 m | Prikaži na zemljevidu

 

Vreme na kratko
2,9°C 98% 1004,5 mbar 2 km/h 5 km/h 0,2 mm
0,7°C/h 0%/h -0,7 mbar/h JZ (225°) JZ (225°) 0,0 mm/h

02. 12. 2021 01:10:00 CET

Vremenska statistika za 11-2020

Vremenska postaja:Vantage Pro2
Programska oprema:weewx v3.9.1
WeeWX aktiven:16 dni, 2 ure, 8 minute
Strežnik aktiven:15 dni, 10 ure, 9 minute
                   MONTHLY CLIMATOLOGICAL SUMMARY for nov 2020


NAME: Dobravšce                  
ELEV: 453 m    LAT: 46-05.63 S    LONG: 014-08.82 V


                   TEMPERATURE (°C), RAIN (mm), WIND SPEED (km/h)

                                         HEAT   COOL         AVG
      MEAN                               DEG    DEG          WIND                   DOM
DAY   TEMP   HIGH   TIME    LOW   TIME   DAYS   DAYS   RAIN  SPEED   HIGH   TIME    DIR
---------------------------------------------------------------------------------------
 01    9,3   17,0  13:32    4,6  07:30    4,9    0,0    0,2    0,7    8,0  14:13    280
 02   11,3   15,2  12:54    7,2  01:38    3,7    0,0    0,0    3,9   25,7  12:32    250
 03   11,8   17,3  14:47    6,3  23:46    3,5    0,0    0,0    3,7   22,5  03:32    258
 04    9,6   12,3  13:49    6,5  00:00    4,7    0,0    0,6    1,7   16,1  13:41    155
 05    9,4   10,7  14:50    7,3  23:58    4,8    0,0    0,2    3,1   16,1  14:07    108
 06    6,0   12,8  13:30    0,8  23:43    6,6    0,0    0,0    2,2   16,1  14:47     44
 07    3,5   12,6  14:46   -0,4  07:04    8,1    0,0    0,2    0,9    9,7  15:34    248
 08    3,7   13,0  13:46    0,1  07:03    7,9    0,0    0,4    1,0    9,7  13:53    272
 09    3,3   10,0  13:54    0,2  06:38    8,2    0,0    0,2    1,6   12,9  21:33     15
 10    3,6    4,2  23:46    3,0  06:46    8,0    0,0    0,0    7,8   17,7  09:15     51
 11    4,6    5,4  13:11    3,9  06:30    7,5    0,0    0,0    6,9   17,7  06:59     67
 12    5,1    8,2  13:57    3,2  07:23    7,2    0,0    3,6    1,3    9,7  14:58    268
 13    6,4   11,7  13:54    3,8  21:18    6,5    0,0    0,0    1,5   22,5  12:28    248
 14    6,9   13,7  13:56    3,2  06:22    6,2    0,0    0,0    1,9   20,9  12:51    251
 15    7,3   12,6  13:14    2,6  02:26    6,0    0,0    0,2    2,4   19,3  19:48    259
 16    8,0    9,4  06:49    6,5  23:15    5,5    0,0   38,6    1,9   17,7  00:35    203
 17    6,1   10,9  14:50    2,9  22:47    6,6    0,0    0,2    1,9   17,7  00:19     68
 18    4,0   11,1  13:55    1,5  08:10    7,8    0,0    0,2    1,0    9,7  14:46    224
 19    2,2    5,5  14:21    0,6  07:19    8,8    0,0    0,0    1,8   12,9  23:21     18
 20    4,0    7,4  15:01   -0,5  23:53    7,8    0,0    0,6    3,4   24,1  12:43     91
 21   -0,1    6,1  14:04   -4,9  23:59   10,0    0,0    0,0    4,5   32,2  13:46     85
 22   -2,0    6,2  12:53   -6,9  06:20   11,1    0,0    0,0    1,0   12,9  14:52    232
 23    0,9    9,7  12:53   -4,0  00:59    9,5    0,0    0,0    1,0   14,5  13:40    273
 24   -0,2    6,3  15:02   -3,8  23:55   10,1    0,0    0,0    1,4   19,3  15:05     40
 25   -1,6    5,8  14:19   -5,1  07:38   10,9    0,0    0,2    0,8    9,7  14:59    249
 26   -1,4    6,6  14:43   -5,3  07:13   10,8    0,0    0,0    0,3    8,0  16:46      1
 27   -1,6    4,7  14:52   -4,4  07:31   10,9    0,0    0,0    0,6    9,7  16:09    281
 28   -0,3    1,3  13:56   -2,0  05:34   10,2    0,0    0,0    1,2   24,1  23:05     29
 29    0,8    1,8  15:07   -1,8  23:57    9,6    0,0    0,0    6,5   20,9  00:01     78
 30   -0,4    3,6  13:42   -4,2  23:56   10,2    0,0    0,0    3,0   19,3  16:00     72
---------------------------------------------------------------------------------------
       4,0   17,3     03   -6,9     22  233,3    0,0   45,4    2,4   32,2     21     68
    
Tropske noči (Tmin >= 20): 0
Vroči dnevi (Tmax >= 30): 0
Topli dnevi (Tmax >= 25): 0
Hladni dnevi (Tmin < 0): 12
Ledeni dnevi (Tmax < 0): 0