Vremenska postaja Dobravšce

 

46.0659 N| 13.5588 E| 812 m | Prikaži na zemljevidu

 

Vreme na kratko
2,8°C 98% 1004,3 mbar 2 km/h 8 km/h 0,2 mm
0,1°C/h 0%/h -0,6 mbar/h JZ (225°) JZ (225°) 0,0 mm/h

02. 12. 2021 01:40:00 CET

Vremenska statistika za 09-2020

Vremenska postaja:Vantage Pro2
Programska oprema:weewx v3.9.1
WeeWX aktiven:16 dni, 2 ure, 38 minute
Strežnik aktiven:15 dni, 10 ure, 39 minute
                   MONTHLY CLIMATOLOGICAL SUMMARY for sep 2020


NAME: Dobravšce                  
ELEV: 453 m    LAT: 46-05.63 S    LONG: 014-08.82 V


                   TEMPERATURE (°C), RAIN (mm), WIND SPEED (km/h)

                                         HEAT   COOL         AVG
      MEAN                               DEG    DEG          WIND                   DOM
DAY   TEMP   HIGH   TIME    LOW   TIME   DAYS   DAYS   RAIN  SPEED   HIGH   TIME    DIR
---------------------------------------------------------------------------------------
 01   14,7   21,7  15:59   11,6  06:35    1,8    0,0    5,0    1,6   17,7  14:01    232
 02   14,6   19,6  15:44   11,1  22:43    1,9    0,0    0,0    3,4   19,3  14:18     56
 03   14,6   22,1  16:06   10,2  05:11    1,9    0,0    0,0    2,7   16,1  14:30    101
 04   15,9   25,3  17:10    9,4  06:32    1,2    0,0    0,2    2,0   11,3  12:46    138
 05   18,1   28,3  16:11   11,6  07:05    0,0    0,0    0,0    2,0   17,7  13:37    242
 06   17,6   24,9  16:44   12,7  06:35    0,2    0,0    3,4    2,9   19,3  12:16     75
 07   16,7   18,5  17:11   13,6  22:20    0,7    0,0    0,0    2,8   17,7  04:50     53
 08   15,6   22,6  17:09   11,0  06:49    1,3    0,0    0,0    4,4   24,1  10:44     42
 09   16,0   25,8  16:13    9,7  06:55    1,1    0,0    0,2    1,7   12,9  12:48    184
 10   17,5   24,7  15:39   11,7  07:13    0,3    0,0    0,0    2,6   24,1  12:38    111
 11   17,6   23,9  16:41   13,1  07:20    0,2    0,0    0,0    2,8   24,1  14:35     57
 12   17,4   25,3  16:15   12,1  07:15    0,3    0,0    0,0    3,7   22,5  12:21     51
 13   18,1   26,4  15:58   12,1  06:58    0,0    0,0    0,2    3,2   22,5  13:40     62
 14   17,9   25,4  15:23   13,3  06:52    0,1    0,0    0,2    3,0   20,9  15:27     62
 15   17,7   26,2  15:05   11,9  07:06    0,2    0,0    0,2    3,4   22,5  15:05     45
 16   18,5   26,4  15:29   13,0  05:57    0,0    0,3    0,0    2,6   19,3  11:54    150
 17   18,4   25,6  16:27   12,3  07:09    0,0    0,2    0,0    4,1   30,6  11:19     66
 18   15,8   19,7  16:56   13,2  02:05    1,2    0,0    0,0    5,6   25,7  15:30     90
 19   13,8   19,9  15:51    8,1  23:56    2,4    0,0    0,0    4,5   25,7  12:21     47
 20   13,1   22,8  16:48    6,7  05:41    2,7    0,0    0,0    1,7   14,5  15:48     11
 21   14,6   20,8  16:52    9,1  04:57    1,9    0,0    0,6    1,6   14,5  15:12    234
 22   15,8   22,1  13:45   13,1  02:17    1,2    0,0    9,0    1,3   20,9  14:31    160
 23   15,4   18,8  12:14   12,7  23:54    1,5    0,0    1,6    1,3   16,1  12:24    253
 24   16,0   21,6  15:17   12,0  01:30    1,1    0,0    0,2    2,5   19,3  12:17    236
 25   14,1   15,6  03:13   10,9  23:59    2,2    0,0  145,4    2,2   30,6  19:05    265
 26    8,9   13,4  13:35    5,7  23:57    5,1    0,0   23,8    5,1   22,5  00:00    178
 27    8,7   13,3  14:24    4,7  07:21    5,2    0,0   10,4    3,0   19,3  12:22     77
 28    9,0   10,1  13:33    8,1  02:48    5,0    0,0   49,4    2,7   24,1  08:11     90
 29   10,4   18,0  15:01    6,8  23:56    4,2    0,0    0,0    2,3   19,3  15:09    257
 30   11,1   20,2  14:02    5,8  07:06    3,9    0,0    0,0    2,0   17,7  14:36    242
---------------------------------------------------------------------------------------
      15,1   28,3     05    4,7     27   48,8    0,6  249,8    2,8   30,6     17     75
    
Tropske noči (Tmin >= 20): 0
Vroči dnevi (Tmax >= 30): 0
Topli dnevi (Tmax >= 25): 9
Hladni dnevi (Tmin < 0): 0
Ledeni dnevi (Tmax < 0): 0