Vremenska postaja Dobravšce

 

46.0659 N| 13.5588 E| 812 m | Prikaži na zemljevidu

 

Vreme na kratko
-1,9°C 87% 1024,5 mbar 0 km/h 3 km/h 0,0 mm
-0,1°C/h 0%/h -0,5 mbar/h N/A ( N/A) N/A ( N/A) 0,0 mm/h

30. 01. 2023 01:30:00 CET

Vremenska statistika za 08-2020

Vremenska postaja:Vantage Pro2
Programska oprema:weewx v3.9.1
WeeWX aktiven:0 dni, 14 ure, 13 minute
Strežnik aktiven:0 dni, 13 ure, 29 minute
                   MONTHLY CLIMATOLOGICAL SUMMARY for avg 2020


NAME: Dobravšce                  
ELEV: 453 m    LAT: 46-05.63 S    LONG: 014-08.82 V


                   TEMPERATURE (°C), RAIN (mm), WIND SPEED (km/h)

                                         HEAT   COOL         AVG
      MEAN                               DEG    DEG          WIND                   DOM
DAY   TEMP   HIGH   TIME    LOW   TIME   DAYS   DAYS   RAIN  SPEED   HIGH   TIME    DIR
---------------------------------------------------------------------------------------
 01   23,3   32,4  17:13   18,7  04:42    0,0    3,0    5,6    2,8   41,8  19:37    177
 02   18,5   20,8  12:37   16,4  21:32    0,0    0,3   27,4    2,0   12,9  03:58    241
 03   18,7   23,5  14:26   16,3  04:25    0,0    0,4   16,4    1,8   35,4  19:17    183
 04   18,2   22,7  16:56   15,2  03:20    0,0    0,1    1,2    3,3   22,5  14:01    104
 05   16,9   20,8  17:49   14,3  23:59    0,6    0,0    0,2    4,8   20,9  03:00    127
 06   19,3   26,7  16:07   14,0  00:58    0,0    0,7    0,0    3,2   24,1  12:18    109
 07   20,9   28,7  16:09   15,3  06:28    0,0    1,6    0,0    3,1   22,5  14:31     58
 08   21,2   29,8  14:27   13,1  06:04    0,0    1,8    0,0    3,7   25,7  13:23    102
 09   22,2   30,9  17:17   14,3  05:57    0,0    2,3    0,0    2,1   16,1  15:18    146
 10   22,2   30,6  14:47   16,3  04:53    0,0    2,3    0,0    2,0   16,1  12:47    183
 11   20,4   25,9  14:36   16,8  23:55    0,0    1,4    0,0    1,8   19,3  14:31     27
 12   20,9   28,9  15:39   15,3  03:54    0,0    1,6    0,0    2,3   24,1  17:27     64
 13   22,5   29,6  14:08   17,6  05:25    0,0    2,5    0,0    3,4   22,5  14:34    241
 14   19,4   27,3  12:55   16,2  23:31    0,0    0,8   31,8    2,6   35,4  18:27    249
 15   19,5   26,5  15:43   15,2  06:10    0,0    0,8    0,0    2,3   14,5  12:56    160
 16   20,7   27,4  16:37   17,1  06:27    0,0    1,5    2,8    2,1   33,8  12:58    266
 17   20,0   27,5  13:42   15,6  23:57    0,0    1,1   15,0    2,5   61,2  17:18    267
 18   17,9   22,9  13:29   14,5  06:30    0,1    0,0    1,2    1,8   16,1  12:58    205
 19   19,3   26,6  17:08   15,1  05:51    0,0    0,7    0,2    2,2   19,3  15:42    238
 20   20,0   28,8  16:11   13,4  06:44    0,0    1,1    0,0    2,3   16,1  12:02    258
 21   21,8   29,6  15:37   16,1  02:38    0,0    2,1    0,0    2,4   19,3  15:14    253
 22   22,9   29,7  15:37   17,3  06:23    0,0    2,7    0,0    3,0   22,5  11:03    256
 23   20,1   23,5  16:29   17,9  03:25    0,0    1,2    0,0    3,7   22,5  15:09     85
 24   17,7   21,5  16:23   14,6  23:54    0,2    0,0    2,4    5,5   32,2  15:45     44
 25   17,7   25,7  17:29   11,7  05:51    0,1    0,0    0,0    3,1   19,3  10:55    179
 26   18,1   25,6  14:56   11,5  06:10    0,0    0,0    0,0    3,4   30,6  15:18    247
 27   19,3   26,8  18:05   13,0  06:09    0,0    0,7    0,0    2,8   19,3  10:45     79
 28   19,4   26,7  15:39   14,1  06:33    0,0    0,8    0,0    2,2   12,9  11:41    317
 29   20,7   26,8  16:46   16,3  01:42    0,0    1,5    0,8    2,7   33,8  13:20    251
 30   18,2   24,3  13:41   15,4  23:44    0,0    0,1   24,2    2,8   33,8  14:01    230
 31   14,8   17,9  13:34   12,2  23:56    1,8    0,0   22,2    2,4   20,9  13:42     65
---------------------------------------------------------------------------------------
      19,8   32,4     01   11,5     26    2,8   33,2  151,4    2,8   61,2     17    165
    
Tropske noči (Tmin >= 20): 0
Vroči dnevi (Tmax >= 30): 3
Topli dnevi (Tmax >= 25): 22
Hladni dnevi (Tmin < 0): 0
Ledeni dnevi (Tmax < 0): 0