Vremenska postaja Dobravšce

 

46.0659 N| 13.5588 E| 812 m | Prikaži na zemljevidu

 

Vreme na kratko
2,7°C 98% 1004,5 mbar 0 km/h 6 km/h 0,2 mm
0,3°C/h 0%/h -0,4 mbar/h N/A ( N/A) N/A ( N/A) 0,0 mm/h

02. 12. 2021 01:30:00 CET

Vremenska statistika za 07-2020

Vremenska postaja:Vantage Pro2
Programska oprema:weewx v3.9.1
WeeWX aktiven:16 dni, 2 ure, 28 minute
Strežnik aktiven:15 dni, 10 ure, 29 minute
                   MONTHLY CLIMATOLOGICAL SUMMARY for jul 2020


NAME: Dobravšce                  
ELEV: 453 m    LAT: 46-05.63 S    LONG: 014-08.82 V


                   TEMPERATURE (°C), RAIN (mm), WIND SPEED (km/h)

                                         HEAT   COOL         AVG
      MEAN                               DEG    DEG          WIND                   DOM
DAY   TEMP   HIGH   TIME    LOW   TIME   DAYS   DAYS   RAIN  SPEED   HIGH   TIME    DIR
---------------------------------------------------------------------------------------
 01   21,9   29,5  15:12   15,6  04:18    0,0    2,2    0,0    2,5   19,3  17:38    343
 02   21,2   28,1  12:30   16,1  05:21    0,0    1,8    0,0    2,8   30,6  14:33    113
 03   17,8   21,2  16:36   14,1  23:57    0,1    0,0    5,0    3,1   19,3  17:32    132
 04   18,2   24,6  17:19   12,3  05:32    0,0    0,1    0,2    4,3   22,5  13:03    107
 05   19,4   27,7  16:10   10,5  06:00    0,0    0,8    0,0    3,1   29,0  11:15    154
 06   21,2   30,0  16:29   13,0  05:44    0,0    1,8    0,6    4,5   38,6  22:23     85
 07   16,1   21,2  16:52   11,1  05:16    1,0    0,0   18,6    6,7   35,4  00:49    103
 08   17,2   26,4  17:09    8,6  05:38    0,4    0,0    0,0    2,8   19,3  17:17    101
 09   19,8   28,7  17:17   11,1  05:20    0,0    1,0    0,0    2,6   16,1  13:21    112
 10   21,2   30,2  15:34   12,1  05:40    0,0    1,8    0,0    3,2   20,9  15:07    247
 11   17,8   25,3  13:23   13,2  05:20    0,1    0,0   17,4    3,9   32,2  16:38     55
 12   16,5   21,3  16:45   10,8  23:57    0,8    0,0    0,0    5,6   25,7  16:11    111
 13   15,4   22,0  16:47    7,4  05:43    1,5    0,0    0,0    5,5   33,8  10:36     81
 14   15,4   22,4  15:46    7,5  05:19    1,5    0,0    0,0    4,3   22,5  12:53    108
 15   17,3   25,8  16:48    8,3  05:42    0,4    0,0    0,0    2,9   19,3  18:35    265
 16   18,1   24,5  14:43   13,0  05:25    0,0    0,1    0,8    2,0   16,1  12:16    111
 17   16,2   20,0  16:13   12,6  23:59    1,0    0,0   11,4    4,2   48,3  16:21    107
 18   14,9   20,5  13:16   10,2  05:43    1,7    0,0    0,0    3,0   19,3  14:27     71
 19   16,5   23,8  16:48    9,6  06:09    0,8    0,0    0,0    2,4   16,1  12:34    173
 20   20,1   28,0  13:00   12,7  05:50    0,0    1,1    0,0    2,5   22,5  17:16    242
 21   21,2   29,0  15:52   14,1  04:12    0,0    1,8    0,0    2,8   20,9  17:29    255
 22   19,9   28,8  14:48   15,5  04:34    0,0    1,1   12,0    2,9   64,4  16:14     99
 23   20,4   28,0  16:29   15,7  06:21    0,0    1,4    0,0    3,7   41,8  23:05    112
 24   18,0   22,1  13:04   15,1  06:15    0,0    0,0    6,2    2,8   17,7  13:12     48
 25   18,8   26,2  14:51   14,3  05:49    0,0    0,4    1,2    2,5   19,3  14:51    242
 26   19,7   27,2  16:28   14,2  06:16    0,0    1,0    0,0    2,8   25,7  13:16    251
 27   21,2   29,7  16:48   13,6  05:51    0,0    1,8    0,0    2,8   14,5  11:51    296
 28   22,8   30,7  15:14   14,7  05:26    0,0    2,7    0,0    3,2   22,5  12:10    250
 29   23,8   30,4  16:39   17,1  06:11    0,0    3,2    0,0    3,6   37,0  22:02     60
 30   23,2   29,4  16:41   17,9  04:30    0,0    2,9    0,0    4,2   19,3  10:58     44
 31   23,3   31,6  13:45   19,1  04:33    0,0    2,9    0,0    1,4   14,5  13:25    330
---------------------------------------------------------------------------------------
      19,2   31,6     31    7,4     13    9,4   29,6   73,4    3,4   64,4     22    100
    
Tropske noči (Tmin >= 20): 0
Vroči dnevi (Tmax >= 30): 5
Topli dnevi (Tmax >= 25): 20
Hladni dnevi (Tmin < 0): 0
Ledeni dnevi (Tmax < 0): 0