Vremenska postaja Dobravšce

 

46.0659 N| 13.5588 E| 812 m | Prikaži na zemljevidu

 

Vreme na kratko
2,2°C 97% 1004,2 mbar 0 km/h 0 km/h 0,4 mm
-0,7°C/h -1%/h -0,3 mbar/h N/A ( N/A) N/A ( N/A) 0,0 mm/h

02. 12. 2021 02:10:00 CET

Vremenska statistika za 06-2020

Vremenska postaja:Vantage Pro2
Programska oprema:weewx v3.9.1
WeeWX aktiven:16 dni, 3 ure, 8 minute
Strežnik aktiven:15 dni, 11 ure, 9 minute
                   MONTHLY CLIMATOLOGICAL SUMMARY for jun 2020


NAME: Dobravšce                  
ELEV: 453 m    LAT: 46-05.63 S    LONG: 014-08.82 V


                   TEMPERATURE (°C), RAIN (mm), WIND SPEED (km/h)

                                         HEAT   COOL         AVG
      MEAN                               DEG    DEG          WIND                   DOM
DAY   TEMP   HIGH   TIME    LOW   TIME   DAYS   DAYS   RAIN  SPEED   HIGH   TIME    DIR
---------------------------------------------------------------------------------------
 01   15,3   22,5  16:27    7,7  04:47    1,5    0,0    0,0    3,9   25,7  09:58     77
 02   16,0   24,1  16:18    7,6  05:35    1,1    0,0    0,0    2,8   30,6  15:58    122
 03   16,6   24,7  15:55    8,2  05:37    0,8    0,0    0,0    3,7   29,0  15:04    261
 04   14,1   17,4  10:39   11,3  03:46    2,2    0,0   16,0    3,2   24,1  12:35    229
 05   13,8   16,7  16:29   12,2  23:50    2,3    0,0   24,4    2,1   17,7  16:56     34
 06   16,6   21,9  13:49   12,2  00:37    0,8    0,0    0,0    1,9   17,7  15:16    126
 07   16,5   23,0  13:11   12,2  05:38    0,9    0,0    7,0    3,5   29,0  11:20    237
 08   13,5   14,6  12:14   12,6  22:33    2,5    0,0   21,8    2,3   17,7  14:44     52
 09   13,8   19,5  18:06   11,6  23:17    2,3    0,0   18,6    2,9   20,9  09:03     69
 10   14,3   19,8  16:24   10,8  23:59    2,0    0,0    1,6    3,0   20,9  14:43    238
 11   14,3   21,1  17:30    9,1  05:30    2,1    0,0    1,0    2,9   22,5  15:44    217
 12   16,9   22,7  15:36    9,2  04:17    0,6    0,0    0,0    5,3   37,0  13:49    251
 13   20,4   26,0  16:29   14,8  23:44    0,0    1,3    0,0    6,4   29,0  09:19    255
 14   18,5   22,8  14:30   13,4  05:11    0,0    0,3    0,0    4,8   29,0  16:24    257
 15   16,2   18,8  18:01   14,5  05:55    1,0    0,0    6,6    0,3    8,0  20:23    158
 16   17,9   23,6  13:53   14,4  06:01    0,1    0,0    0,0    1,9   16,1  11:31     74
 17   17,1   21,8  10:56   13,2  23:54    0,5    0,0    0,0    2,7   24,1  18:27    277
 18   18,0   23,6  14:42   11,9  05:34    0,0    0,0    0,2    5,2   43,5  14:45    249
 19   17,4   23,3  14:05   11,9  05:55    0,4    0,0    1,4    4,1   30,6  12:55    252
 20   16,6   22,7  16:55   12,2  05:21    0,8    0,0    0,8    2,1   12,9  21:57    305
 21   17,4   23,1  16:35   13,1  04:55    0,3    0,0    0,0    3,4   33,8  18:38     24
 22   22,2   27,4  13:37   15,8  23:58    0,0    2,3    0,0    8,4   45,1  09:14     37
 23   20,4   28,4  17:27   11,3  05:40    0,0    1,3    0,0    4,7   25,7  14:45     60
 24   18,1   24,8  14:57   10,6  05:05    0,0    0,0    0,2    2,2   17,7  12:51    190
 25   15,1   16,4  13:34   14,1  06:29    1,6    0,0   32,2    3,3   19,3  09:30     49
 26   19,1   27,2  16:30   13,9  05:03    0,0    0,6    0,6    3,1   20,9  12:36    248
 27   20,9   27,8  15:41   12,8  04:59    0,0    1,6    0,0    4,2   33,8  13:35    256
 28   21,6   29,4  14:20   14,0  05:28    0,0    2,0    0,0    2,8   20,9  16:49    251
 29   20,4   28,4  12:29   15,3  05:13    0,0    1,3    0,0    3,7   33,8  12:34    225
 30   19,1   25,8  17:03   14,6  01:49    0,0    0,6    0,8    3,0   24,1  11:59     42
---------------------------------------------------------------------------------------
      17,3   29,4     28    7,6     02   23,7   11,5  133,2    3,5   45,1     22    261
    
Tropske noči (Tmin >= 20): 0
Vroči dnevi (Tmax >= 30): 0
Topli dnevi (Tmax >= 25): 8
Hladni dnevi (Tmin < 0): 0
Ledeni dnevi (Tmax < 0): 0