Vremenska postaja Dobravšce

 

46.0659 N| 13.5588 E| 812 m | Prikaži na zemljevidu

 

Vreme na kratko
2,9°C 98% 1004,5 mbar 2 km/h 5 km/h 0,2 mm
0,7°C/h 0%/h -0,7 mbar/h JZ (225°) JZ (225°) 0,0 mm/h

02. 12. 2021 01:10:00 CET

Vremenska statistika za 05-2020

Vremenska postaja:Vantage Pro2
Programska oprema:weewx v3.9.1
WeeWX aktiven:16 dni, 2 ure, 8 minute
Strežnik aktiven:15 dni, 10 ure, 9 minute
                   MONTHLY CLIMATOLOGICAL SUMMARY for maj 2020


NAME: Dobravšce                  
ELEV: 453 m    LAT: 46-05.63 S    LONG: 014-08.82 V


                   TEMPERATURE (°C), RAIN (mm), WIND SPEED (km/h)

                                         HEAT   COOL         AVG
      MEAN                               DEG    DEG          WIND                   DOM
DAY   TEMP   HIGH   TIME    LOW   TIME   DAYS   DAYS   RAIN  SPEED   HIGH   TIME    DIR
---------------------------------------------------------------------------------------
 01   12,4   17,1  14:43    8,7  06:37    3,1    0,0   10,4    3,1   29,0  15:09    203
 02   11,7   19,0  13:12    8,8  21:10    3,5    0,0   11,2    3,5   20,9  15:32    172
 03   10,5   17,3  15:27    4,7  23:59    4,2    0,0    1,6    5,3   35,4  12:35    106
 04   11,5   19,8  15:17    2,3  06:15    3,6    0,0    0,0    4,1   24,1  15:37    253
 05   11,9   16,8  13:06    5,7  05:21    3,4    0,0    0,0    3,0   16,1  02:23    245
 06   10,6   15,7  16:24    4,1  23:59    4,1    0,0    0,0    7,1   25,7  12:06    106
 07   11,5   21,3  15:28    0,8  05:38    3,6    0,0    0,0    3,7   25,7  17:55    244
 08   14,5   23,1  15:18    4,9  05:33    2,0    0,0    0,0    3,7   33,8  15:35    252
 09   15,9   23,9  14:31    7,5  05:55    1,1    0,0    0,0    3,9   29,0  11:37    262
 10   15,8   22,3  16:20   10,7  05:47    1,2    0,0    0,0    5,1   32,2  16:39    249
 11   12,7   16,7  16:20    9,9  04:34    3,0    0,0    5,0    2,9   22,5  17:17    232
 12    8,9   12,8  09:48    5,7  21:36    5,1    0,0   20,6    4,2   33,8  11:25     81
 13   11,2   19,0  16:48    5,5  01:38    3,8    0,0    3,8    1,6   25,7  18:51    328
 14   17,1   25,1  15:22   10,6  03:49    0,5    0,0    2,2    5,0   24,1  18:29     95
 15   11,9   15,7  17:04    8,3  09:25    3,4    0,0   22,8    2,5   22,5  23:45     64
 16   10,1   13,4  15:31    7,2  06:44    4,4    0,0    8,8    4,5   19,3  00:00     77
 17   13,6   18,7  15:49    9,4  02:35    2,5    0,0    2,0    3,2   24,1  15:39    103
 18   15,0   21,0  16:05    9,6  04:55    1,7    0,0    0,0    3,5   24,1  14:48    129
 19   13,3   17,4  09:36   10,7  05:47    2,6    0,0    9,4    2,9   20,9  08:12     50
 20   15,0   19,9  17:57   10,8  23:59    1,6    0,0    0,8    4,5   30,6  18:56     84
 21   14,3   21,6  17:01    6,8  05:39    2,0    0,0    0,0    4,7   29,0  12:59     78
 22   14,8   21,7  16:08    6,1  05:43    1,8    0,0    0,0    3,5   29,0  12:45    258
 23   17,4   24,4  16:58   12,3  04:33    0,3    0,0    3,4    2,6   29,0  15:35    251
 24   14,3   19,7  17:03    7,4  23:51    2,1    0,0   14,8    5,8   29,0  10:17     62
 25   13,4   20,2  14:18    6,2  01:26    2,6    0,0    0,0    2,6   29,0  15:02    259
 26   14,1   20,3  16:12    7,3  06:09    2,2    0,0    0,0    6,1   32,2  18:03     63
 27   14,2   21,7  16:41    5,4  05:35    2,1    0,0    0,0    4,4   25,7  10:13     81
 28   12,4   20,6  16:34    4,6  05:27    3,1    0,0    0,0    2,4   22,5  18:28     59
 29   12,0   19,4  15:52    4,1  05:42    3,3    0,0    0,0    4,3   37,0  16:11     97
 30   12,7   16,8  11:01    7,1  05:59    3,0    0,0    0,0    4,2   22,5  13:17     71
 31   11,4   17,7  13:13    3,0  05:20    3,7    0,0    0,0    2,7   20,9  18:07     64
---------------------------------------------------------------------------------------
      13,1   25,1     14    0,8     07   84,4    0,0  116,8    3,9   37,0     29     96
    
Tropske noči (Tmin >= 20): 0
Vroči dnevi (Tmax >= 30): 0
Topli dnevi (Tmax >= 25): 1
Hladni dnevi (Tmin < 0): 0
Ledeni dnevi (Tmax < 0): 0