Vremenska postaja Dobravšce

 

46.0659 N| 13.5588 E| 812 m | Prikaži na zemljevidu

 

Vreme na kratko
2,9°C 98% 1004,8 mbar 2 km/h 8 km/h 0,0 mm
0,9°C/h 1%/h -0,6 mbar/h JZ (225°) JZ (225°) 0,0 mm/h

02. 12. 2021 01:00:00 CET

Vremenska statistika za 03-2020

Vremenska postaja:Vantage Pro2
Programska oprema:weewx v3.9.1
WeeWX aktiven:16 dni, 1 ura, 58 minute
Strežnik aktiven:15 dni, 9 ure, 59 minute
                   MONTHLY CLIMATOLOGICAL SUMMARY for mar 2020


NAME: Dobravšce                  
ELEV: 453 m    LAT: 46-05.63 S    LONG: 014-08.82 V


                   TEMPERATURE (°C), RAIN (mm), WIND SPEED (km/h)

                                         HEAT   COOL         AVG
      MEAN                               DEG    DEG          WIND                   DOM
DAY   TEMP   HIGH   TIME    LOW   TIME   DAYS   DAYS   RAIN  SPEED   HIGH   TIME    DIR
---------------------------------------------------------------------------------------
 01    5,7    7,4  13:01    4,3  02:27    6,8    0,0   40,8    1,2   17,7  00:00    281
 02    7,3    9,9  12:48    4,8  07:33    5,9    0,0   20,0    3,8   30,6  10:12    244
 03    6,3    9,8  12:11    3,6  23:26    6,5    0,0   17,2    2,7   32,2  13:01    245
 04    4,0    7,7  16:10   -1,2  23:46    7,8    0,0    0,2    1,8   16,1  00:23    135
 05    2,8    9,4  14:07   -2,2  07:32    8,5    0,0    0,0    3,0   22,5  14:01    239
 06    1,5    3,7  14:27    0,0  06:45    9,1    0,0   20,6    0,7    9,7  16:02    244
 07    3,9   11,6  14:29   -1,2  23:54    7,8    0,0    2,4    2,5   24,1  14:38    141
 08    2,5   10,6  15:33   -3,4  06:24    8,6    0,0    0,0    2,5   20,9  10:06    185
 09    3,7   12,2  14:36   -2,3  02:52    8,0    0,0    0,0    1,8   14,5  15:16     71
 10    4,5   10,9  13:56   -2,1  05:17    7,5    0,0    0,0    2,6   29,0  15:06    250
 11    8,0   16,7  16:09    0,8  05:41    5,5    0,0    0,0    4,4   30,6  15:05    245
 12    9,2   16,2  14:01    0,9  06:36    4,9    0,0    0,0    4,3   30,6  13:30    249
 13    9,1   12,2  13:17    6,7  23:39    5,0    0,0    0,0    6,0   25,7  18:21     81
 14    7,0    9,9  13:03    3,9  23:57    6,1    0,0    1,0    7,0   33,8  10:42     89
 15    3,0    8,9  16:13   -3,0  23:57    8,3    0,0    0,2    6,0   35,4  11:40     48
 16    3,9   15,6  15:37   -5,3  06:34    7,9    0,0    0,0    3,2   24,1  17:21    234
 17    8,3   18,9  16:05   -0,8  05:54    5,4    0,0    0,0    3,0   16,1  10:46    255
 18    9,0   17,8  15:21    1,1  06:08    5,0    0,0    0,0    3,4   22,5  11:30    100
 19    9,6   20,6  16:08    0,4  06:02    4,7    0,0    0,0    2,7   22,5  16:18    214
 20    9,7   18,4  13:48    1,3  06:31    4,6    0,0    0,0    3,0   25,7  11:05    255
 21    9,5   17,2  14:28    3,8  23:56    4,7    0,0    9,2    4,9   33,8  09:58    206
 22    2,6    5,8  15:24    0,1  23:43    8,5    0,0    0,2   11,3   38,6  15:37     85
 23    1,2    5,3  14:29   -2,8  06:37    9,3    0,0    0,0   12,7   45,1  13:35     58
 24    1,9    4,9  13:22   -1,6  04:59    9,0    0,0    0,0   11,1   45,1  12:41     66
 25    0,4    2,6  10:49   -0,7  07:11    9,8    0,0    0,0   11,6   41,8  12:28     88
 26    0,8    3,0  16:34   -1,1  01:57    9,5    0,0    2,0    9,7   32,2  05:08     57
 27    6,6   12,0  15:49    1,6  00:00    6,4    0,0    0,0    7,3   37,0  13:24     60
 28    6,8   15,9  15:14   -1,3  05:43    6,2    0,0    0,0    3,4   25,7  10:53    126
 29    8,8   16,4  14:33   -0,3  07:04    5,1    0,0    0,0    3,0   20,9  17:33    172
 30    3,3   10,0  00:00    0,2  20:10    8,2    0,0    4,8    6,6   22,5  02:51     54
 31    1,2    5,8  15:35   -3,8  07:00    9,3    0,0    1,6    6,3   37,0  15:49     62
---------------------------------------------------------------------------------------
       5,2   20,6     19   -5,3     16  220,1    0,0  120,2    5,0   45,1     23     74
    
Tropske noči (Tmin >= 20): 0
Vroči dnevi (Tmax >= 30): 0
Topli dnevi (Tmax >= 25): 0
Hladni dnevi (Tmin < 0): 16
Ledeni dnevi (Tmax < 0): 0