Vremenska postaja Dobravšce

 

46.0659 N| 13.5588 E| 812 m | Prikaži na zemljevidu

 

Vreme na kratko
11,2°C 95% 1023,4 mbar 0 km/h 0 km/h 0,0 mm
-0,7°C/h 1%/h 0,4 mbar/h N/A ( N/A) N/A ( N/A) 0,0 mm/h

29. 09. 2023 21:50:00 CEST

Vremenska statistika za 02-2020

Vremenska postaja:Vantage Pro2
Programska oprema:weewx v3.9.1
WeeWX aktiven:16 dni, 11 ure, 7 minute
Strežnik aktiven:15 dni, 5 ure, 46 minute
                   MONTHLY CLIMATOLOGICAL SUMMARY for feb 2020


NAME: Dobravšce                  
ELEV: 453 m    LAT: 46-05.63 S    LONG: 014-08.82 V


                   TEMPERATURE (°C), RAIN (mm), WIND SPEED (km/h)

                                         HEAT   COOL         AVG
      MEAN                               DEG    DEG          WIND                   DOM
DAY   TEMP   HIGH   TIME    LOW   TIME   DAYS   DAYS   RAIN  SPEED   HIGH   TIME    DIR
---------------------------------------------------------------------------------------
 01    8,6    9,9  12:43    7,2  07:02    5,2    0,0    0,2    3,7   30,6  13:19    248
 02    8,4    9,3  00:26    7,3  07:12    5,3    0,0    0,0    4,4   20,9  00:23    253
 03    8,4    9,8  13:03    7,2  23:53    5,3    0,0    0,0    2,8   24,1  04:22    255
 04    6,8   10,0  06:32    3,6  10:47    6,2    0,0    9,6    7,3   56,3  19:55     15
 05    4,7    7,7  12:37    1,2  06:29    7,4    0,0    0,0   14,1   61,2  12:29     47
 06    3,6   11,2  14:49   -2,9  23:53    8,0    0,0    0,0    6,8   59,5  00:18     53
 07   -0,8    7,3  15:41   -5,6  06:49   10,4    0,0    0,0    1,6   14,5  13:34     29
 08   -0,4    9,8  15:10   -6,1  06:57   10,2    0,0    0,0    1,1   14,5  14:32    240
 09    2,9    8,4  15:01   -3,9  04:50    8,4    0,0    0,0    4,5   32,2  13:25    252
 10    6,7    8,9  11:31    4,7  04:12    6,3    0,0    2,8    4,5   32,2  02:44    253
 11    7,4   12,6  12:56    4,4  02:54    5,9    0,0    0,2    3,3   24,1  23:24     91
 12    3,4    8,8  13:54   -2,2  23:20    8,1    0,0    0,0    2,8   24,1  14:31     53
 13    3,6   12,0  14:12   -4,0  06:54    8,0    0,0    0,0    3,3   37,0  19:14    248
 14    5,5   14,3  14:38   -0,7  23:59    7,0    0,0    1,0    3,2   29,0  14:49    331
 15    2,6   11,9  14:56   -3,3  07:03    8,6    0,0    0,0    1,0   12,9  14:53    231
 16    5,0   11,9  13:10   -2,7  06:50    7,2    0,0    0,0    4,8   37,0  12:50    251
 17    7,6    8,4  14:02    6,3  03:15    5,8    0,0    0,6    4,5   25,7  11:24    257
 18    6,8   10,3  15:30    2,0  22:16    6,2    0,0    2,2    1,5   14,5  14:48    119
 19    4,5   10,4  16:14   -0,3  23:58    7,5    0,0    1,2    2,9   61,2  19:31     37
 20    1,6   10,0  15:48   -3,6  07:21    9,1    0,0    0,2    2,2   19,3  13:10    250
 21    3,9   12,5  13:12   -2,2  03:49    7,8    0,0    0,0    4,0   25,7  13:21     50
 22    4,2   11,8  14:46   -3,5  06:36    7,6    0,0    0,0    3,4   30,6  15:21    247
 23    8,0   11,7  15:36    5,2  04:46    5,5    0,0    0,0    7,6   41,8  10:41    245
 24    7,8   10,2  13:20    5,4  23:45    5,7    0,0    0,0    4,6   29,0  03:35    174
 25    8,1    9,8  14:32    5,4  00:04    5,5    0,0    9,0    2,5   22,5  13:58    226
 26    4,9    9,3  09:54    0,1  23:23    7,3    0,0   10,2    4,8   29,0  12:59    168
 27    2,6    8,8  14:05   -2,7  06:58    8,6    0,0    3,0    4,2   35,4  21:31    242
 28    3,0    9,3  12:47   -3,2  23:53    8,3    0,0    0,6    5,6   38,6  10:57     41
 29    3,9   11,1  14:08   -4,1  06:24    7,8    0,0    1,2    5,0   38,6  12:04    251
---------------------------------------------------------------------------------------
       4,9   14,3     14   -6,1     08  210,4    0,0   42,0    4,2   61,2     05    267
    
Tropske noči (Tmin >= 20): 0
Vroči dnevi (Tmax >= 30): 0
Topli dnevi (Tmax >= 25): 0
Hladni dnevi (Tmin < 0): 16
Ledeni dnevi (Tmax < 0): 0