Vremenska postaja Dobravšce

 

46.0659 N| 13.5588 E| 812 m | Prikaži na zemljevidu

 

Vreme na kratko
2,9°C 98% 1004,7 mbar 2 km/h 6 km/h 0,0 mm
0,8°C/h 1%/h -0,9 mbar/h JZ (225°) JZ (225°) 0,0 mm/h

02. 12. 2021 00:50:00 CET

Vremenska statistika za 01-2020

Vremenska postaja:Vantage Pro2
Programska oprema:weewx v3.9.1
WeeWX aktiven:16 dni, 1 ura, 48 minute
Strežnik aktiven:15 dni, 9 ure, 49 minute
                   MONTHLY CLIMATOLOGICAL SUMMARY for jan 2020


NAME: Dobravšce                  
ELEV: 453 m    LAT: 46-05.63 S    LONG: 014-08.82 V


                   TEMPERATURE (°C), RAIN (mm), WIND SPEED (km/h)

                                         HEAT   COOL         AVG
      MEAN                               DEG    DEG          WIND                   DOM
DAY   TEMP   HIGH   TIME    LOW   TIME   DAYS   DAYS   RAIN  SPEED   HIGH   TIME    DIR
---------------------------------------------------------------------------------------
 01   -2,2    4,3  12:53   -5,8  07:25   11,2    0,0    0,0    0,9    8,0  13:29    235
 02   -2,3    4,8  14:35   -6,4  07:31   11,3    0,0    0,2    0,7    9,7  15:13    256
 03   -1,3    6,7  14:58   -5,7  07:06   10,7    0,0    0,2    0,6    9,7  06:33    245
 04   -0,1    6,8  13:23   -4,5  08:10   10,0    0,0    0,0    0,6   14,5  22:32    237
 05    1,1    9,1  11:59   -5,0  23:56    9,4    0,0    0,0    4,4   24,1  09:55    202
 06   -3,8    2,7  13:04   -7,8  07:23   12,1    0,0    0,0    0,8    9,7  15:13    238
 07   -3,2    4,9  14:19   -8,3  07:20   11,8    0,0    0,0    0,7   11,3  14:24    271
 08   -2,9    3,7  12:54   -7,7  07:55   11,6    0,0    0,0    0,8   11,3  15:10    240
 09    2,4    8,6  13:34   -2,3  00:38    8,7    0,0    0,0    2,1   22,5  23:34    240
 10    3,3    8,2  14:02   -2,4  23:32    8,1    0,0    0,0    3,5   22,5  01:36    242
 11    0,5    8,8  15:12   -3,7  08:12    9,7    0,0    0,2    1,0   22,5  14:37    205
 12    1,2    6,2  14:36   -4,2  23:37    9,3    0,0    0,0    2,7   16,1  14:41     75
 13   -0,3    7,4  15:08   -6,2  07:30   10,1    0,0    0,0    1,7   16,1  14:39    242
 14    2,0    6,8  14:36   -1,9  23:25    8,9    0,0    0,0    3,2   25,7  11:23    241
 15    3,4    7,5  11:26   -1,9  01:59    8,1    0,0    0,2    3,6   29,0  10:25    251
 16    2,8    9,6  14:26   -1,9  07:05    8,4    0,0    0,0    1,0   14,5  14:48    238
 17    2,4    7,6  13:23   -0,8  06:31    8,7    0,0    0,0    0,8   11,3  11:03    336
 18    0,5    1,0  11:45   -0,1  23:56    9,7    0,0    0,6    0,6    8,0  10:36    340
 19    0,5    5,3  14:36   -2,9  22:10    9,7    0,0    0,2    1,4   17,7  13:18    216
 20   -0,3    3,1  14:50   -3,9  03:16   10,2    0,0    0,0    5,1   24,1  11:52     86
 21   -1,1    5,1  14:21   -4,8  23:43   10,6    0,0    0,0    1,4   17,7  00:00    231
 22    0,6   10,7  14:14   -5,3  06:14    9,6    0,0    0,2    2,6   29,0  12:20    246
 23   -2,7    3,3  15:09   -5,7  06:06   11,5    0,0    0,0    1,8   16,1  12:38     28
 24   -0,3    9,9  14:18   -7,7  07:36   10,2    0,0    0,2    2,0   25,7  14:26    240
 25    4,2    9,3  15:06    0,4  04:08    7,7    0,0    1,8    0,9   11,3  06:24    245
 26    4,8    7,9  15:36    3,2  04:37    7,3    0,0    3,2    0,6   11,3  16:36    271
 27    4,4    8,6  14:30    2,1  04:39    7,6    0,0    0,0    2,4   19,3  14:05    236
 28    6,3    8,8  20:04    4,1  03:39    6,5    0,0   14,6    4,5   40,2  11:58    252
 29    2,8    8,8  14:13   -1,6  23:02    8,4    0,0    0,0    2,3   12,9  00:14    232
 30    2,4    9,6  14:30   -3,8  07:45    8,6    0,0    0,0    2,4   25,7  14:14    239
 31    6,9   11,1  13:46    3,7  05:34    6,2    0,0    0,0    5,5   33,8  09:29    248
---------------------------------------------------------------------------------------
       1,0   11,1     31   -8,3     07  292,2    0,0   21,6    2,0   40,2     28    241
    
Tropske noči (Tmin >= 20): 0
Vroči dnevi (Tmax >= 30): 0
Topli dnevi (Tmax >= 25): 0
Hladni dnevi (Tmin < 0): 26
Ledeni dnevi (Tmax < 0): 0