Vremenska postaja Dobravšce

 

46.0659 N| 13.5588 E| 812 m | Prikaži na zemljevidu

 

Vreme na kratko
2,2°C 98% 1004,0 mbar 0 km/h 0 km/h 0,4 mm
-0,4°C/h 1%/h -0,5 mbar/h N/A ( N/A) N/A ( N/A) 0,0 mm/h

02. 12. 2021 02:20:00 CET

Vremenska statistika za 2019

Vremenska postaja:Vantage Pro2
Programska oprema:weewx v3.9.1
WeeWX aktiven:16 dni, 3 ure, 18 minute
Strežnik aktiven:15 dni, 11 ure, 19 minute
                     CLIMATOLOGICAL SUMMARY for year 2019


NAME: Dobravšce                  
ELEV: 453 m    LAT: 46-05.63 S    LONG: 014-08.82 V


                                       TEMPERATURE (°C)

                              HEAT    COOL                             Tropske Vroci  Topli  Hladni  Ledeni
          MEAN   MEAN         DEG     DEG                                >=     >=     >=      <       < 
 YR  MO   MAX    MIN    MEAN  DAYS    DAYS      HI  DAY     LOW  DAY     20     30     25      0       0
---------------------------------------------------------------------------------------------------------
2019 01
2019 02
2019 03   13,4    0,6    6,6  177,0    0,0    22,9   24    -3,6   22      0      0      0     16      0
2019 04   15,2    4,4    9,5  142,0    0,0    22,9   21    -0,9   16      0      0      0      1      0
2019 05   15,9    6,8   11,1  119,0    0,0    23,1   24    -0,9   07      0      0      0      1      0
2019 06   28,5   13,8   20,8    1,0   47,1    36,6   27     5,6   01      0      8     27      0      0
2019 07   27,7   14,3   20,2    4,7   43,3    33,4   24     8,0   11      0      9     23      0      0
2019 08   26,7   15,2   20,1    1,8   37,7    32,4   12     9,9   15      0      4     23      0      0
2019 09   21,0   10,4   14,8   56,2    2,3    28,6   01     1,9   21      0      0      5      0      0
2019 10   17,4    7,6   11,7  108,7    0,0    24,4   23     1,9   06      0      0      0      0      0
2019 11    9,5    5,5    7,4  177,2    0,0    16,2   03     0,7   30      0      0      0      0      0
2019 12    6,5   -0,9    2,3  269,7    0,0    14,1   17    -8,3   30      0      0      0     21      1
------------------------------------------------------------------------------------------------
          18,2    7,8   12,5 1057,3  130,4    36,6  jun    -8,3  dec      0     21     78     39      1


                  PRECIPITATION (mm)

                  MAX         ---DAYS OF RAIN---
                  OBS.               OVER
 YR  MO  TOTAL    DAY  DATE   0.20   2.00  20.00
------------------------------------------------
2019 01
2019 02
2019 03   38,4   14,4    25     10      4      0
2019 04   94,2   21,8    28     18      9      2
2019 05  171,4   37,2    28     23     13      2
2019 06   20,0   11,0    22     11      2      0
2019 07  137,8   36,8    18     17     11      3
2019 08   68,4   46,0    02     13      5      1
2019 09   73,0   16,8    23     16      8      0
2019 10   47,2   18,6    02     16      5      0
2019 11  267,6   36,0    05     24     19      7
2019 12  133,8   44,2    21     17     10      2
------------------------------------------------
        1051,8   46,0   avg    165     86     17


           WIND SPEED (km/h)

                                DOM
 YR  MO    AVG     HI   DATE    DIR
-----------------------------------
2019 01
2019 02
2019 03    3,9   41,8     25    147 
2019 04    3,4   37,0     26    130 
2019 05    4,0   59,5     13     74 
2019 06    3,7   37,0     05    167 
2019 07    3,3   49,9     18    168 
2019 08    3,0   57,9     02    115 
2019 09    2,9   32,2     19    121 
2019 10    3,0   38,6     12    247 
2019 11    1,9   33,8     05    102 
2019 12    2,1   35,4     17    222 
-----------------------------------
           3,1   59,5    maj    150