Vremenska postaja Dobravšce

 

46.0659 N| 13.5588 E| 812 m | Prikaži na zemljevidu

 

Vreme na kratko
2,9°C 98% 1004,8 mbar 2 km/h 8 km/h 0,0 mm
0,9°C/h 1%/h -0,6 mbar/h JZ (225°) JZ (225°) 0,0 mm/h

02. 12. 2021 01:00:00 CET

Vremenska statistika za 12-2019

Vremenska postaja:Vantage Pro2
Programska oprema:weewx v3.9.1
WeeWX aktiven:16 dni, 1 ura, 58 minute
Strežnik aktiven:15 dni, 9 ure, 59 minute
                   MONTHLY CLIMATOLOGICAL SUMMARY for dec 2019


NAME: Dobravšce                  
ELEV: 453 m    LAT: 46-05.63 S    LONG: 014-08.82 V


                   TEMPERATURE (°C), RAIN (mm), WIND SPEED (km/h)

                                         HEAT   COOL         AVG
      MEAN                               DEG    DEG          WIND                   DOM
DAY   TEMP   HIGH   TIME    LOW   TIME   DAYS   DAYS   RAIN  SPEED   HIGH   TIME    DIR
---------------------------------------------------------------------------------------
 01    1,4    3,6  12:55   -0,2  06:08    9,2    0,0    5,6    0,6    8,0  01:05    146
 02    2,7    4,4  15:02    1,4  23:46    8,5    0,0   32,0    3,7   24,1  21:23     99
 03    0,4    3,8  14:47   -3,1  22:16    9,8    0,0    0,0    5,4   22,5  01:08     77
 04   -1,1    3,4  14:55   -3,6  07:46   10,6    0,0    0,2    2,8   19,3  13:16     61
 05   -1,7    2,4  14:44   -4,1  23:34   11,0    0,0    0,0    2,7   17,7  01:05     58
 06    3,6    8,8  14:32   -4,1  00:06    8,0    0,0    0,0    3,9   24,1  12:08    250
 07    3,7    9,3  11:56   -1,4  23:56    7,9    0,0    0,0    2,9   19,3  03:56    246
 08    3,0    8,1  13:48   -1,8  01:51    8,3    0,0    0,0    2,5   24,1  21:14    255
 09    6,7    8,1  05:19    4,3  23:57    6,3    0,0    4,6    1,8   20,9  19:25    225
 10    2,1    6,7  15:04   -3,7  23:49    8,9    0,0    0,0    2,3   16,1  14:55    193
 11   -3,3    2,7  12:46   -6,8  07:41   11,8    0,0    0,0    1,3   16,1  12:21    280
 12   -3,3   -0,4  15:25   -7,2  03:24   11,8    0,0    0,0    0,2    8,0  12:23     55
 13   -0,4    4,1  22:00   -2,2  01:58   10,2    0,0    8,4    1,1   25,7  20:31    182
 14   -0,7    1,4  14:49   -2,4  19:51   10,4    0,0    4,0    0,8   11,3  01:35     84
 15    0,2    2,7  23:52   -2,5  04:28    9,9    0,0    3,2    0,2    8,0  10:04    188
 16    5,5   10,8  22:55    1,9  02:46    7,0    0,0    1,4    2,8   20,9  21:41    241
 17   10,5   14,1  13:55    8,3  06:57    4,2    0,0    0,8    4,3   35,4  13:25    241
 18    9,6   13,4  13:46    7,3  06:02    4,7    0,0    0,2    1,8   17,7  00:14    240
 19    9,1   11,2  13:34    7,4  00:00    4,9    0,0    8,2    0,7   11,3  12:31    327
 20    9,3   10,9  13:41    8,2  03:52    4,8    0,0    7,8    3,5   25,7  12:44    240
 21    9,6   12,6  14:48    7,5  21:15    4,6    0,0   44,2    3,5   33,8  14:46    222
 22    6,3    8,1  00:28    4,4  22:46    6,5    0,0   12,6    2,5   24,1  15:26    245
 23    4,5   10,1  14:48    0,4  23:55    7,5    0,0    0,2    2,1   16,1  14:44    247
 24    1,4    5,8  13:11   -1,9  07:46    9,2    0,0    0,0    1,2   19,3  19:41    231
 25    1,0    8,1  14:37   -2,7  07:12    9,4    0,0    0,2    2,2   19,3  22:31    229
 26    0,6    6,9  14:42   -3,1  08:10    9,7    0,0    0,2    1,1   11,3  14:06    248
 27    1,1    4,5  14:28   -2,3  06:41    9,4    0,0    0,0    0,5    9,7  16:30     43
 28   -0,6    6,2  12:52   -4,6  23:56   10,3    0,0    0,0    2,7   22,5  13:38    123
 29   -3,3    1,2  14:55   -7,6  07:49   11,8    0,0    0,0    2,5   20,9  18:58    119
 30   -3,9    1,2  12:34   -8,3  07:21   12,1    0,0    0,0    0,9   11,3  01:16    245
 31   -1,8    6,4  14:59   -6,4  04:33   11,0    0,0    0,0    0,7    9,7  14:41    254
---------------------------------------------------------------------------------------
       2,3   14,1     17   -8,3     30  269,7    0,0  133,8    2,1   35,4     17    222
    
Tropske noči (Tmin >= 20): 0
Vroči dnevi (Tmax >= 30): 0
Topli dnevi (Tmax >= 25): 0
Hladni dnevi (Tmin < 0): 21
Ledeni dnevi (Tmax < 0): 1