MONTHLY CLIMATOLOGICAL SUMMARY for nov 2019 NAME: Dobravšce ELEV: 453 m LAT: 46-05.63 S LONG: 014-08.82 V TEMPERATURE (°C), RAIN (mm), WIND SPEED (km/h) HEAT COOL AVG MEAN DEG DEG WIND DOM DAY TEMP HIGH TIME LOW TIME DAYS DAYS RAIN SPEED HIGH TIME DIR --------------------------------------------------------------------------------------- 01 5,1 6,2 10:43 4,4 06:16 7,2 0,0 0,0 4,7 16,1 08:17 61 02 8,4 12,0 14:13 4,6 00:00 5,3 0,0 2,6 2,0 20,9 13:43 248 03 12,2 16,2 13:41 9,8 02:52 3,2 0,0 22,2 2,4 24,1 14:26 242 04 11,2 13,9 14:49 8,5 19:41 3,8 0,0 6,8 2,9 22,5 14:28 236 05 11,6 14,9 10:52 9,1 00:04 3,6 0,0 36,0 3,0 33,8 11:50 239 06 8,5 10,8 13:02 7,2 04:11 5,3 0,0 11,0 1,0 9,7 00:03 231 07 7,3 13,1 13:32 3,1 21:58 6,0 0,0 0,0 1,9 17,7 13:43 231 08 6,1 8,3 11:58 3,1 00:17 6,6 0,0 12,2 0,9 9,7 10:06 230 09 7,1 9,2 12:21 5,3 18:11 6,1 0,0 4,0 1,8 17,7 11:12 225 10 5,2 8,5 14:57 2,3 19:15 7,1 0,0 0,2 1,2 12,9 16:21 61 11 4,7 6,5 12:21 2,6 04:28 7,4 0,0 2,0 0,4 8,0 09:10 71 12 6,3 7,3 18:30 5,4 00:07 6,5 0,0 20,4 3,0 17,7 10:22 61 13 6,8 8,1 12:31 4,7 23:22 6,2 0,0 32,2 2,1 17,7 11:17 38 14 5,7 7,4 14:08 4,6 01:33 6,8 0,0 0,2 3,5 14,5 08:02 60 15 6,6 7,8 22:08 5,6 03:25 6,3 0,0 30,2 1,6 14,5 12:05 65 16 8,6 11,3 14:02 7,3 07:17 5,2 0,0 10,0 1,5 17,7 22:42 357 17 10,0 11,9 13:08 8,4 00:45 4,4 0,0 23,0 4,8 25,7 06:09 53 18 7,0 10,6 14:25 4,7 07:36 6,1 0,0 6,2 2,1 20,9 01:25 240 19 7,0 7,9 13:51 5,7 00:01 6,1 0,0 6,2 0,1 8,0 00:01 26 20 7,4 9,1 14:14 6,2 06:01 5,9 0,0 5,6 0,7 11,3 15:19 122 21 7,5 9,8 14:43 6,2 23:12 5,8 0,0 3,0 0,7 14,5 13:36 207 22 6,4 7,3 14:57 4,9 08:30 6,5 0,0 1,6 1,3 9,7 04:11 148 23 7,7 8,5 12:51 7,1 00:08 5,7 0,0 0,0 0,8 9,7 08:42 89 24 8,1 9,3 14:14 7,2 08:08 5,5 0,0 0,4 0,6 9,7 23:59 351 25 7,1 7,9 00:00 6,6 06:23 6,0 0,0 0,0 2,2 16,1 20:30 101 26 5,4 6,8 00:27 4,4 23:58 7,0 0,0 0,0 3,8 16,1 07:07 136 27 6,8 8,9 15:37 4,3 01:23 6,2 0,0 24,6 0,3 9,7 15:40 193 28 9,0 10,8 13:49 6,7 23:59 5,0 0,0 6,8 1,6 14,5 15:44 243 29 7,0 10,4 13:34 3,4 23:59 6,1 0,0 0,0 1,9 16,1 16:37 255 30 3,1 4,9 11:04 0,7 21:34 8,3 0,0 0,2 2,9 17,7 10:49 69 --------------------------------------------------------------------------------------- 7,4 16,2 03 0,7 30 177,2 0,0 267,6 1,9 33,8 05 102 Tropske noči (Tmin >= 20): 0 Vroči dnevi (Tmax >= 30): 0 Topli dnevi (Tmax >= 25): 0 Hladni dnevi (Tmin < 0): 0 Ledeni dnevi (Tmax < 0): 0