Vremenska postaja Dobravšce

 

46.0659 N| 13.5588 E| 812 m | Prikaži na zemljevidu

 

Vreme na kratko
2,7°C 98% 1004,9 mbar 3 km/h 8 km/h 0,0 mm
0,3°C/h 1%/h -0,9 mbar/h JZ (225°) JZ (225°) 0,0 mm/h

02. 12. 2021 00:40:00 CET

Vremenska statistika za 10-2019

Vremenska postaja:Vantage Pro2
Programska oprema:weewx v3.9.1
WeeWX aktiven:16 dni, 1 ura, 38 minute
Strežnik aktiven:15 dni, 9 ure, 39 minute
                   MONTHLY CLIMATOLOGICAL SUMMARY for okt 2019


NAME: Dobravšce                  
ELEV: 453 m    LAT: 46-05.63 S    LONG: 014-08.82 V


                   TEMPERATURE (°C), RAIN (mm), WIND SPEED (km/h)

                                         HEAT   COOL         AVG
      MEAN                               DEG    DEG          WIND                   DOM
DAY   TEMP   HIGH   TIME    LOW   TIME   DAYS   DAYS   RAIN  SPEED   HIGH   TIME    DIR
---------------------------------------------------------------------------------------
 01   15,1   19,6  17:26   12,2  01:06    1,6    0,0    0,0    1,1   11,3  12:21    230
 02   13,0   17,3  11:52   10,0  23:01    2,8    0,0   18,6    2,0   24,1  16:12    222
 03    9,8   14,2  14:26    4,4  23:42    4,6    0,0    0,2    3,8   24,1  07:25    152
 04    7,6   14,8  15:32    2,4  07:28    5,8    0,0    0,2    2,2   11,3  11:51    146
 05   10,7   17,6  16:43    6,0  06:54    4,1    0,0    0,0    2,7   25,7  14:09    248
 06    8,0   13,4  12:12    1,9  06:29    5,6    0,0    0,0    1,7   17,7  11:27    126
 07    9,7   13,0  15:49    7,3  07:27    4,6    0,0    0,0    6,7   29,0  12:06     50
 08    8,6   16,4  16:13    2,5  06:46    5,2    0,0    0,0    2,3   12,9  01:49    240
 09   12,6   16,2  11:34    5,8  00:14    3,0    0,0    3,8    4,9   32,2  07:01    253
 10   11,9   13,8  17:03   10,9  08:47    3,4    0,0    7,4    1,8   12,9  04:56     71
 11   11,2   18,5  15:17    7,8  06:42    3,8    0,0    0,0    2,2   12,9  16:56    182
 12   13,3   18,2  14:47    7,1  01:46    2,6    0,0    0,0    6,4   38,6  12:51    252
 13   14,8   18,8  14:27   12,2  00:52    1,8    0,0    0,0    5,3   35,4  11:18    246
 14   15,1   18,7  14:53   11,9  22:16    1,6    0,0    0,0    4,6   37,0  12:43    251
 15   13,6   16,6  16:51   10,7  06:35    2,5    0,0    0,6    2,1   17,7  11:04    230
 16   14,0   20,3  15:03    8,3  23:53    2,2    0,0    4,8    2,9   17,7  15:06    245
 17   11,3   18,9  15:03    7,8  03:09    3,7    0,0    0,0    2,5   24,1  14:23    240
 18   13,4   17,3  13:30    8,8  00:07    2,5    0,0    0,0    2,1   17,7  07:15    253
 19   13,8   16,7  13:10   11,4  07:40    2,3    0,0    1,2    2,2   22,5  12:30    238
 20   15,2   19,9  16:30   11,2  01:50    1,5    0,0    0,0    3,1   19,3  08:20    236
 21   15,5   19,2  11:30   11,2  00:00    1,4    0,0    0,0    2,7   22,5  12:20    251
 22   14,3   23,9  15:28   10,1  06:30    2,1    0,0    0,2    1,5   17,7  14:47    245
 23   13,6   24,4  15:26    9,1  07:52    2,4    0,0    0,4    1,3   12,9  16:17    247
 24   12,4   22,6  14:24    7,6  08:04    3,1    0,0    0,2    1,7   19,3  14:31    240
 25   11,0   21,4  15:03    6,2  07:55    3,9    0,0    0,2    1,6   17,7  16:13     31
 26   10,2   21,6  15:05    4,8  04:59    4,3    0,0    0,0    1,0    9,7  16:51    243
 27   12,2   23,2  13:56    5,4  07:13    3,2    0,0    0,2    2,4   24,1  10:54    249
 28   10,9   17,3  12:24    4,9  05:05    4,0    0,0    0,0    2,0   16,1  16:15     53
 29    8,7   11,8  00:31    6,0  23:57    5,2    0,0    7,4    3,0   17,7  19:01     71
 30    6,5    7,9  13:16    5,5  04:50    6,4    0,0    0,2    5,0   20,9  18:09     76
 31    4,9    5,9  14:01    3,4  08:28    7,3    0,0    1,6    8,5   24,1  10:48     53
---------------------------------------------------------------------------------------
      11,7   24,4     23    1,9     06  108,7    0,0   47,2    3,0   38,6     12    247
    
Tropske noči (Tmin >= 20): 0
Vroči dnevi (Tmax >= 30): 0
Topli dnevi (Tmax >= 25): 0
Hladni dnevi (Tmin < 0): 0
Ledeni dnevi (Tmax < 0): 0