Vremenska postaja Dobravšce

 

46.0659 N| 13.5588 E| 812 m | Prikaži na zemljevidu

 

Vreme na kratko
2,2°C 97% 1004,2 mbar 0 km/h 0 km/h 0,4 mm
-0,7°C/h -1%/h -0,3 mbar/h N/A ( N/A) N/A ( N/A) 0,0 mm/h

02. 12. 2021 02:10:00 CET

Vremenska statistika za 09-2019

Vremenska postaja:Vantage Pro2
Programska oprema:weewx v3.9.1
WeeWX aktiven:16 dni, 3 ure, 8 minute
Strežnik aktiven:15 dni, 11 ure, 9 minute
                   MONTHLY CLIMATOLOGICAL SUMMARY for sep 2019


NAME: Dobravšce                  
ELEV: 453 m    LAT: 46-05.63 S    LONG: 014-08.82 V


                   TEMPERATURE (°C), RAIN (mm), WIND SPEED (km/h)

                                         HEAT   COOL         AVG
      MEAN                               DEG    DEG          WIND                   DOM
DAY   TEMP   HIGH   TIME    LOW   TIME   DAYS   DAYS   RAIN  SPEED   HIGH   TIME    DIR
---------------------------------------------------------------------------------------
 01   20,3   28,6  13:04   15,5  05:17    0,0    1,3    0,0    1,7   12,9  12:22    219
 02   17,9   24,8  13:31   14,8  03:40    0,1    0,0    2,6    2,0   22,5  15:31     45
 03   15,9   20,7  16:14   10,8  23:56    1,2    0,0   15,0    4,6   25,7  00:35    132
 04   14,4   22,2  17:00    8,4  06:40    2,0    0,0    0,0    3,9   22,5  14:09     58
 05   15,1   23,9  16:23    8,7  06:36    1,6    0,0    0,0    3,3   24,1  14:00    127
 06   14,5   17,3  08:40   12,8  00:03    1,9    0,0   11,0    4,2   30,6  11:36     97
 07   14,7   18,3  15:53   12,9  23:34    1,8    0,0    2,6    1,4   14,5  16:38    173
 08   12,8   14,2  16:27   11,6  04:09    2,9    0,0   16,0    3,2   19,3  14:35     50
 09   13,4   19,6  16:47    9,2  23:45    2,5    0,0    2,6    2,7   24,1  13:31    238
 10   13,2   20,3  15:48    8,7  05:55    2,7    0,0    0,0    3,3   19,3  16:24     49
 11   13,3   19,2  16:42    7,9  07:04    2,6    0,0    0,2    2,9   19,3  14:52    113
 12   15,4   23,3  15:56   10,3  07:28    1,5    0,0    0,0    2,7   19,3  12:00    135
 13   16,2   25,4  16:45   10,3  05:53    1,0    0,0    0,0    2,2   17,7  14:50    177
 14   16,7   24,1  16:42   10,7  07:23    0,7    0,0    0,2    2,3   17,7  11:40    106
 15   18,4   25,3  15:41   13,6  06:45    0,0    0,2    0,0    2,9   16,1  11:49     30
 16   18,4   27,6  15:21   12,7  06:43    0,0    0,2    0,2    2,4   17,7  16:18    224
 17   19,1   25,7  15:04   14,1  06:08    0,0    0,6    0,0    3,1   22,5  13:18    249
 18   14,0   17,4  00:00   11,3  22:16    2,2    0,0    0,0    5,7   30,6  14:11     81
 19   12,5   17,0  13:19    7,9  22:53    3,1    0,0    0,0    6,0   32,2  10:34     99
 20    9,6   15,8  15:26    3,9  06:53    4,6    0,0    0,0    5,5   30,6  14:24     50
 21    8,8   18,6  16:51    1,9  06:54    5,1    0,0    0,0    2,8   20,9  12:33    104
 22    9,9   18,8  12:31    3,6  06:22    4,5    0,0    0,4    2,2   19,3  12:37    234
 23   14,8   19,8  12:57   11,3  00:00    1,8    0,0   16,8    1,8   17,7  11:39    251
 24   14,7   20,2  11:59   11,7  22:59    1,8    0,0    0,2    2,0   17,7  12:18    165
 25   13,2   16,1  12:40   10,3  04:56    2,7    0,0    3,0    1,0   16,1  23:01     34
 26   13,8   22,4  15:27    9,8  23:35    2,3    0,0    1,0    2,5   16,1  14:38    224
 27   14,2   22,1  15:34    8,3  07:14    2,1    0,0    0,0    2,4   17,7  12:32    243
 28   15,3   19,8  13:16   11,8  06:51    1,5    0,0    1,0    1,8   16,1  23:10    202
 29   15,8   21,0  14:47   13,3  07:45    1,2    0,0    0,2    1,9   14,5  14:52    278
 30   16,7   21,7  16:35   12,7  23:48    0,7    0,0    0,0    4,0   24,1  10:34    237
---------------------------------------------------------------------------------------
      14,8   28,6     01    1,9     21   56,2    2,3   73,0    2,9   32,2     19    121
    
Tropske noči (Tmin >= 20): 0
Vroči dnevi (Tmax >= 30): 0
Topli dnevi (Tmax >= 25): 5
Hladni dnevi (Tmin < 0): 0
Ledeni dnevi (Tmax < 0): 0