Vremenska postaja Dobravšce

 

46.0659 N| 13.5588 E| 812 m | Prikaži na zemljevidu

 

Vreme na kratko
2,6°C 97% 1004,5 mbar 0 km/h 2 km/h 0,2 mm
0,5°C/h -1%/h -0,6 mbar/h N/A ( N/A) N/A ( N/A) 0,0 mm/h

02. 12. 2021 01:20:00 CET

Vremenska statistika za 08-2019

Vremenska postaja:Vantage Pro2
Programska oprema:weewx v3.9.1
WeeWX aktiven:16 dni, 2 ure, 18 minute
Strežnik aktiven:15 dni, 10 ure, 19 minute
                   MONTHLY CLIMATOLOGICAL SUMMARY for avg 2019


NAME: Dobravšce                  
ELEV: 453 m    LAT: 46-05.63 S    LONG: 014-08.82 V


                   TEMPERATURE (°C), RAIN (mm), WIND SPEED (km/h)

                                         HEAT   COOL         AVG
      MEAN                               DEG    DEG          WIND                   DOM
DAY   TEMP   HIGH   TIME    LOW   TIME   DAYS   DAYS   RAIN  SPEED   HIGH   TIME    DIR
---------------------------------------------------------------------------------------
 01   22,0   28,2  16:14   17,7  01:24    0,0    2,2    0,0    2,9   19,3  11:01    142
 02   18,7   22,3  17:10   15,1  00:00    0,0    0,4   46,0    2,3   57,9  11:40    175
 03   17,8   25,1  15:30   13,7  06:30    0,1    0,0    0,6    2,8   20,9  16:50    261
 04   17,7   25,7  14:40   12,5  06:10    0,2    0,0    0,6    2,7   16,1  14:50    147
 05   19,9   27,6  15:40   13,2  05:10    0,0    1,0    0,0    2,7   22,5  14:30    259
 06   21,7   28,3  15:30   15,3  04:30    0,0    2,1    0,0    3,1   24,1  10:30    253
 07   22,4   28,6  15:52   17,1  06:19    0,0    2,5    1,4    4,4   29,0  15:59    244
 08   20,0   23,1  14:36   17,7  04:55    0,0    1,1    2,2    3,1   19,3  21:42     50
 09   22,0   30,4  16:46   16,6  05:03    0,0    2,2    0,0    3,0   17,7  16:59    300
 10   23,4   30,3  14:43   16,8  06:27    0,0    3,0    0,0    3,6   32,2  16:02    251
 11   22,0   27,8  18:07   17,7  23:57    0,0    2,2    0,0    3,2   19,3  11:13     67
 12   23,0   32,4  16:06   16,2  05:10    0,0    2,8    0,0    2,6   19,3  23:59    245
 13   19,7   24,9  00:00   16,6  05:58    0,0    0,9    2,4    4,9   25,7  11:05    101
 14   17,3   21,8  15:48   12,4  23:58    0,4    0,0    0,2    5,4   22,5  14:27     80
 15   16,7   25,9  17:03    9,9  06:18    0,7    0,0    0,0    2,2   14,5  12:12    127
 16   17,6   23,8  16:54   12,9  23:45    0,2    0,0    1,6    3,6   22,5  13:45    159
 17   17,9   26,7  15:13   11,2  06:10    0,0    0,0    0,0    2,4   29,0  12:00    268
 18   20,4   27,7  16:14   13,1  06:13    0,0    1,3    0,0    3,4   25,7  09:33    253
 19   21,7   29,4  15:29   14,6  06:27    0,0    2,1    0,0    3,2   22,5  11:03    243
 20   21,8   30,6  16:25   14,3  06:21    0,0    2,1    0,0    2,3   14,5  13:54     40
 21   20,5   24,7  09:30   16,9  03:33    0,0    1,4    0,0    4,4   25,7  09:58    101
 22   17,8   21,8  18:08   14,6  06:15    0,1    0,0    1,0    3,3   16,1  12:18     56
 23   18,9   22,2  16:27   15,9  01:29    0,0    0,5    0,0    1,9   17,7  15:38     45
 24   20,0   25,8  14:27   15,9  23:58    0,0    1,1    6,4    3,0   22,5  18:48     54
 25   19,4   25,7  17:04   14,7  06:17    0,0    0,8    0,0    2,8   16,1  13:55     84
 26   19,9   25,3  16:47   16,6  07:16    0,0    1,0    1,2    2,6   20,9  17:37     42
 27   20,3   28,3  15:54   16,6  06:20    0,0    1,3    0,0    2,3   16,1  13:12     41
 28   20,8   28,8  15:03   16,5  04:35    0,0    1,6    0,0    2,1   16,1  12:19    357
 29   20,7   28,5  13:22   17,2  23:25    0,0    1,5    4,6    1,8   24,1  17:24    217
 30   19,7   26,3  16:05   16,4  06:06    0,0    0,9    0,2    1,3   14,5  15:46     30
 31   21,0   28,8  16:06   16,3  06:37    0,0    1,7    0,0    3,0   24,1  14:50     70
---------------------------------------------------------------------------------------
      20,1   32,4     12    9,9     15    1,8   37,7   68,4    3,0   57,9     02    115
    
Tropske noči (Tmin >= 20): 0
Vroči dnevi (Tmax >= 30): 4
Topli dnevi (Tmax >= 25): 23
Hladni dnevi (Tmin < 0): 0
Ledeni dnevi (Tmax < 0): 0