Vremenska postaja Dobravšce

 

46.0659 N| 13.5588 E| 812 m | Prikaži na zemljevidu

 

Vreme na kratko
2,3°C 97% 1004,2 mbar 0 km/h 3 km/h 0,2 mm
-0,6°C/h -1%/h -0,6 mbar/h N/A ( N/A) N/A ( N/A) 0,0 mm/h

02. 12. 2021 02:00:00 CET

Vremenska statistika za 07-2019

Vremenska postaja:Vantage Pro2
Programska oprema:weewx v3.9.1
WeeWX aktiven:16 dni, 2 ure, 58 minute
Strežnik aktiven:15 dni, 10 ure, 59 minute
                   MONTHLY CLIMATOLOGICAL SUMMARY for jul 2019


NAME: Dobravšce                  
ELEV: 453 m    LAT: 46-05.63 S    LONG: 014-08.82 V


                   TEMPERATURE (°C), RAIN (mm), WIND SPEED (km/h)

                                         HEAT   COOL         AVG
      MEAN                               DEG    DEG          WIND                   DOM
DAY   TEMP   HIGH   TIME    LOW   TIME   DAYS   DAYS   RAIN  SPEED   HIGH   TIME    DIR
---------------------------------------------------------------------------------------
 01   23,4   33,4  15:57   11,8  05:44    0,0    3,0    0,0    4,2   30,6  14:56    243
 02   21,0   31,2  15:44   14,9  04:03    0,0    1,7   13,8    3,8   29,0  15:20    103
 03   19,9   27,5  15:48   15,2  05:29    0,0    1,1    3,2    5,1   33,8  19:16    102
 04   18,8   23,8  17:43   15,1  23:57    0,0    0,4    0,2    4,8   20,9  12:55     80
 05   21,1   30,1  17:33   13,2  03:09    0,0    1,7    0,0    3,1   20,9  15:04    225
 06   23,1   30,9  16:40   15,6  04:58    0,0    2,8    2,4    4,1   29,0  11:19    250
 07   20,6   28,7  13:35   15,9  06:09    0,0    1,4    1,4    3,3   19,3  12:41    232
 08   18,1   24,6  16:04   15,0  06:05    0,0    0,1   28,6    4,6   30,6  17:11     96
 09   17,3   20,3  18:56   14,9  01:30    0,4    0,0    3,0    3,3   17,7  12:29     75
 10   16,9   20,8  16:43   11,3  23:56    0,6    0,0    0,6    6,2   30,6  09:55     99
 11   16,2   23,2  15:34    8,0  05:23    1,0    0,0    0,0    2,3   14,5  14:53    248
 12   17,3   25,1  13:10   13,7  23:54    0,4    0,0    5,4    3,0   30,6  16:54    213
 13   17,0   24,4  13:51   12,2  23:48    0,5    0,0    1,2    2,8   40,2  15:30    235
 14   16,5   25,2  14:20    9,6  06:08    0,8    0,0    0,0    3,0   37,0  17:33     85
 15   17,2   22,9  16:22   11,8  03:16    0,4    0,0    0,0    4,1   24,1  13:38    107
 16   18,2   26,4  16:35    9,3  05:41    0,0    0,1    0,0    3,6   29,0  11:37    128
 17   19,7   27,7  16:50   10,6  05:28    0,0    0,9    0,2    3,3   24,1  12:37    251
 18   17,2   26,3  13:14   13,2  23:59    0,5    0,0   36,8    2,8   49,9  14:10    225
 19   19,8   29,4  16:28   13,0  04:41    0,0    1,0    0,0    2,5   16,1  16:10    189
 20   21,3   29,3  15:43   13,2  05:18    0,0    1,8    0,0    3,3   25,7  11:13    253
 21   23,0   30,9  15:47   16,7  05:50    0,0    2,8    0,0    3,5   30,6  10:11    265
 22   22,4   29,6  16:11   15,4  05:39    0,0    2,4    0,0    2,8   19,3  11:40    160
 23   23,6   31,8  15:18   15,7  05:24    0,0    3,1    0,0    2,5   14,5  11:38    136
 24   24,8   33,4  15:51   16,4  05:43    0,0    3,8    0,0    2,4   20,9  12:36    269
 25   25,0   32,7  15:20   18,3  05:49    0,0    3,9    0,0    2,3   22,5  16:05    166
 26   25,8   33,2  15:50   19,3  06:15    0,0    4,3    3,2    4,1   32,2  11:16    248
 27   21,5   28,3  13:20   17,8  21:47    0,0    1,9    5,6    3,6   32,2  16:13    255
 28   17,8   20,8  17:58   16,5  04:05    0,1    0,0   27,8    2,5   22,5  10:44     60
 29   20,2   26,3  16:24   16,6  03:35    0,0    1,2    3,8    2,0   17,7  15:08    120
 30   20,6   29,7  13:53   16,5  06:07    0,0    1,4    0,6    2,0   25,7  15:20    206
 31   22,2   29,8  14:49   18,1  06:16    0,0    2,3    0,0    2,4   29,0  15:35    195
---------------------------------------------------------------------------------------
      20,2   33,4     24    8,0     11    4,7   43,3  137,8    3,3   49,9     18    168
    
Tropske noči (Tmin >= 20): 0
Vroči dnevi (Tmax >= 30): 9
Topli dnevi (Tmax >= 25): 23
Hladni dnevi (Tmin < 0): 0
Ledeni dnevi (Tmax < 0): 0