Vremenska postaja Dobravšce

 

46.0659 N| 13.5588 E| 812 m | Prikaži na zemljevidu

 

Vreme na kratko
2,9°C 98% 1004,8 mbar 2 km/h 8 km/h 0,0 mm
0,9°C/h 1%/h -0,6 mbar/h JZ (225°) JZ (225°) 0,0 mm/h

02. 12. 2021 01:00:00 CET

Vremenska statistika za 06-2019

Vremenska postaja:Vantage Pro2
Programska oprema:weewx v3.9.1
WeeWX aktiven:16 dni, 1 ura, 58 minute
Strežnik aktiven:15 dni, 9 ure, 59 minute
                   MONTHLY CLIMATOLOGICAL SUMMARY for jun 2019


NAME: Dobravšce                  
ELEV: 453 m    LAT: 46-05.63 S    LONG: 014-08.82 V


                   TEMPERATURE (°C), RAIN (mm), WIND SPEED (km/h)

                                         HEAT   COOL         AVG
      MEAN                               DEG    DEG          WIND                   DOM
DAY   TEMP   HIGH   TIME    LOW   TIME   DAYS   DAYS   RAIN  SPEED   HIGH   TIME    DIR
---------------------------------------------------------------------------------------
 01   16,3   26,1  15:53    5,6  05:46    1,0    0,0    0,0    3,5   24,1  18:18     90
 02   18,4   25,9  14:38   11,0  05:21    0,0    0,2    0,2    3,8   35,4  15:31    110
 03   19,1   28,6  17:28    9,8  05:21    0,0    0,6    0,0    2,9   24,1  20:36    168
 04   19,1   28,6  13:30   12,2  04:38    0,0    0,6    0,0    3,1   25,7  14:13    216
 05   19,0   25,0  13:33   12,1  04:31    0,0    0,5    0,0    4,7   37,0  12:29    249
 06   19,8   24,6  13:58   15,9  03:09    0,0    1,0    1,0    5,1   29,0  16:13    254
 07   19,3   24,7  13:43   13,7  05:31    0,0    0,7    0,2    4,6   30,6  12:33    244
 08   20,5   27,9  14:23   12,7  03:03    0,0    1,4    0,0    4,9   30,6  14:45    246
 09   20,4   28,4  16:40   12,7  05:34    0,0    1,3    0,0    3,2   17,7  11:34     98
 10   21,0   30,2  15:04   14,0  04:46    0,0    1,6    4,6    3,0   22,5  18:21    109
 11   21,3   28,4  16:12   16,6  05:30    0,0    1,8    0,4    3,8   24,1  14:32     91
 12   22,6   29,7  15:08   17,1  05:36    0,0    2,6    0,2    4,9   24,1  14:09    151
 13   21,5   28,1  16:23   14,7  23:58    0,0    1,9    0,0    4,9   35,4  12:50    241
 14   22,1   33,4  16:12   10,9  05:29    0,0    2,3    0,0    2,7   17,7  10:11    267
 15   22,4   31,7  17:17   15,2  04:30    0,0    2,4    0,0    3,3   20,9  17:43    253
 16   22,0   30,8  14:25   13,4  05:24    0,0    2,2    0,0    3,4   24,1  20:56    126
 17   19,5   25,9  14:42   14,5  05:37    0,0    0,8    0,4    3,5   30,6  16:00     89
 18   19,8   26,7  16:19   15,2  06:30    0,0    1,0    0,4    3,7   29,0  18:44    103
 19   19,9   29,1  15:09   13,8  05:33    0,0    1,1    0,2    3,2   24,1  13:54    272
 20   21,5   30,4  15:44   13,6  05:21    0,0    2,0    0,0    3,6   24,1  12:14    264
 21   19,9   27,1  14:36   13,9  05:37    0,0    1,1    1,4    2,9   25,7  15:44    133
 22   18,4   23,2  17:07   16,1  04:51    0,0    0,2   11,0    1,7   17,7  10:45    249
 23   19,8   26,0  18:47   15,7  05:43    0,0    1,0    0,0    3,4   29,0  14:10     70
 24   21,4   28,7  17:18   14,6  05:11    0,0    1,9    0,0    3,8   25,7  14:36    122
 25   22,4   29,3  17:33   15,6  05:52    0,0    2,4    0,0    3,2   29,0  15:50    111
 26   23,7   32,0  17:30   16,1  04:41    0,0    3,2    0,0    3,3   19,3  13:41    141
 27   26,0   36,6  16:18   16,7  05:31    0,0    4,4    0,0    2,8   17,7  17:43    194
 28   23,9   28,2  15:57   16,7  23:59    0,0    3,3    0,0    6,4   25,7  14:12    109
 29   20,4   27,7  16:04   12,4  05:09    0,0    1,4    0,0    4,0   24,1  12:23    125
 30   21,7   32,1  15:48   11,3  05:36    0,0    2,0    0,0    3,0   19,3  16:00    122
---------------------------------------------------------------------------------------
      20,8   36,6     27    5,6     01    1,0   47,1   20,0    3,7   37,0     05    167
    
Tropske noči (Tmin >= 20): 0
Vroči dnevi (Tmax >= 30): 8
Topli dnevi (Tmax >= 25): 27
Hladni dnevi (Tmin < 0): 0
Ledeni dnevi (Tmax < 0): 0