Vremenska postaja Dobravšce

 

46.0659 N| 13.5588 E| 812 m | Prikaži na zemljevidu

 

Vreme na kratko
2,7°C 97% 1004,2 mbar 0 km/h 6 km/h 0,2 mm
-0,3°C/h -1%/h -0,5 mbar/h N/A ( N/A) N/A ( N/A) 0,0 mm/h

02. 12. 2021 01:50:00 CET

Vremenska statistika za 05-2019

Vremenska postaja:Vantage Pro2
Programska oprema:weewx v3.9.1
WeeWX aktiven:16 dni, 2 ure, 48 minute
Strežnik aktiven:15 dni, 10 ure, 49 minute
                   MONTHLY CLIMATOLOGICAL SUMMARY for maj 2019


NAME: Dobravšce                  
ELEV: 453 m    LAT: 46-05.63 S    LONG: 014-08.82 V


                   TEMPERATURE (°C), RAIN (mm), WIND SPEED (km/h)

                                         HEAT   COOL         AVG
      MEAN                               DEG    DEG          WIND                   DOM
DAY   TEMP   HIGH   TIME    LOW   TIME   DAYS   DAYS   RAIN  SPEED   HIGH   TIME    DIR
---------------------------------------------------------------------------------------
 01   12,2   20,3  13:39    3,3  05:39    3,2    0,0    0,0    4,0   25,7  16:22    233
 02   12,5   19,6  16:48    4,1  06:12    3,0    0,0    0,0    5,2   33,8  14:36    242
 03    9,5   12,6  09:30    6,9  06:26    4,7    0,0   12,6    1,2   22,5  09:27    236
 04    9,9   12,6  14:05    8,3  04:35    4,5    0,0    8,4    1,5   16,1  13:08     64
 05    6,2    9,6  00:00    3,3  22:55    6,6    0,0    7,6    9,3   38,6  15:25     67
 06    7,4   11,8  14:34    1,4  23:57    5,9    0,0    0,0    6,5   32,2  10:20     61
 07    6,6   13,9  13:23   -0,9  06:17    6,3    0,0    0,0    3,7   30,6  12:46    237
 08    8,4   14,0  12:30    0,9  03:17    5,4    0,0    0,6    3,4   29,0  19:09    259
 09    9,0   13,6  18:11    5,9  21:58    5,0    0,0   15,2    2,0   30,6  00:45    206
 10   11,7   19,8  16:01    4,3  05:58    3,5    0,0    0,0    3,7   29,0  15:08    242
 11   13,0   19,6  15:31    5,6  05:49    2,8    0,0    1,4    3,6   33,8  19:27    249
 12   10,1   12,3  22:40    7,8  05:46    4,4    0,0   19,6    8,3   49,9  20:15     50
 13   10,8   12,4  15:44    9,2  10:41    4,0    0,0    1,6   16,8   59,5  09:42     53
 14    8,0   10,7  01:14    4,3  23:45    5,6    0,0    0,0    8,1   43,5  13:21     96
 15    5,5    8,6  17:16    2,8  04:55    7,0    0,0    8,2    2,5   16,1  08:36    114
 16    9,1   13,8  16:24    5,2  04:23    5,0    0,0    0,2    3,6   19,3  12:49     84
 17   10,8   17,0  15:18    5,9  05:45    4,0    0,0    0,0    2,8   19,3  11:23     99
 18   10,8   15,1  15:31    6,4  03:00    4,0    0,0    5,4    2,3   20,9  12:06     54
 19   12,6   17,1  13:43   10,2  04:36    3,0    0,0    2,0    1,9   24,1  13:58    189
 20   11,4   14,0  13:16    9,3  03:59    3,7    0,0    1,4    3,6   30,6  16:57    240
 21   11,8   14,0  14:01    9,9  04:23    3,4    0,0    4,4    2,4   17,7  22:22    247
 22   14,7   21,5  17:10   10,3  06:05    1,8    0,0    0,6    4,1   20,9  12:45    249
 23   14,1   20,9  15:28    8,6  04:55    2,2    0,0    0,8    3,5   24,1  15:10    225
 24   16,2   23,1  15:32   10,9  05:33    1,0    0,0    1,0    3,3   20,9  16:33    242
 25   13,7   22,2  12:13    7,9  04:52    2,4    0,0    5,4    1,9   16,1  13:12      1
 26   15,1   22,7  14:18    9,5  05:50    1,6    0,0    0,2    3,0   29,0  15:46    150
 27   13,2   14,9  14:50   12,3  05:04    2,7    0,0    8,8    0,7   16,1  10:27    108
 28   13,6   16,3  16:09   12,3  02:43    2,4    0,0   37,2    1,2   32,2  13:02    298
 29   10,7   13,2  00:00    9,1  08:15    4,1    0,0   27,2    3,2   12,9  00:24    224
 30   11,3   14,7  16:48    8,6  04:30    3,7    0,0    1,6    3,4   30,6  16:17     69
 31   13,8   21,5  14:19    7,2  05:37    2,3    0,0    0,0    3,7   32,2  13:08     64
---------------------------------------------------------------------------------------
      11,1   23,1     24   -0,9     07  119,0    0,0  171,4    4,0   59,5     13     74
    
Tropske noči (Tmin >= 20): 0
Vroči dnevi (Tmax >= 30): 0
Topli dnevi (Tmax >= 25): 0
Hladni dnevi (Tmin < 0): 1
Ledeni dnevi (Tmax < 0): 0