Vremenska postaja Dobravšce

 

46.0659 N| 13.5588 E| 812 m | Prikaži na zemljevidu

 

Vreme na kratko
2,9°C 98% 1004,7 mbar 2 km/h 6 km/h 0,0 mm
0,8°C/h 1%/h -0,9 mbar/h JZ (225°) JZ (225°) 0,0 mm/h

02. 12. 2021 00:50:00 CET

Vremenska statistika za 04-2019

Vremenska postaja:Vantage Pro2
Programska oprema:weewx v3.9.1
WeeWX aktiven:16 dni, 1 ura, 48 minute
Strežnik aktiven:15 dni, 9 ure, 49 minute
                   MONTHLY CLIMATOLOGICAL SUMMARY for apr 2019


NAME: Dobravšce                  
ELEV: 453 m    LAT: 46-05.63 S    LONG: 014-08.82 V


                   TEMPERATURE (°C), RAIN (mm), WIND SPEED (km/h)

                                         HEAT   COOL         AVG
      MEAN                               DEG    DEG          WIND                   DOM
DAY   TEMP   HIGH   TIME    LOW   TIME   DAYS   DAYS   RAIN  SPEED   HIGH   TIME    DIR
---------------------------------------------------------------------------------------
 01    9,8   19,1  16:12    0,7  07:01    4,6    0,0    0,0    3,9   30,6  15:44     82
 02   10,0   18,7  15:55    1,0  06:42    4,5    0,0    0,0    3,1   17,7  11:45     79
 03    9,7   15,1  13:18    5,7  04:16    4,6    0,0    1,0    2,7   30,6  13:42    233
 04   10,4   14,6  17:46    7,1  06:45    4,2    0,0    1,0    3,6   35,4  15:07    193
 05    8,3   10,8  07:06    6,1  21:25    5,4    0,0   21,4    5,0   30,6  07:19     51
 06    7,1   10,5  15:45    3,6  23:23    6,0    0,0    0,0    1,7   12,9  00:00    206
 07    7,7   15,1  13:05    2,6  07:33    5,7    0,0    0,2    2,4   20,9  17:08    129
 08    9,8   17,4  17:18    6,1  06:44    4,5    0,0    0,8    1,4   17,7  20:23    154
 09    9,3   13,7  13:55    6,3  08:06    4,8    0,0    0,4    2,0   24,1  11:50    176
 10    9,5   13,1  17:15    6,3  02:19    4,7    0,0    2,4    1,6   17,7  14:08     55
 11    8,3    9,4  10:29    6,3  23:54    5,4    0,0    7,6    2,7   17,7  19:51    146
 12    5,2    6,4  16:26    3,9  21:47    7,1    0,0    0,4    5,0   19,3  09:25    145
 13    5,5    9,1  15:18    3,4  06:29    6,9    0,0    0,4    4,4   17,7  15:36    108
 14    5,3    7,7  17:56    3,5  05:11    7,0    0,0    2,2    4,5   17,7  13:22     56
 15    8,5   14,6  16:52    2,6  23:56    5,3    0,0    0,2    4,6   29,0  15:24    126
 16    7,8   17,3  16:46   -0,9  06:04    5,7    0,0    0,0    2,8   19,3  16:02     42
 17    9,9   19,4  15:55    0,2  06:20    4,5    0,0    0,0    3,8   22,5  17:44    209
 18    9,7   16,8  14:35    1,4  06:12    4,6    0,0    0,0    4,9   32,2  16:48     92
 19   10,4   20,6  16:34    0,9  06:20    4,2    0,0    0,0    4,1   25,7  10:59     59
 20   11,5   21,2  16:30    1,6  06:30    3,6    0,0    0,0    3,7   25,7  12:31    174
 21   12,6   22,9  15:32    1,4  05:57    3,0    0,0    0,0    4,4   29,0  17:40    251
 22   12,8   20,5  13:40    3,1  06:20    2,9    0,0    0,0    4,1   33,8  14:00    260
 23   10,0   12,4  00:42    9,4  06:25    4,4    0,0   19,0    3,0   14,5  00:22     38
 24   12,0   16,4  18:41    9,6  00:00    3,3    0,0    3,0    1,2   12,9  14:37    247
 25   15,3   20,6  15:58    9,7  04:19    1,5    0,0    0,0    3,9   29,0  15:59    250
 26   14,3   20,9  13:08    8,8  06:08    2,1    0,0    3,4    4,1   37,0  23:38    246
 27    9,1   15,6  14:35    5,9  22:21    5,0    0,0    8,8    3,0   25,7  10:58    197
 28    6,3    8,8  15:08    4,8  05:36    6,5    0,0   21,8    2,5   22,5  12:51     54
 29    8,5   13,2  12:24    5,1  06:17    5,3    0,0    0,2    3,0   22,5  12:46    122
 30    9,6   13,7  13:36    4,9  06:41    4,7    0,0    0,0    3,9   30,6  13:52     55
---------------------------------------------------------------------------------------
       9,5   22,9     21   -0,9     16  142,0    0,0   94,2    3,4   37,0     26    130
    
Tropske noči (Tmin >= 20): 0
Vroči dnevi (Tmax >= 30): 0
Topli dnevi (Tmax >= 25): 0
Hladni dnevi (Tmin < 0): 1
Ledeni dnevi (Tmax < 0): 0