Vremenska postaja Dobravšce

 

46.0659 N| 13.5588 E| 812 m | Prikaži na zemljevidu

 

Vreme na kratko
2,8°C 98% 1004,3 mbar 2 km/h 8 km/h 0,2 mm
0,1°C/h 0%/h -0,6 mbar/h JZ (225°) JZ (225°) 0,0 mm/h

02. 12. 2021 01:40:00 CET

Vremenska statistika za 03-2019

Vremenska postaja:Vantage Pro2
Programska oprema:weewx v3.9.1
WeeWX aktiven:16 dni, 2 ure, 38 minute
Strežnik aktiven:15 dni, 10 ure, 39 minute
                   MONTHLY CLIMATOLOGICAL SUMMARY for mar 2019


NAME: Dobravšce                  
ELEV: 453 m    LAT: 46-05.63 S    LONG: 014-08.82 V


                   TEMPERATURE (°C), RAIN (mm), WIND SPEED (km/h)

                                         HEAT   COOL         AVG
      MEAN                               DEG    DEG          WIND                   DOM
DAY   TEMP   HIGH   TIME    LOW   TIME   DAYS   DAYS   RAIN  SPEED   HIGH   TIME    DIR
---------------------------------------------------------------------------------------
 01
 02
 03
 04    7,6   10,0  18:10    5,8  00:00    5,8    0,0    4,6    2,1   25,7  18:20    253
 05    5,8   12,9  15:50    1,9  23:30    6,8    0,0    0,0    1,6   12,9  13:20    263
 06    6,4   14,4  14:10   -1,1  07:00    6,5    0,0    0,0    3,1   33,8  13:30    239
 07   10,2   13,3  11:50    6,4  02:20    4,3    0,0    0,2    4,0   32,2  23:30    239
 08   10,4   15,4  14:30    3,4  23:58    4,2    0,0    0,2    6,3   37,0  10:59    239
 09    8,2   14,7  13:38    1,5  05:14    5,5    0,0    0,0    2,8   24,1  14:41    246
 10    9,1   10,9  13:17    5,9  07:04    5,0    0,0    0,0    4,3   22,5  00:12    245
 11    3,9    8,6  02:07   -0,6  23:57    7,8    0,0    5,6    2,4   29,0  09:49    151
 12    2,7   10,8  15:46   -3,2  06:07    8,5    0,0    0,2    3,1   32,2  11:20    135
 13    3,8   11,6  11:53   -1,4  02:09    7,9    0,0    0,0    2,8   30,6  15:38    235
 14    4,6   11,2  12:50   -0,2  06:21    7,5    0,0    0,0    2,8   24,1  11:11    244
 15    7,3   14,8  14:47   -1,4  06:18    6,0    0,0    0,0    4,7   24,1  10:11    244
 16   10,5   15,8  14:09    5,2  01:58    4,1    0,0    0,0    5,5   22,5  13:31    245
 17   11,4   13,6  15:41    9,7  03:45    3,7    0,0    0,0    4,7   29,0  16:40    246
 18    4,8   10,6  00:00    1,7  23:54    7,3    0,0   11,2    4,0   33,8  07:39    107
 19    3,0    5,9  16:17    1,1  23:57    8,3    0,0    1,4    3,1   20,9  07:57     81
 20    3,6    8,8  14:57   -1,8  06:46    8,0    0,0    0,2    6,1   37,0  16:37     64
 21    4,1   11,9  16:09   -3,4  06:11    7,7    0,0    0,0    6,1   30,6  11:17     48
 22    5,6   16,2  15:53   -3,6  06:16    6,9    0,0    0,0    3,7   24,1  15:38     45
 23    7,9   19,0  16:01   -1,8  06:10    5,6    0,0    0,0    3,6   24,1  11:31     57
 24   10,4   22,9  15:39   -0,1  06:10    4,2    0,0    0,0    2,4   19,3  15:56    218
 25    7,3   16,0  14:49    0,8  22:51    5,9    0,0   14,4    5,5   41,8  18:13     69
 26    5,1   11,1  15:45   -0,6  23:59    7,1    0,0    0,4    5,7   40,2  12:21     98
 27    3,2    9,4  15:20   -3,0  03:55    8,2    0,0    0,0    4,0   30,6  10:57     95
 28    4,5   12,1  15:19   -2,7  05:49    7,5    0,0    0,0    4,5   37,0  13:19     98
 29    7,3   14,4  15:59    1,4  23:59    6,0    0,0    0,0    4,0   25,7  10:00     59
 30    7,3   19,1  16:39   -1,8  06:13    5,9    0,0    0,0    2,3   19,3  12:19     23
 31    9,3   20,3  16:40   -1,7  07:05    4,9    0,0    0,0    2,9   22,5  15:01     65
---------------------------------------------------------------------------------------
       6,6   22,9     24   -3,6     22  177,0    0,0   38,4    3,9   41,8     25    147
    
Tropske noči (Tmin >= 20): 0
Vroči dnevi (Tmax >= 30): 0
Topli dnevi (Tmax >= 25): 0
Hladni dnevi (Tmin < 0): 16
Ledeni dnevi (Tmax < 0): 0